000
CDUS45 KRIW 030733
CLICPR


CLIMATE REPORT
NATIONAL WEATHER SERVICE RIVERTON WY
133 AM MDT TUE MAY 3 2016


...................................

...THE CASPER WY CLIMATE SUMMARY FOR MAY 2 2016...

CLIMATE NORMAL PERIOD 1981 TO 2010
CLIMATE RECORD PERIOD 1939 TO 2016


WEATHER ITEM   OBSERVED TIME   RECORD YEAR NORMAL DEPARTURE LAST
                VALUE   (LST)  VALUE       VALUE  FROM      YEAR
                                                  NORMAL
..................................................................
TEMPERATURE (F)
 YESTERDAY
  MAXIMUM         60    451 PM  84    1947  62     -2       76
  MINIMUM         28    522 AM  17    2005  33     -5       34
  AVERAGE         44                        48     -4       55

PRECIPITATION (IN)
  YESTERDAY        0.00          0.93 1979   0.06  -0.06      T
  MONTH TO DATE    0.00                      0.12  -0.12      T
  SINCE MAR 1      4.99                      2.23   2.76     2.30
  SINCE JAN 1      6.45                      3.31   3.14     3.61

SNOWFALL (IN)
  YESTERDAY        0.0                       0.2   -0.2      0.0
  MONTH TO DATE    0.0                       0.4   -0.4      0.0
  SINCE MAR 1     27.9                      22.9    5.0     14.0
  SINCE JUL 1     86.6                      72.3   14.3     65.4
  SNOW DEPTH       0

DEGREE DAYS
 HEATING
  YESTERDAY       21                        17      4       10
  MONTH TO DATE   45                        35     10       25
  SINCE MAR 1   1551                      1629    -78     1426
  SINCE JUL 1   6486                      7077   -591     6477

 COOLING
  YESTERDAY        0                         0      0        0
  MONTH TO DATE    0                         0      0        0
  SINCE MAR 1      0                         0      0        0
  SINCE JAN 1      0                         0      0        0
..................................................................


WIND (MPH)
  HIGHEST WIND SPEED    20   HIGHEST WIND DIRECTION    SW (230)
  HIGHEST GUST SPEED    26   HIGHEST GUST DIRECTION    SW (230)
  AVERAGE WIND SPEED    10.9


SKY COVER
  POSSIBLE SUNSHINE  MM
  AVERAGE SKY COVER 0.0


WEATHER CONDITIONS
 THE FOLLOWING WEATHER WAS RECORDED YESTERDAY.
  NO SIGNIFICANT WEATHER WAS OBSERVED.


RELATIVE HUMIDITY (PERCENT)
 HIGHEST    85           400 AM
 LOWEST     26           300 PM
 AVERAGE    56

..........................................................


THE CASPER WY CLIMATE NORMALS FOR TODAY
                         NORMAL    RECORD    YEAR
 MAXIMUM TEMPERATURE (F)   63        83      1952
                                             1947
 MINIMUM TEMPERATURE (F)   33        17      1954


SUNRISE AND SUNSET
MAY  3 2016...........SUNRISE   556 AM MDT   SUNSET   810 PM MDT
MAY  4 2016...........SUNRISE   555 AM MDT   SUNSET   811 PM MDT


-  INDICATES NEGATIVE NUMBERS.
R  INDICATES RECORD WAS SET OR TIED.
MM INDICATES DATA IS MISSING.
T  INDICATES TRACE AMOUNT.




$$
