000
CDUS45 KRIW 060732
CLICPR


CLIMATE REPORT
NATIONAL WEATHER SERVICE RIVERTON WY
1230 AM MST TUE DEC 6 2016


...................................

...THE CASPER WY CLIMATE SUMMARY FOR DECEMBER 5 2016...

CLIMATE NORMAL PERIOD 1981 TO 2010
CLIMATE RECORD PERIOD 1939 TO 2016


WEATHER ITEM   OBSERVED TIME   RECORD YEAR NORMAL DEPARTURE LAST
                VALUE   (LST)  VALUE       VALUE  FROM      YEAR
                                                  NORMAL
..................................................................
TEMPERATURE (F)
 YESTERDAY
  MAXIMUM         40    106 AM  65    1939  35      5       42
  MINIMUM         -2    954 PM -27    1972  15    -17       24
  AVERAGE         19                        25     -6       33

PRECIPITATION (IN)
  YESTERDAY        0.39R         0.34 1956   0.02   0.37     0.00
  MONTH TO DATE    0.40                      0.09   0.31     0.00
  SINCE DEC 1      0.40                      0.09   0.31     0.00
  SINCE JAN 1     14.66                     12.12   2.54    12.23

SNOWFALL (IN)
  YESTERDAY        7.0                       0.4    6.6      0.0
  MONTH TO DATE    7.3                       1.8    5.5      0.0
  SINCE DEC 1      7.3                       1.8    5.5      0.0
  SINCE JUL 1     10.5                      21.3  -10.8     13.3
  SNOW DEPTH       7

DEGREE DAYS
 HEATING
  YESTERDAY       46                        40      6       32
  MONTH TO DATE  198                       198      0      171
  SINCE DEC 1    198                       198      0      171
  SINCE JUL 1   1624                      2052   -428     1693

 COOLING
  YESTERDAY        0                         0      0        0
  MONTH TO DATE    0                         0      0        0
  SINCE DEC 1      0                         0      0        0
  SINCE JAN 1    451                       422     29      427
..................................................................


WIND (MPH)
  HIGHEST WIND SPEED    39   HIGHEST WIND DIRECTION    SW (240)
  HIGHEST GUST SPEED    50   HIGHEST GUST DIRECTION    SW (240)
  AVERAGE WIND SPEED    11.5


SKY COVER
  POSSIBLE SUNSHINE  MM
  AVERAGE SKY COVER 0.7


WEATHER CONDITIONS
 THE FOLLOWING WEATHER WAS RECORDED YESTERDAY.
  LIGHT RAIN
  HEAVY SNOW
  SNOW
  LIGHT SNOW
  FOG
  FOG W/VISIBILITY <= 1/4 MILE
  HAZE


RELATIVE HUMIDITY (PERCENT)
 HIGHEST    92           100 PM
 LOWEST     54           100 AM
 AVERAGE    73

..........................................................


THE CASPER WY CLIMATE NORMALS FOR TODAY
                         NORMAL    RECORD    YEAR
 MAXIMUM TEMPERATURE (F)   35        63      1939
 MINIMUM TEMPERATURE (F)   14       -24      1972


SUNRISE AND SUNSET
DECEMBER  6 2016......SUNRISE   723 AM MST   SUNSET   431 PM MST
DECEMBER  7 2016......SUNRISE   724 AM MST   SUNSET   431 PM MST


-  INDICATES NEGATIVE NUMBERS.
R  INDICATES RECORD WAS SET OR TIED.
MM INDICATES DATA IS MISSING.
T  INDICATES TRACE AMOUNT.




$$
