000
CDUS45 KRIW 040736
CLICPR


CLIMATE REPORT
NATIONAL WEATHER SERVICE RIVERTON WY
136 AM MDT FRI SEP 4 2015


...................................

...THE CASPER WY CLIMATE SUMMARY FOR SEPTEMBER 3 2015...

CLIMATE NORMAL PERIOD 1981 TO 2010
CLIMATE RECORD PERIOD 1939 TO 2015


WEATHER ITEM   OBSERVED TIME   RECORD YEAR NORMAL DEPARTURE LAST
                VALUE   (LST)  VALUE       VALUE  FROM      YEAR
                                                  NORMAL
..................................................................
TEMPERATURE (F)
 YESTERDAY
  MAXIMUM         88    228 PM  93    1998  81      7       91
                                      1982
                                      1978
  MINIMUM         58    203 AM  31    2010  47     11       51
  AVERAGE         73                        64      9       71

PRECIPITATION (IN)
  YESTERDAY        0.00          0.86 1943   0.03  -0.03     0.00
  MONTH TO DATE    0.00                      0.08  -0.08     0.00
  SINCE SEP 1      0.00                      0.08  -0.08     0.00
  SINCE JAN 1     10.40                      9.16   1.24     8.38

SNOWFALL (IN)
  YESTERDAY        0.0                       0.0    0.0      0.0
  MONTH TO DATE    0.0                       0.0    0.0      0.0
  SINCE SEP 1      0.0                       0.0    0.0      0.0
  SINCE JUL 1      0.0                       0.0    0.0       T
  SNOW DEPTH       0

DEGREE DAYS
 HEATING
  YESTERDAY        0                         3     -3        0
  MONTH TO DATE    0                         9     -9       13
  SINCE SEP 1      0                         9     -9       13
  SINCE JUL 1     60                        55      5       60

 COOLING
  YESTERDAY        8                         2      6        6
  MONTH TO DATE   31                         6     25        6
  SINCE SEP 1     31                         6     25        6
  SINCE JAN 1    389                       403    -14      334
..................................................................


WIND (MPH)
  HIGHEST WIND SPEED    29   HIGHEST WIND DIRECTION     S (180)
  HIGHEST GUST SPEED    39   HIGHEST GUST DIRECTION     S (180)
  AVERAGE WIND SPEED    13.0


SKY COVER
  POSSIBLE SUNSHINE  MM
  AVERAGE SKY COVER 0.0


WEATHER CONDITIONS
 THE FOLLOWING WEATHER WAS RECORDED YESTERDAY.
  NO SIGNIFICANT WEATHER WAS OBSERVED.


RELATIVE HUMIDITY (PERCENT)
 HIGHEST    47           200 AM
 LOWEST     16           100 PM
 AVERAGE    32

..........................................................


THE CASPER WY CLIMATE NORMALS FOR TODAY
                         NORMAL    RECORD    YEAR
 MAXIMUM TEMPERATURE (F)   81        96      1998
 MINIMUM TEMPERATURE (F)   46        34      2006


SUNRISE AND SUNSET
SEPTEMBER  4 2015.....SUNRISE   633 AM MDT   SUNSET   736 PM MDT
SEPTEMBER  5 2015.....SUNRISE   634 AM MDT   SUNSET   734 PM MDT


-  INDICATES NEGATIVE NUMBERS.
R  INDICATES RECORD WAS SET OR TIED.
MM INDICATES DATA IS MISSING.
T  INDICATES TRACE AMOUNT.




$$
