000
CDUS45 KRIW 240735
CLICPR


CLIMATE REPORT
NATIONAL WEATHER SERVICE RIVERTON WY
133 AM MDT SAT JUN 24 2017


...................................

...THE CASPER WY CLIMATE SUMMARY FOR JUNE 23 2017...

CLIMATE NORMAL PERIOD 1981 TO 2010
CLIMATE RECORD PERIOD 1939 TO 2017


WEATHER ITEM   OBSERVED TIME   RECORD YEAR NORMAL DEPARTURE LAST
                VALUE   (LST)  VALUE       VALUE  FROM      YEAR
                                                  NORMAL
..................................................................
TEMPERATURE (F)
 YESTERDAY
  MAXIMUM         70    420 PM 101    1954  82    -12       93
  MINIMUM         39    502 AM  38    1987  48     -9       48
  AVERAGE         55                        65    -10       71

PRECIPITATION (IN)
  YESTERDAY        0.00          0.95 1989   0.05  -0.05     0.08
  MONTH TO DATE    0.93                      1.29  -0.36     1.03
  SINCE JUN 1      0.93                      1.29  -0.36     1.03
  SINCE JAN 1      8.53                      6.50   2.03    10.49

SNOWFALL (IN)
  YESTERDAY        0.0                       0.0    0.0      0.0
  MONTH TO DATE    0.0                       0.1   -0.1      0.0
  SINCE JUN 1      0.0                       0.1   -0.1      0.0
  SINCE JUL 1     70.0                      74.9   -4.9     86.6
  SNOW DEPTH       0

DEGREE DAYS
 HEATING
  YESTERDAY       10                         3      7        0
  MONTH TO DATE   68                       122    -54       33
  SINCE JUN 1     68                       122    -54       33
  SINCE JUL 1   7019                      7566   -547     6938

 COOLING
  YESTERDAY        0                         3     -3        6
  MONTH TO DATE   33                        31      2       77
  SINCE JUN 1     33                        31      2       77
  SINCE JAN 1     33                        35     -2       77
..................................................................


WIND (MPH)
  HIGHEST WIND SPEED    21   HIGHEST WIND DIRECTION    NE (30)
  HIGHEST GUST SPEED    25   HIGHEST GUST DIRECTION     N (20)
  AVERAGE WIND SPEED     8.8


SKY COVER
  POSSIBLE SUNSHINE  MM
  AVERAGE SKY COVER 0.2


WEATHER CONDITIONS
 THE FOLLOWING WEATHER WAS RECORDED YESTERDAY.
  NO SIGNIFICANT WEATHER WAS OBSERVED.


RELATIVE HUMIDITY (PERCENT)
 HIGHEST    79           500 AM
 LOWEST     23           300 PM
 AVERAGE    51

..........................................................


THE CASPER WY CLIMATE NORMALS FOR TODAY
                         NORMAL    RECORD    YEAR
 MAXIMUM TEMPERATURE (F)   83       102      1988
 MINIMUM TEMPERATURE (F)   48        38      1967


SUNRISE AND SUNSET
JUNE 24 2017..........SUNRISE   528 AM MDT   SUNSET   849 PM MDT
JUNE 25 2017..........SUNRISE   528 AM MDT   SUNSET   849 PM MDT


-  INDICATES NEGATIVE NUMBERS.
R  INDICATES RECORD WAS SET OR TIED.
MM INDICATES DATA IS MISSING.
T  INDICATES TRACE AMOUNT.




$$
