000
CDUS45 KRIW 020731
CLICPR


CLIMATE REPORT
NATIONAL WEATHER SERVICE RIVERTON WY
131 AM MDT THU OCT 2 2014


...................................

...THE CASPER WY CLIMATE SUMMARY FOR OCTOBER 1 2014...

CLIMATE NORMAL PERIOD 1981 TO 2010
CLIMATE RECORD PERIOD 1939 TO 2014


WEATHER ITEM   OBSERVED TIME   RECORD YEAR NORMAL DEPARTURE LAST
                VALUE   (LST)  VALUE       VALUE  FROM      YEAR
                                                  NORMAL
..................................................................
TEMPERATURE (F)
 YESTERDAY
  MAXIMUM         49    418 AM  87    1992  66    -17       73
  MINIMUM         35   1159 PM  20    1985  35      0       34
  AVERAGE         42                        50     -8       54

PRECIPITATION (IN)
  YESTERDAY        0.36          0.71 1950   0.04   0.32     0.00
  MONTH TO DATE    0.36                      0.04   0.32     0.00
  SINCE SEP 1      1.00                      1.12  -0.12     1.47
  SINCE JAN 1      9.38                     10.20  -0.82    10.67

SNOWFALL (IN)
  YESTERDAY        0.0                       0.2   -0.2      0.0
  MONTH TO DATE    0.0                       0.2   -0.2      0.0
  SINCE SEP 1      1.0                       2.0   -1.0      4.8
  SINCE JUL 1      1.0                       2.0   -1.0      4.8
  SNOW DEPTH       0

DEGREE DAYS
 HEATING
  YESTERDAY       23                        15      8       11
  MONTH TO DATE   23                        15      8       11
  SINCE SEP 1    213                       254    -41      178
  SINCE JUL 1    260                       300    -40      178

 COOLING
  YESTERDAY        0                         0      0        0
  MONTH TO DATE    0                         0      0        0
  SINCE SEP 1     29                        25      4       80
  SINCE JAN 1    357                       422    -65      618
..................................................................


WIND (MPH)
  HIGHEST WIND SPEED    18   HIGHEST WIND DIRECTION    NE (40)
  HIGHEST GUST SPEED    22   HIGHEST GUST DIRECTION    NE (40)
  AVERAGE WIND SPEED     8.6


SKY COVER
  POSSIBLE SUNSHINE  MM
  AVERAGE SKY COVER 0.9


WEATHER CONDITIONS
 THE FOLLOWING WEATHER WAS RECORDED YESTERDAY.
  RAIN
  LIGHT RAIN
  FOG


RELATIVE HUMIDITY (PERCENT)
 HIGHEST    92           900 PM
 LOWEST     66          1200 AM
 AVERAGE    79

..........................................................


THE CASPER WY CLIMATE NORMALS FOR TODAY
                         NORMAL    RECORD    YEAR
 MAXIMUM TEMPERATURE (F)   65        86      1992
 MINIMUM TEMPERATURE (F)   35        15      1950


SUNRISE AND SUNSET
OCTOBER  2 2014.......SUNRISE   704 AM MDT   SUNSET   645 PM MDT
OCTOBER  3 2014.......SUNRISE   705 AM MDT   SUNSET   643 PM MDT


-  INDICATES NEGATIVE NUMBERS.
R  INDICATES RECORD WAS SET OR TIED.
MM INDICATES DATA IS MISSING.
T  INDICATES TRACE AMOUNT.




$$
