000
CDUS45 KRIW 300744
CLICPR


CLIMATE REPORT
NATIONAL WEATHER SERVICE RIVERTON WY
135 AM MDT WED JUL 30 2014


...................................

...THE CASPER WY CLIMATE SUMMARY FOR JULY 29 2014...

CLIMATE NORMAL PERIOD 1981 TO 2010
CLIMATE RECORD PERIOD 1939 TO 2014


WEATHER ITEM   OBSERVED TIME   RECORD YEAR NORMAL DEPARTURE LAST
                VALUE   (LST)  VALUE       VALUE  FROM      YEAR
                                                  NORMAL
..................................................................
TEMPERATURE (F)
 YESTERDAY
  MAXIMUM         72   1105 AM 104    2006  89    -17       84
  MINIMUM         57   1159 PM  44    1971  54      3       54
  AVERAGE         65                        72     -7       69

PRECIPITATION (IN)
  YESTERDAY        0.06          1.10 1998   0.04   0.02     0.13
  MONTH TO DATE    1.17                      1.32  -0.15     1.64
  SINCE JUN 1      2.52                      2.93  -0.41     2.51
  SINCE JAN 1      7.28                      8.14  -0.86     8.48

SNOWFALL (IN)
  YESTERDAY        0.0                       0.0    0.0      0.0
  MONTH TO DATE    T                         0.0    0.0      0.0
  SINCE JUN 1      T                         0.1   -0.1      0.0
  SINCE JUL 1      T                         0.0    0.0      0.0
  SNOW DEPTH       0

DEGREE DAYS
 HEATING
  YESTERDAY        0                         0      0        0
  MONTH TO DATE   16                        11      5        0
  SINCE JUN 1    174                       147     27       72
  SINCE JUL 1     16                        11      5        0

 COOLING
  YESTERDAY        0                         7     -7        4
  MONTH TO DATE  186                       176     10      221
  SINCE JUN 1    203                       229    -26      304
  SINCE JAN 1    209                       233    -24      314
..................................................................


WIND (MPH)
  HIGHEST WIND SPEED    21   HIGHEST WIND DIRECTION    NE (40)
  HIGHEST GUST SPEED    28   HIGHEST GUST DIRECTION    NE (30)
  AVERAGE WIND SPEED    11.5


SKY COVER
  POSSIBLE SUNSHINE  MM
  AVERAGE SKY COVER 0.7


WEATHER CONDITIONS
 THE FOLLOWING WEATHER WAS RECORDED YESTERDAY.
  LIGHT RAIN
  FOG


RELATIVE HUMIDITY (PERCENT)
 HIGHEST    93           700 PM
 LOWEST     51          1100 AM
 AVERAGE    72

..........................................................


THE CASPER WY CLIMATE NORMALS FOR TODAY
                         NORMAL    RECORD    YEAR
 MAXIMUM TEMPERATURE (F)   89       101      2006
 MINIMUM TEMPERATURE (F)   54        38      1971


SUNRISE AND SUNSET
JULY 30 2014..........SUNRISE   555 AM MDT   SUNSET   829 PM MDT
JULY 31 2014..........SUNRISE   556 AM MDT   SUNSET   828 PM MDT


-  INDICATES NEGATIVE NUMBERS.
R  INDICATES RECORD WAS SET OR TIED.
MM INDICATES DATA IS MISSING.
T  INDICATES TRACE AMOUNT.




$$
