000
CDUS45 KRIW 010746
CLICPR


CLIMATE REPORT
NATIONAL WEATHER SERVICE RIVERTON WY
137 AM MDT MON SEP 1 2014


...................................

...THE CASPER WY CLIMATE SUMMARY FOR AUGUST 31 2014...

CLIMATE NORMAL PERIOD 1981 TO 2010
CLIMATE RECORD PERIOD 1939 TO 2014


WEATHER ITEM   OBSERVED TIME   RECORD YEAR NORMAL DEPARTURE LAST
                VALUE   (LST)  VALUE       VALUE  FROM      YEAR
                                                  NORMAL
..................................................................
TEMPERATURE (F)
 YESTERDAY
  MAXIMUM         73   1231 PM  94    2007  82     -9       86
                                      1954
  MINIMUM         44   1159 PM  33    1977  48     -4       55
                                      1965
  AVERAGE         59                        65     -6       71

PRECIPITATION (IN)
  YESTERDAY        0.09          0.14 1972   0.02   0.07     0.00
  MONTH TO DATE    1.10                      0.85   0.25     0.70
  SINCE JUN 1      3.62                      3.87  -0.25     3.23
  SINCE JAN 1      8.38                      9.08  -0.70     9.20

SNOWFALL (IN)
  YESTERDAY        0.0                       0.0    0.0      0.0
  MONTH TO DATE    0.0                       0.0    0.0      0.0
  SINCE JUN 1      T                         0.1   -0.1      0.0
  SINCE JUL 1      T                         0.0    0.0      0.0
  SNOW DEPTH       0

DEGREE DAYS
 HEATING
  YESTERDAY        6                         3      3        0
  MONTH TO DATE   31                        29      2        0
  SINCE JUN 1    205                       182     23       72
  SINCE JUL 1     47                        46      1        0

 COOLING
  YESTERDAY        0                         3     -3        6
  MONTH TO DATE  117                       152    -35      215
  SINCE JUN 1    322                       393    -71      528
  SINCE JAN 1    328                       397    -69      538
..................................................................


WIND (MPH)
  HIGHEST WIND SPEED    31   HIGHEST WIND DIRECTION     N (340)
  HIGHEST GUST SPEED    38   HIGHEST GUST DIRECTION    NW (330)
  AVERAGE WIND SPEED    10.2


SKY COVER
  POSSIBLE SUNSHINE  MM
  AVERAGE SKY COVER 0.2


WEATHER CONDITIONS
 THE FOLLOWING WEATHER WAS RECORDED YESTERDAY.
  THUNDERSTORM
  LIGHT RAIN


RELATIVE HUMIDITY (PERCENT)
 HIGHEST    93          1200 AM
 LOWEST     31          1200 PM
 AVERAGE    62

..........................................................


THE CASPER WY CLIMATE NORMALS FOR TODAY
                         NORMAL    RECORD    YEAR
 MAXIMUM TEMPERATURE (F)   82        97      1995
 MINIMUM TEMPERATURE (F)   47        32      1965


SUNRISE AND SUNSET
SEPTEMBER  1 2014.....SUNRISE   630 AM MDT   SUNSET   740 PM MDT
SEPTEMBER  2 2014.....SUNRISE   632 AM MDT   SUNSET   739 PM MDT


-  INDICATES NEGATIVE NUMBERS.
R  INDICATES RECORD WAS SET OR TIED.
MM INDICATES DATA IS MISSING.
T  INDICATES TRACE AMOUNT.




$$
