000
CDUS45 KRIW 290740
CLICPR


CLIMATE REPORT
NATIONAL WEATHER SERVICE RIVERTON WY
137 AM MDT FRI MAY 29 2015


...................................

...THE CASPER WY CLIMATE SUMMARY FOR MAY 28 2015...

CLIMATE NORMAL PERIOD 1981 TO 2010
CLIMATE RECORD PERIOD 1939 TO 2015


WEATHER ITEM   OBSERVED TIME   RECORD YEAR NORMAL DEPARTURE LAST
                VALUE   (LST)  VALUE       VALUE  FROM      YEAR
                                                  NORMAL
..................................................................
TEMPERATURE (F)
 YESTERDAY
  MAXIMUM         69    104 PM  92    2014  71     -2       92
  MINIMUM         45    439 AM  28    1947  41      4       41
  AVERAGE         57                        56      1       67

PRECIPITATION (IN)
  YESTERDAY        0.01          0.90 1975   0.06  -0.05     0.00
  MONTH TO DATE    3.46                      1.83   1.63     0.49
  SINCE MAR 1      5.76                      3.94   1.82     3.28
  SINCE JAN 1      7.07                      5.02   2.05     4.76

SNOWFALL (IN)
  YESTERDAY        0.0                       0.0    0.0      0.0
  MONTH TO DATE    6.3                       2.9    3.4      0.9
  SINCE MAR 1     20.3                      25.4   -5.1     25.4
  SINCE JUL 1     71.7                      74.8   -3.1     91.6
  SNOW DEPTH       0

DEGREE DAYS
 HEATING
  YESTERDAY        8                         9     -1        0
  MONTH TO DATE  457                       375     82      360
  SINCE MAR 1   1858                      1969   -111     1932
  SINCE JUL 1   6909                      7417   -508     7696

 COOLING
  YESTERDAY        0                         0      0        2
  MONTH TO DATE    0                         0      0        2
  SINCE MAR 1      0                         0      0        2
  SINCE JAN 1      0                         0      0        2
..................................................................


WIND (MPH)
  HIGHEST WIND SPEED    25   HIGHEST WIND DIRECTION    NW (320)
  HIGHEST GUST SPEED    35   HIGHEST GUST DIRECTION    NW (330)
  AVERAGE WIND SPEED     8.1


SKY COVER
  POSSIBLE SUNSHINE  MM
  AVERAGE SKY COVER 0.5


WEATHER CONDITIONS
 THE FOLLOWING WEATHER WAS RECORDED YESTERDAY.
  THUNDERSTORM
  LIGHT RAIN


RELATIVE HUMIDITY (PERCENT)
 HIGHEST    93           500 AM
 LOWEST     42          1200 PM
 AVERAGE    68

..........................................................


THE CASPER WY CLIMATE NORMALS FOR TODAY
                         NORMAL    RECORD    YEAR
 MAXIMUM TEMPERATURE (F)   72        95      2003
 MINIMUM TEMPERATURE (F)   41        29      1947


SUNRISE AND SUNSET
MAY 29 2015...........SUNRISE   532 AM MDT   SUNSET   835 PM MDT
MAY 30 2015...........SUNRISE   531 AM MDT   SUNSET   836 PM MDT


-  INDICATES NEGATIVE NUMBERS.
R  INDICATES RECORD WAS SET OR TIED.
MM INDICATES DATA IS MISSING.
T  INDICATES TRACE AMOUNT.




$$
