000
CDUS45 KRIW 270745
CLICPR


CLIMATE REPORT
NATIONAL WEATHER SERVICE RIVERTON WY
127 AM MDT FRI MAR 27 2015


...................................

...THE CASPER WY CLIMATE SUMMARY FOR MARCH 26 2015...

CLIMATE NORMAL PERIOD 1981 TO 2010
CLIMATE RECORD PERIOD 1939 TO 2015


WEATHER ITEM   OBSERVED TIME   RECORD YEAR NORMAL DEPARTURE LAST
                VALUE   (LST)  VALUE       VALUE  FROM      YEAR
                                                  NORMAL
..................................................................
TEMPERATURE (F)
 YESTERDAY
  MAXIMUM         56    451 PM  74    2004  51      5       60
  MINIMUM         29   1218 AM -12    1965  25      4       31
  AVERAGE         43                        38      5       46

PRECIPITATION (IN)
  YESTERDAY        0.00          0.98 1958   0.03  -0.03     0.03
  MONTH TO DATE    0.64                      0.66  -0.02     1.23
  SINCE MAR 1      0.64                      0.66  -0.02     1.23
  SINCE JAN 1      1.95                      1.74   0.21     2.71

SNOWFALL (IN)
  YESTERDAY        0.0                       0.4   -0.4       T
  MONTH TO DATE    9.3                       8.9    0.4     14.2
  SINCE MAR 1      9.3                       8.9    0.4     14.2
  SINCE JUL 1     60.7                      58.3    2.4     80.4
  SNOW DEPTH       0

DEGREE DAYS
 HEATING
  YESTERDAY       22                        27     -5       19
  MONTH TO DATE  700                       792    -92      785
  SINCE MAR 1    700                       792    -92      785
  SINCE JUL 1   5751                      6240   -489     6549

 COOLING
  YESTERDAY        0                         0      0        0
  MONTH TO DATE    0                         0      0        0
  SINCE MAR 1      0                         0      0        0
  SINCE JAN 1      0                         0      0        0
..................................................................


WIND (MPH)
  HIGHEST WIND SPEED    21   HIGHEST WIND DIRECTION     W (290)
  HIGHEST GUST SPEED    26   HIGHEST GUST DIRECTION     W (290)
  AVERAGE WIND SPEED    10.9


SKY COVER
  POSSIBLE SUNSHINE  MM
  AVERAGE SKY COVER 0.6


WEATHER CONDITIONS
 THE FOLLOWING WEATHER WAS RECORDED YESTERDAY.
  NO SIGNIFICANT WEATHER WAS OBSERVED.


RELATIVE HUMIDITY (PERCENT)
 HIGHEST    72          1200 AM
 LOWEST     32          1000 AM
 AVERAGE    52

..........................................................


THE CASPER WY CLIMATE NORMALS FOR TODAY
                         NORMAL    RECORD    YEAR
 MAXIMUM TEMPERATURE (F)   51        73      1986
                                             1946
 MINIMUM TEMPERATURE (F)   25        -6      2009


SUNRISE AND SUNSET
MARCH 27 2015.........SUNRISE   657 AM MDT   SUNSET   726 PM MDT
MARCH 28 2015.........SUNRISE   655 AM MDT   SUNSET   727 PM MDT


-  INDICATES NEGATIVE NUMBERS.
R  INDICATES RECORD WAS SET OR TIED.
MM INDICATES DATA IS MISSING.
T  INDICATES TRACE AMOUNT.




$$
