000
CDUS45 KRIW 170729
CLICPR


CLIMATE REPORT
NATIONAL WEATHER SERVICE RIVERTON WY
128 AM MDT THU APR 17 2014


...................................

...THE CASPER WY CLIMATE SUMMARY FOR APRIL 16 2014...

CLIMATE NORMAL PERIOD 1981 TO 2010
CLIMATE RECORD PERIOD 1939 TO 2014


WEATHER ITEM   OBSERVED TIME   RECORD YEAR NORMAL DEPARTURE LAST
                VALUE   (LST)  VALUE       VALUE  FROM      YEAR
                                                  NORMAL
..................................................................
TEMPERATURE (F)
 YESTERDAY
  MAXIMUM         46    248 PM  80    1994  57    -11       23
  MINIMUM         27    533 AM  14    1951  29     -2       19
  AVERAGE         37                        43     -6       21

PRECIPITATION (IN)
  YESTERDAY        0.02          0.84 1976   0.05  -0.03     0.67
  MONTH TO DATE    0.64                      0.61   0.03     2.02
  SINCE MAR 1      2.28                      1.43   0.85     2.87
  SINCE JAN 1      3.76                      2.51   1.25     3.64

SNOWFALL (IN)
  YESTERDAY        T                         0.4   -0.4     10.5
  MONTH TO DATE    5.2                       6.9   -1.7     30.5
  SINCE MAR 1     23.9                      17.8    6.1     41.0
  SINCE JUL 1     90.1                      67.2   22.9     73.7
  SNOW DEPTH       T

DEGREE DAYS
 HEATING
  YESTERDAY       28                        22      6       44
  MONTH TO DATE  399                       387     12      479
  SINCE MAR 1   1311                      1312     -1     1440
  SINCE JUL 1   7075                      6760    315     6490

 COOLING
  YESTERDAY        0                         0      0        0
  MONTH TO DATE    0                         0      0        0
  SINCE MAR 1      0                         0      0        0
  SINCE JAN 1      0                         0      0        0
..................................................................


WIND (MPH)
  HIGHEST WIND SPEED    18   HIGHEST WIND DIRECTION    NE (40)
  HIGHEST GUST SPEED    22   HIGHEST GUST DIRECTION    NE (40)
  AVERAGE WIND SPEED     7.5


SKY COVER
  POSSIBLE SUNSHINE  MM
  AVERAGE SKY COVER 0.7


WEATHER CONDITIONS
 THE FOLLOWING WEATHER WAS RECORDED YESTERDAY.
  LIGHT SNOW
  FOG


RELATIVE HUMIDITY (PERCENT)
 HIGHEST    92          1100 PM
 LOWEST     53           300 PM
 AVERAGE    73

..........................................................


THE CASPER WY CLIMATE NORMALS FOR TODAY
                         NORMAL    RECORD    YEAR
 MAXIMUM TEMPERATURE (F)   57        81      1994
 MINIMUM TEMPERATURE (F)   29        15      1945


SUNRISE AND SUNSET
APRIL 17 2014.........SUNRISE   621 AM MDT   SUNSET   751 PM MDT
APRIL 18 2014.........SUNRISE   619 AM MDT   SUNSET   752 PM MDT


-  INDICATES NEGATIVE NUMBERS.
R  INDICATES RECORD WAS SET OR TIED.
MM INDICATES DATA IS MISSING.
T  INDICATES TRACE AMOUNT.




$$
