000
CDUS46 KLOX 180118
CLICQT


CLIMATE REPORT
NATIONAL WEATHER SERVICE LOS ANGELES/OXNARD CA
518 PM PST SAT FEB 17 2018


...................................

...THE DOWNTOWN LOS ANGELES (USC) CA CLIMATE SUMMARY FOR FEBRUARY 17 2018...
VALID TODAY AS OF 0500 PM LOCAL TIME.

CLIMATE NORMAL PERIOD 1981 TO 2010
CLIMATE RECORD PERIOD 1877 TO 2018


WEATHER ITEM   OBSERVED TIME   RECORD YEAR NORMAL DEPARTURE LAST
                VALUE   (LST)  VALUE       VALUE  FROM      YEAR
                                                  NORMAL
..................................................................
TEMPERATURE (F)
 TODAY
  MAXIMUM         76   1227 PM  89    2007  69      7       61
                                      1930
  MINIMUM         49    711 AM  33    1889  50     -1       53
                                      1883
  AVERAGE         63                        59      4       57

PRECIPITATION (IN)
  TODAY            0.00          2.18 1884   0.16  -0.16     2.01
  MONTH TO DATE    0.01                      2.26  -2.25     3.93
  SINCE OCT 1      1.90                      9.41  -7.51    18.26
  SINCE JAN 1      1.78                      5.38  -3.60    12.31

SNOWFALL (IN)
  TODAY            0.0
  MONTH TO DATE    0.0
  SINCE DEC 1      0.0
  SINCE JUL 1      0.0

DEGREE DAYS
 HEATING
  TODAY            2                         7     -5        8
  MONTH TO DATE   36                       119    -83       60
  SINCE DEC 1    267                       579   -312      497
  SINCE JUL 1    285                       710   -425      568

 COOLING
  TODAY            0                         1     -1        0
  MONTH TO DATE   13                         4      9        5
  SINCE DEC 1     48                        17     31       14
  SINCE JAN 1     36                        13     23        8
..................................................................


WIND (MPH)
  HIGHEST WIND SPEED     9   HIGHEST WIND DIRECTION     W (280)
  HIGHEST GUST SPEED    14   HIGHEST GUST DIRECTION     W (260)
  AVERAGE WIND SPEED     1.1


SKY COVER
  POSSIBLE SUNSHINE  MM
  AVERAGE SKY COVER 0.0


WEATHER CONDITIONS
 THE FOLLOWING WEATHER WAS RECORDED TODAY.
  HAZE


RELATIVE HUMIDITY (PERCENT)
 HIGHEST    50           100 AM
 LOWEST     13          1200 PM
 AVERAGE    32

..........................................................


THE DOWNTOWN LOS ANGELES (USC) CA CLIMATE NORMALS FOR TOMORROW
                         NORMAL    RECORD    YEAR
 MAXIMUM TEMPERATURE (F)   69        89      1981
 MINIMUM TEMPERATURE (F)   50        32      1882


SUNRISE AND SUNSET
FEBRUARY 17 2018......SUNRISE   636 AM PST   SUNSET   539 PM PST
FEBRUARY 18 2018......SUNRISE   635 AM PST   SUNSET   540 PM PST


-  INDICATES NEGATIVE NUMBERS.
R  INDICATES RECORD WAS SET OR TIED.
MM INDICATES DATA IS MISSING.
T  INDICATES TRACE AMOUNT.




$$
