900
CDUS46 KLOX 090902
CLICQT


CLIMATE REPORT
NATIONAL WEATHER SERVICE LOS ANGELES/OXNARD CA
102 AM PST TUE FEB 9 2016


...................................

...THE DOWNTOWN LOS ANGELES (USC) CA CLIMATE SUMMARY FOR FEBRUARY 8 2016...

CLIMATE NORMAL PERIOD 1981 TO 2010
CLIMATE RECORD PERIOD 1877 TO 2016


WEATHER ITEM   OBSERVED TIME   RECORD YEAR NORMAL DEPARTURE LAST
                VALUE   (LST)  VALUE       VALUE  FROM      YEAR
                                                  NORMAL
..................................................................
TEMPERATURE (F)
 YESTERDAY
  MAXIMUM         88R  1247 PM  85    1996  68     20       77
                                      1954
  MINIMUM         53    710 AM  36    1899  49      4       59
                                      1896
                                      1883
  AVERAGE         71                        59     12       68

PRECIPITATION (IN)
  YESTERDAY        0.00          2.43 1962   0.13  -0.13     0.00
  MONTH TO DATE    0.00                      0.99  -0.99     0.02
  SINCE OCT 1      4.20                      8.14  -3.94     5.72
  SINCE JAN 1      3.17                      4.11  -0.94     1.11

SNOWFALL (IN)
  YESTERDAY        0.0
  MONTH TO DATE    0.0
  SINCE DEC 1      0.0
  SINCE JUL 1      0.0

DEGREE DAYS
 HEATING
  YESTERDAY        0                         7     -7        0
  MONTH TO DATE   50                        56     -6        9
  SINCE DEC 1    517                       516      1      298
  SINCE JUL 1    621                       647    -26      321

 COOLING
  YESTERDAY        6                         0      6        3
  MONTH TO DATE    9                         0      9        6
  SINCE DEC 1     19                        13      6       32
  SINCE JAN 1      9                         9      0       28
..................................................................


WIND (MPH)
  HIGHEST WIND SPEED     7   HIGHEST WIND DIRECTION     E (100)
  HIGHEST GUST SPEED    10   HIGHEST GUST DIRECTION     E (110)
  AVERAGE WIND SPEED     0.6


SKY COVER
  POSSIBLE SUNSHINE  MM
  AVERAGE SKY COVER 0.0


WEATHER CONDITIONS
 THE FOLLOWING WEATHER WAS RECORDED YESTERDAY.
  HAZE


RELATIVE HUMIDITY (PERCENT)
 HIGHEST    51           200 AM
 LOWEST      9           200 PM
 AVERAGE    30

..........................................................


THE DOWNTOWN LOS ANGELES (USC) CA CLIMATE NORMALS FOR TODAY
                         NORMAL    RECORD    YEAR
 MAXIMUM TEMPERATURE (F)   68        85      2006
                                             1988
 MINIMUM TEMPERATURE (F)   49        33      1891


SUNRISE AND SUNSET
FEBRUARY  9 2016......SUNRISE   644 AM PST   SUNSET   531 PM PST
FEBRUARY 10 2016......SUNRISE   643 AM PST   SUNSET   532 PM PST


-  INDICATES NEGATIVE NUMBERS.
R  INDICATES RECORD WAS SET OR TIED.
MM INDICATES DATA IS MISSING.
T  INDICATES TRACE AMOUNT.




$$
