000
CDUS46 KLOX 230943
CLICQT


CLIMATE REPORT
NATIONAL WEATHER SERVICE LOS ANGELES/OXNARD CA
243 AM PDT FRI JUN 23 2017


...................................

...THE DOWNTOWN LOS ANGELES (USC) CA CLIMATE SUMMARY FOR JUNE 22 2017...

CLIMATE NORMAL PERIOD 1981 TO 2010
CLIMATE RECORD PERIOD 1877 TO 2017


WEATHER ITEM   OBSERVED TIME   RECORD YEAR NORMAL DEPARTURE LAST
                VALUE   (LST)  VALUE       VALUE  FROM      YEAR
                                                  NORMAL
..................................................................
TEMPERATURE (F)
 YESTERDAY
  MAXIMUM         81    200 PM  97    1949  80      1       84
  MINIMUM         65    200 AM  51    1885  61      4       63
                                      1881
  AVERAGE         73                        70      3       74

PRECIPITATION (IN)
  YESTERDAY        0.00          0.05 1892   0.00   0.00     0.00
  MONTH TO DATE    0.01                      0.08  -0.07     0.00
  SINCE OCT 1     19.00                     14.63   4.37     6.88
  SINCE JAN 1     13.05                     10.60   2.45     5.85

SNOWFALL (IN)
  YESTERDAY        0.0
  MONTH TO DATE    0.0
  SINCE JUN 1      0.0
  SINCE JUL 1      0.0

DEGREE DAYS
 HEATING
  YESTERDAY        0                         0      0        0
  MONTH TO DATE    0                         6     -6        0
  SINCE JUN 1      0                         6     -6        0
  SINCE JUL 1    729                      1082   -353      758

 COOLING
  YESTERDAY        8                         5      3        9
  MONTH TO DATE  133                        85     48      120
  SINCE JUN 1    133                        85     48      120
  SINCE JAN 1    409                       239    170      327
..................................................................


WIND (MPH)
  HIGHEST WIND SPEED     0   HIGHEST WIND DIRECTION     N (0)
  HIGHEST GUST SPEED    MM   HIGHEST GUST DIRECTION    MM
  AVERAGE WIND SPEED     0.0


SKY COVER
  POSSIBLE SUNSHINE  MM
  AVERAGE SKY COVER 0.3


WEATHER CONDITIONS
 THE FOLLOWING WEATHER WAS RECORDED YESTERDAY.
  NO SIGNIFICANT WEATHER WAS OBSERVED.


RELATIVE HUMIDITY (PERCENT)
 HIGHEST    87           200 AM
 LOWEST     54           200 PM
 AVERAGE    71

..........................................................


THE DOWNTOWN LOS ANGELES (USC) CA CLIMATE NORMALS FOR TODAY
                         NORMAL    RECORD    YEAR
 MAXIMUM TEMPERATURE (F)   80        97      1976
 MINIMUM TEMPERATURE (F)   61        49      1893


SUNRISE AND SUNSET
JUNE 23 2017..........SUNRISE   543 AM PDT   SUNSET   808 PM PDT
JUNE 24 2017..........SUNRISE   543 AM PDT   SUNSET   808 PM PDT


-  INDICATES NEGATIVE NUMBERS.
R  INDICATES RECORD WAS SET OR TIED.
MM INDICATES DATA IS MISSING.
T  INDICATES TRACE AMOUNT.




$$
