000
CDUS46 KLOX 200921
CLICQT


CLIMATE REPORT
NATIONAL WEATHER SERVICE LOS ANGELES/OXNARD CA
220 AM PDT SUN APR 20 2014


...................................

...THE DOWNTOWN LOS ANGELES (USC) CA CLIMATE SUMMARY FOR APRIL 19 2014...

CLIMATE NORMAL PERIOD 1981 TO 2010
CLIMATE RECORD PERIOD 1877 TO 2014


WEATHER ITEM   OBSERVED TIME   RECORD YEAR NORMAL DEPARTURE LAST
                VALUE   (LST)  VALUE       VALUE  FROM      YEAR
                                                  NORMAL
..................................................................
TEMPERATURE (F)
 YESTERDAY
  MAXIMUM         72   1224 PM  94    2009  73     -1       84
  MINIMUM         57    555 AM  40    1880  54      3       55
  AVERAGE         65                        64      1       70

PRECIPITATION (IN)
  YESTERDAY        0.00          0.86 1904   0.02  -0.02     0.00
  MONTH TO DATE    0.29                      0.65  -0.36      T
  SINCE JUL 1      6.02                     14.32  -8.30     5.14
  SINCE JAN 1      5.05                     10.00  -4.95     1.92

SNOWFALL (IN)
  YESTERDAY        0.0
  MONTH TO DATE    0.0
  SINCE MAR 1      0.0
  SINCE JUL 1      0.0

DEGREE DAYS
 HEATING
  YESTERDAY        0                         3     -3        0
  MONTH TO DATE   40                        69    -29       36
  SINCE MAR 1    103                       226   -123      131
  SINCE JUL 1    580                      1001   -421      906

 COOLING
  YESTERDAY        0                         2     -2        5
  MONTH TO DATE   26                        21      5        7
  SINCE MAR 1     55                        41     14       20
  SINCE JAN 1     78                        64     14       28
..................................................................


WIND (MPH)
  HIGHEST WIND SPEED    10   HIGHEST WIND DIRECTION     W (270)
  HIGHEST GUST SPEED    17   HIGHEST GUST DIRECTION     W (270)
  AVERAGE WIND SPEED     1.8


SKY COVER
  POSSIBLE SUNSHINE  MM
  AVERAGE SKY COVER 0.0


WEATHER CONDITIONS
 THE FOLLOWING WEATHER WAS RECORDED YESTERDAY.
  NO SIGNIFICANT WEATHER WAS OBSERVED.


RELATIVE HUMIDITY (PERCENT)
 HIGHEST    80           400 AM
 LOWEST     53          1200 PM
 AVERAGE    67

..........................................................


THE DOWNTOWN LOS ANGELES (USC) CA CLIMATE NORMALS FOR TODAY
                         NORMAL    RECORD    YEAR
 MAXIMUM TEMPERATURE (F)   73       100      2009
 MINIMUM TEMPERATURE (F)   54        38      1896


SUNRISE AND SUNSET
APRIL 20 2014.........SUNRISE   616 AM PDT   SUNSET   728 PM PDT
APRIL 21 2014.........SUNRISE   615 AM PDT   SUNSET   729 PM PDT


-  INDICATES NEGATIVE NUMBERS.
R  INDICATES RECORD WAS SET OR TIED.
MM INDICATES DATA IS MISSING.
T  INDICATES TRACE AMOUNT.




$$
