000
CDUS46 KLOX 210157
CLICQT


CLIMATE REPORT
NATIONAL WEATHER SERVICE LOS ANGELES/OXNARD CA
557 PM PST MON NOV 20 2017


...................................

...THE DOWNTOWN LOS ANGELES (USC) CA CLIMATE SUMMARY FOR NOVEMBER 20 2017...
VALID TODAY AS OF 0500 PM LOCAL TIME.

CLIMATE NORMAL PERIOD 1981 TO 2010
CLIMATE RECORD PERIOD 1877 TO 2017


WEATHER ITEM   OBSERVED TIME   RECORD YEAR NORMAL DEPARTURE LAST
                VALUE   (LST)  VALUE       VALUE  FROM      YEAR
                                                  NORMAL
..................................................................
TEMPERATURE (F)
 TODAY
  MAXIMUM         73    250 PM  91    2006  72      1       65
  MINIMUM         50    557 AM  37    1906  51     -1       54
  AVERAGE         62                        61      1       60

PRECIPITATION (IN)
  TODAY            0.00          1.38 1967   0.03  -0.03     0.55
  MONTH TO DATE    0.01                      0.61  -0.60     0.55
  SINCE OCT 1      0.11                      1.27  -1.16     1.07
  SINCE JAN 1     13.23                     12.17   1.06     6.92

SNOWFALL (IN)
  TODAY            0.0
  MONTH TO DATE    0.0
  SINCE SEP 1      0.0
  SINCE JUL 1      0.0

DEGREE DAYS
 HEATING
  TODAY            3                         4     -1        5
  MONTH TO DATE   10                        58    -48       14
  SINCE SEP 1     10                        78    -68       16
  SINCE JUL 1     10                        78    -68       16

 COOLING
  TODAY            0                         1     -1        0
  MONTH TO DATE   23                        30     -7       96
  SINCE SEP 1    626                       403    223      527
  SINCE JAN 1   1828                      1237    591     1522
..................................................................


WIND (MPH)
  HIGHEST WIND SPEED     7   HIGHEST WIND DIRECTION     W (270)
  HIGHEST GUST SPEED    10   HIGHEST GUST DIRECTION     W (270)
  AVERAGE WIND SPEED     0.4


SKY COVER
  POSSIBLE SUNSHINE  MM
  AVERAGE SKY COVER 0.0


WEATHER CONDITIONS
 THE FOLLOWING WEATHER WAS RECORDED TODAY.
  NO SIGNIFICANT WEATHER WAS OBSERVED.


RELATIVE HUMIDITY (PERCENT)
 HIGHEST    77          1200 AM
 LOWEST     21          1000 AM
 AVERAGE    49

..........................................................


THE DOWNTOWN LOS ANGELES (USC) CA CLIMATE NORMALS FOR TOMORROW
                         NORMAL    RECORD    YEAR
 MAXIMUM TEMPERATURE (F)   71        93      1924
 MINIMUM TEMPERATURE (F)   51        39      1905
                                             1902


SUNRISE AND SUNSET
NOVEMBER 20 2017......SUNRISE   631 AM PST   SUNSET   447 PM PST
NOVEMBER 21 2017......SUNRISE   632 AM PST   SUNSET   446 PM PST


-  INDICATES NEGATIVE NUMBERS.
R  INDICATES RECORD WAS SET OR TIED.
MM INDICATES DATA IS MISSING.
T  INDICATES TRACE AMOUNT.




$$
