000
CDUS46 KLOX 260125
CLICQT


CLIMATE REPORT
NATIONAL WEATHER SERVICE LOS ANGELES/OXNARD CA
625 PM PDT SUN SEP 25 2016


...................................

...THE DOWNTOWN LOS ANGELES (USC) CA CLIMATE SUMMARY FOR SEPTEMBER 25 2016...
VALID TODAY AS OF 0600 PM LOCAL TIME.

CLIMATE NORMAL PERIOD 1981 TO 2010
CLIMATE RECORD PERIOD 1877 TO 2016


WEATHER ITEM   OBSERVED TIME   RECORD YEAR NORMAL DEPARTURE LAST
                VALUE   (LST)  VALUE       VALUE  FROM      YEAR
                                                  NORMAL
..................................................................
TEMPERATURE (F)
 TODAY
  MAXIMUM         96   1154 AM 107    1978  82     14       93
                                      1963
  MINIMUM         63    609 AM  48    1879  62      1       69
  AVERAGE         80                        72      8       81

PRECIPITATION (IN)
  TODAY            0.00          3.96 1939   0.01  -0.01     0.00
  MONTH TO DATE    T                         0.17  -0.17     2.39
  SINCE OCT 1      6.88                     14.86  -7.98    11.24
  SINCE JAN 1      5.85                     10.83  -4.98     6.63

SNOWFALL (IN)
  TODAY            0.0
  MONTH TO DATE    0.0
  SINCE SEP 1      0.0
  SINCE JUL 1      0.0

DEGREE DAYS
 HEATING
  TODAY            0                         0      0        0
  MONTH TO DATE    0                         0      0        0
  SINCE SEP 1      0                         0      0        0
  SINCE JUL 1      0                         0      0        0

 COOLING
  TODAY           15                         7      8       16
  MONTH TO DATE  182                       209    -27      348
  SINCE SEP 1    182                       209    -27      348
  SINCE JAN 1   1177                      1043    134     1469
..................................................................


WIND (MPH)
  HIGHEST WIND SPEED     9   HIGHEST WIND DIRECTION     W (280)
  HIGHEST GUST SPEED    14   HIGHEST GUST DIRECTION     W (280)
  AVERAGE WIND SPEED     1.7


SKY COVER
  POSSIBLE SUNSHINE  MM
  AVERAGE SKY COVER 0.0


WEATHER CONDITIONS
 THE FOLLOWING WEATHER WAS RECORDED TODAY.
  HAZE


RELATIVE HUMIDITY (PERCENT)
 HIGHEST    63           200 AM
 LOWEST     12          1200 PM
 AVERAGE    38

..........................................................


THE DOWNTOWN LOS ANGELES (USC) CA CLIMATE NORMALS FOR TOMORROW
                         NORMAL    RECORD    YEAR
 MAXIMUM TEMPERATURE (F)   82       109      1963
 MINIMUM TEMPERATURE (F)   62        48      1893


SUNRISE AND SUNSET
SEPTEMBER 25 2016.....SUNRISE   644 AM PDT   SUNSET   645 PM PDT
SEPTEMBER 26 2016.....SUNRISE   644 AM PDT   SUNSET   643 PM PDT


-  INDICATES NEGATIVE NUMBERS.
R  INDICATES RECORD WAS SET OR TIED.
MM INDICATES DATA IS MISSING.
T  INDICATES TRACE AMOUNT.




$$
