000
CDUS42 KILM 152141
CLICRE


CLIMATE REPORT
NATIONAL WEATHER SERVICE WILMINGTON NC
441 PM EST FRI DEC 15 2017


...................................

...THE N.MYRTLE BEACH SOUTH CAROLINA CLIMATE SUMMARY FOR DECEMBER 15 2017...
VALID TODAY AS OF 0400 PM LOCAL TIME.

CLIMATE NORMAL PERIOD 1981 TO 2010
CLIMATE RECORD PERIOD 1949 TO 2017


WEATHER ITEM   OBSERVED TIME   RECORD YEAR NORMAL DEPARTURE LAST
                VALUE   (LST)  VALUE       VALUE  FROM      YEAR
                                                  NORMAL
..................................................................
TEMPERATURE (F)
 TODAY
  MAXIMUM         61    215 PM  74    2015  58      3       53
                                      1995
  MINIMUM         42    743 AM  20    2010  39      3       33
  AVERAGE         52                        49      3       43

PRECIPITATION (IN)
  TODAY            0.00          0.51 2005   0.12  -0.12     0.00
  MONTH TO DATE    1.98                      1.80   0.18     1.54
  SINCE DEC 1      1.98                      1.80   0.18     1.54
  SINCE JAN 1     47.66                     50.35  -2.69    55.11

SNOWFALL (IN)
  TODAY           MM
  MONTH TO DATE   MM
  SINCE DEC 1     MM
  SINCE JUL 1     MM
  SNOW DEPTH      MM

DEGREE DAYS
 HEATING
  TODAY           13                        16     -3       22
  MONTH TO DATE  217                       221     -4      210
  SINCE DEC 1    217                       221     -4      210
  SINCE JUL 1    558                       582    -24      513

 COOLING
  TODAY            0                         0      0        0
  MONTH TO DATE    0                         0      0        0
  SINCE DEC 1      0                         0      0        0
  SINCE JAN 1   2197                      1899    298     2370
..................................................................


WIND (MPH)
  HIGHEST WIND SPEED    14   HIGHEST WIND DIRECTION     W (250)
  HIGHEST GUST SPEED    19   HIGHEST GUST DIRECTION     W (260)
  AVERAGE WIND SPEED     3.9


SKY COVER
  POSSIBLE SUNSHINE  MM
  AVERAGE SKY COVER 0.0


WEATHER CONDITIONS
 THE FOLLOWING WEATHER WAS RECORDED TODAY.
  NO SIGNIFICANT WEATHER WAS OBSERVED.


RELATIVE HUMIDITY (PERCENT)
 HIGHEST    96          1200 AM
 LOWEST     46           200 PM
 AVERAGE    71

..........................................................


THE N.MYRTLE BEACH SOUTH CAROLINA CLIMATE NORMALS FOR TOMORROW
                         NORMAL    RECORD    YEAR
 MAXIMUM TEMPERATURE (F)   58        76      2011
 MINIMUM TEMPERATURE (F)   39        19      2004
                                             1955


SUNRISE AND SUNSET
DECEMBER 15 2017......SUNRISE   713 AM EST   SUNSET   508 PM EST
DECEMBER 16 2017......SUNRISE   713 AM EST   SUNSET   508 PM EST


-  INDICATES NEGATIVE NUMBERS.
R  INDICATES RECORD WAS SET OR TIED.
MM INDICATES DATA IS MISSING.
T  INDICATES TRACE AMOUNT.




$$
