000
CDUS44 KCRP 290949
CLICRP

CLIMATE REPORT
NATIONAL WEATHER SERVICE CORPUS CHRISTI TX
449 AM CDT MON MAY 29 2017


...................................

...THE CORPUS CHRISTI CLIMATE SUMMARY FOR MAY 28 2017...

CLIMATE NORMAL PERIOD 1981 TO 2010
CLIMATE RECORD PERIOD 1887 TO 2017


WEATHER ITEM   OBSERVED TIME   RECORD YEAR NORMAL DEPARTURE LAST
                VALUE   (LST)  VALUE       VALUE  FROM      YEAR
                                                  NORMAL
..................................................................
TEMPERATURE (F)
 YESTERDAY
  MAXIMUM         90   1037 AM  94    2010  89      1       88
                                      1974
  MINIMUM         78    616 AM  62    1901  72      6       76
  AVERAGE         84                        80      4       82

PRECIPITATION (IN)
  YESTERDAY        0.03          1.92 1943   0.10  -0.07     0.00
  MONTH TO DATE    0.96                      2.74  -1.78     5.81
  SINCE MAR 1      8.17                      6.47   1.70    15.75
  SINCE JAN 1     11.01                      9.94   1.07    18.04

SNOWFALL (IN)
  YESTERDAY        0.0
  MONTH TO DATE    0.0
  SINCE MAR 1      0.0
  SINCE JUL 1      0.0
  SNOW DEPTH       0

DEGREE DAYS
 HEATING
  YESTERDAY        0                         0      0        0
  MONTH TO DATE    0                         0      0        0
  SINCE MAR 1     16                        98    -82       21
  SINCE JUL 1    368                       898   -530      640

 COOLING
  YESTERDAY       19                        15      4       17
  MONTH TO DATE  372                       366      6      409
  SINCE MAR 1    878                       718    160      907
  SINCE JAN 1   1147                       794    353      984
..................................................................


WIND (MPH)
  HIGHEST WIND SPEED    24   HIGHEST WIND DIRECTION    SE (140)
  HIGHEST GUST SPEED    30   HIGHEST GUST DIRECTION    SE (130)
  AVERAGE WIND SPEED    12.2


SKY COVER
  POSSIBLE SUNSHINE  MM
  AVERAGE SKY COVER 0.9


WEATHER CONDITIONS
 THE FOLLOWING WEATHER WAS RECORDED YESTERDAY.
  THUNDERSTORM
  HEAVY RAIN
  LIGHT RAIN
  FOG


RELATIVE HUMIDITY (PERCENT)
 HIGHEST   100           500 AM
 LOWEST     70          1100 AM
 AVERAGE    85

..........................................................


THE CORPUS CHRISTI CLIMATE NORMALS FOR TODAY
                         NORMAL    RECORD    YEAR
 MAXIMUM TEMPERATURE (F)   89        95      2010
 MINIMUM TEMPERATURE (F)   72        61      1973


SUNRISE AND SUNSET
MAY 29 2017...........SUNRISE   635 AM CDT   SUNSET   820 PM CDT
MAY 30 2017...........SUNRISE   635 AM CDT   SUNSET   821 PM CDT


-  INDICATES NEGATIVE NUMBERS.
R  INDICATES RECORD WAS SET OR TIED.
MM INDICATES DATA IS MISSING.
T  INDICATES TRACE AMOUNT.




$$
