000
CDUS44 KCRP 290827
CLICRP

CLIMATE REPORT
NATIONAL WEATHER SERVICE CORPUS CHRISTI TX
326 AM CDT FRI JUL 29 2016


...................................

...THE CORPUS CHRISTI CLIMATE SUMMARY FOR JULY 28 2016...

CLIMATE NORMAL PERIOD 1981 TO 2010
CLIMATE RECORD PERIOD 1887 TO 2016


WEATHER ITEM   OBSERVED TIME   RECORD YEAR NORMAL DEPARTURE LAST
                VALUE   (LST)  VALUE       VALUE  FROM      YEAR
                                                  NORMAL
..................................................................
TEMPERATURE (F)
 YESTERDAY
  MAXIMUM         95    155 PM 100    1965  94      1       96
  MINIMUM         81   1159 PM  68    1908  75      6       80
                                      1903
  AVERAGE         88                        84      4       88

PRECIPITATION (IN)
  YESTERDAY        0.00          1.80 2010   0.06  -0.06     0.00
  MONTH TO DATE    T                         2.61  -2.61     0.57
  SINCE JUN 1      2.95                      5.97  -3.02     2.20
  SINCE JAN 1     21.17                     16.24   4.93    32.46

SNOWFALL (IN)
  YESTERDAY        0.0
  MONTH TO DATE    0.0
  SINCE JUN 1      0.0
  SINCE JUL 1      0.0
  SNOW DEPTH       0

DEGREE DAYS
 HEATING
  YESTERDAY        0                         0      0        0
  MONTH TO DATE    0                         0      0        0
  SINCE JUN 1      0                         0      0        0
  SINCE JUL 1      0                         0      0        0

 COOLING
  YESTERDAY       23                        19      4       23
  MONTH TO DATE  603                       528     75      580
  SINCE JUN 1   1163                      1050    113     1119
  SINCE JAN 1   2199                      1891    308     1949
..................................................................


WIND (MPH)
  HIGHEST WIND SPEED    24   HIGHEST WIND DIRECTION    SE (140)
  HIGHEST GUST SPEED    30   HIGHEST GUST DIRECTION    SE (130)
  AVERAGE WIND SPEED    11.8


SKY COVER
  POSSIBLE SUNSHINE  MM
  AVERAGE SKY COVER 0.7


WEATHER CONDITIONS
 THE FOLLOWING WEATHER WAS RECORDED YESTERDAY.
  THUNDERSTORM
  FOG


RELATIVE HUMIDITY (PERCENT)
 HIGHEST    94           600 AM
 LOWEST     49           400 PM
 AVERAGE    72

..........................................................


THE CORPUS CHRISTI CLIMATE NORMALS FOR TODAY
                         NORMAL    RECORD    YEAR
 MAXIMUM TEMPERATURE (F)   94       100      2014
                                             1975
                                             1960
 MINIMUM TEMPERATURE (F)   75        71      2014
                                             2000
                                             1987


SUNRISE AND SUNSET
JULY 29 2016..........SUNRISE   652 AM CDT   SUNSET   821 PM CDT
JULY 30 2016..........SUNRISE   652 AM CDT   SUNSET   820 PM CDT


-  INDICATES NEGATIVE NUMBERS.
R  INDICATES RECORD WAS SET OR TIED.
MM INDICATES DATA IS MISSING.
T  INDICATES TRACE AMOUNT.




$$
