000
CDUS44 KCRP 310045
CLICRP

CLIMATE REPORT
NATIONAL WEATHER SERVICE CORPUS CHRISTI TX
744 PM CDT THU MAR 30 2017


...................................

...THE CORPUS CHRISTI CLIMATE SUMMARY FOR MARCH 30 2017...
VALID TODAY AS OF 700 PM LOCAL TIME.

CLIMATE NORMAL PERIOD 1981 TO 2010
CLIMATE RECORD PERIOD 1887 TO 2017


WEATHER ITEM   OBSERVED TIME   RECORD YEAR NORMAL DEPARTURE LAST
                VALUE   (LST)  VALUE       VALUE  FROM      YEAR
                                                  NORMAL
..................................................................
TEMPERATURE (F)
 TODAY
  MAXIMUM         84    435 PM 102    1989  79      5       78
  MINIMUM         61    718 AM  36    2003  59      2       72
                                      1987
  AVERAGE         73                        69      4       75

PRECIPITATION (IN)
  TODAY            0.00          0.53 1965   0.04  -0.04      T
  MONTH TO DATE    4.99                      1.84   3.15     6.54
  SINCE MAR 1      4.99                      1.84   3.15     6.54
  SINCE JAN 1      7.83                      5.31   2.52     8.83

SNOWFALL (IN)
  TODAY            0.0
  MONTH TO DATE    0.0
  SINCE MAR 1      0.0
  SINCE JUL 1      0.0
  SNOW DEPTH       0

DEGREE DAYS
 HEATING
  TODAY            0                         1     -1        0
  MONTH TO DATE   16                        80    -64       21
  SINCE MAR 1     16                        80    -64       21
  SINCE JUL 1    368                       880   -512      640

 COOLING
  TODAY            8                         5      3       10
  MONTH TO DATE  197                       110     87      182
  SINCE MAR 1    197                       110     87      182
  SINCE JAN 1    466                       186    280      259
..................................................................


WIND (MPH)
  HIGHEST WIND SPEED    23   HIGHEST WIND DIRECTION    NW (330)
  HIGHEST GUST SPEED    31   HIGHEST GUST DIRECTION     N (340)


SKY COVER
  POSSIBLE SUNSHINE  MM
  AVERAGE SKY COVER 0.3


WEATHER CONDITIONS
 THE FOLLOWING WEATHER WAS RECORDED TODAY.
  NO SIGNIFICANT WEATHER WAS OBSERVED.


RELATIVE HUMIDITY (PERCENT)
 HIGHEST    93          1200 AM
 LOWEST     24           400 PM
 AVERAGE    59

..........................................................


THE CORPUS CHRISTI CLIMATE NORMALS FOR TOMORROW
                         NORMAL    RECORD    YEAR
 MAXIMUM TEMPERATURE (F)   79        93      2016
                                             2012
 MINIMUM TEMPERATURE (F)   59        30      1987


SUNRISE AND SUNSET
MARCH 30 2017.........SUNRISE   722 AM CDT   SUNSET   747 PM CDT
MARCH 31 2017.........SUNRISE   721 AM CDT   SUNSET   747 PM CDT


-  INDICATES NEGATIVE NUMBERS.
R  INDICATES RECORD WAS SET OR TIED.
MM INDICATES DATA IS MISSING.
T  INDICATES TRACE AMOUNT.




$$
