000
CDUS44 KCRP 220921
CLICRP

CLIMATE REPORT
NATIONAL WEATHER SERVICE CORPUS CHRISTI TX
420 AM CDT MON SEP 22 2014


...................................

...THE CORPUS CHRISTI CLIMATE SUMMARY FOR SEPTEMBER 21 2014...

CLIMATE NORMAL PERIOD 1981 TO 2010
CLIMATE RECORD PERIOD 1887 TO 2014


WEATHER ITEM   OBSERVED TIME   RECORD YEAR NORMAL DEPARTURE LAST
                VALUE   (LST)  VALUE       VALUE  FROM      YEAR
                                                  NORMAL
..................................................................
TEMPERATURE (F)
 YESTERDAY
  MAXIMUM         88    151 PM 102    1947  89     -1       80
  MINIMUM         74    626 AM  57    1983  71      3       74
  AVERAGE         81                        80      1       77

PRECIPITATION (IN)
  YESTERDAY        1.58          6.38 1967   0.16   1.42     0.17
  MONTH TO DATE    4.25                      3.66   0.59     6.14
  SINCE SEP 1      4.25                      3.66   0.59     6.14
  SINCE JAN 1     18.09                     23.00  -4.91    17.15

SNOWFALL (IN)
  YESTERDAY        0.0
  MONTH TO DATE    0.0
  SINCE SEP 1      0.0
  SINCE JUL 1      0.0
  SNOW DEPTH       0

DEGREE DAYS
 HEATING
  YESTERDAY        0                         0      0        0
  MONTH TO DATE    0                         0      0        0
  SINCE SEP 1      0                         0      0        0
  SINCE JUL 1      0                         0      0        0

 COOLING
  YESTERDAY       16                        15      1       12
  MONTH TO DATE  375                       356     19      413
  SINCE SEP 1    375                       356     19      413
  SINCE JAN 1   3078                      2917    161     3426
..................................................................


WIND (MPH)
  HIGHEST WIND SPEED    21   HIGHEST WIND DIRECTION     E (70)
  HIGHEST GUST SPEED    26   HIGHEST GUST DIRECTION     E (90)
  AVERAGE WIND SPEED    12.9


SKY COVER
  POSSIBLE SUNSHINE  MM
  AVERAGE SKY COVER 0.5


WEATHER CONDITIONS
 THE FOLLOWING WEATHER WAS RECORDED YESTERDAY.
  THUNDERSTORM
  HEAVY RAIN
  RAIN
  LIGHT RAIN
  FOG


RELATIVE HUMIDITY (PERCENT)
 HIGHEST   100           800 AM
 LOWEST     65           600 PM
 AVERAGE    83

..........................................................


THE CORPUS CHRISTI CLIMATE NORMALS FOR TODAY
                         NORMAL    RECORD    YEAR
 MAXIMUM TEMPERATURE (F)   89        99      2005
 MINIMUM TEMPERATURE (F)   71        56      1995
                                             1983


SUNRISE AND SUNSET
SEPTEMBER 22 2014.....SUNRISE   718 AM CDT   SUNSET   726 PM CDT
SEPTEMBER 23 2014.....SUNRISE   719 AM CDT   SUNSET   725 PM CDT


-  INDICATES NEGATIVE NUMBERS.
R  INDICATES RECORD WAS SET OR TIED.
MM INDICATES DATA IS MISSING.
T  INDICATES TRACE AMOUNT.




$$
