000
CDUS41 KRLX 290742
CLICRW


CLIMATE REPORT
NATIONAL WEATHER SERVICE CHARLESTON WV
338 AM EDT SAT AUG 29 2015


...................................

...THE CHARLESTON WV CLIMATE SUMMARY FOR AUGUST 28 2015...

CLIMATE NORMAL PERIOD 1981 TO 2010
CLIMATE RECORD PERIOD 1901 TO 2015


WEATHER ITEM   OBSERVED TIME   RECORD YEAR NORMAL DEPARTURE LAST
                VALUE   (LST)  VALUE       VALUE  FROM      YEAR
                                                  NORMAL
..................................................................
TEMPERATURE (F)
 YESTERDAY
  MAXIMUM         84    302 PM 102    1903  83      1       84
  MINIMUM         54    557 AM  46    1968  63     -9       65
  AVERAGE         69                        73     -4       75

PRECIPITATION (IN)
  YESTERDAY        0.00          2.65 2003   0.11  -0.11      T
  MONTH TO DATE    3.40                      3.41  -0.01     3.39
  SINCE JAN 1     36.39                     30.78   5.61    31.49

SNOWFALL (IN)
  YESTERDAY        0.0
  MONTH TO DATE    0.0
  SINCE SEP 1     29.1
  SNOW DEPTH       0

DEGREE DAYS
 HEATING
  YESTERDAY        0                         0      0        0
  MONTH TO DATE    0                         0      0        0
  SINCE JUN 1      8                        13     -5        0
  SINCE JUL 1      0                         0      0        0

 COOLING
  YESTERDAY        4                         8     -4       10
  MONTH TO DATE  237                       267    -30      229
  SINCE JUN 1    853                       811     42      751
  SINCE JAN 1   1042                       921    121      872
..................................................................


WIND (MPH)
  HIGHEST WIND SPEED    10   HIGHEST WIND DIRECTION    NW (300)
  HIGHEST GUST SPEED    14   HIGHEST GUST DIRECTION    NW (310)
  AVERAGE WIND SPEED     1.2


SKY COVER
  POSSIBLE SUNSHINE  MM
  AVERAGE SKY COVER 0.4


WEATHER CONDITIONS
 THE FOLLOWING WEATHER WAS RECORDED YESTERDAY.
  FOG


RELATIVE HUMIDITY (PERCENT)
 HIGHEST   100           100 AM
 LOWEST     40           200 PM
 AVERAGE    70

..........................................................


THE CHARLESTON WV CLIMATE NORMALS FOR TODAY
                         NORMAL    RECORD    YEAR
 MAXIMUM TEMPERATURE (F)   83       100      1953
 MINIMUM TEMPERATURE (F)   63        41      1965


SUNRISE AND SUNSET
AUGUST 29 2015........SUNRISE   653 AM EDT   SUNSET   801 PM EDT
AUGUST 30 2015........SUNRISE   654 AM EDT   SUNSET   800 PM EDT


-  INDICATES NEGATIVE NUMBERS.
R  INDICATES RECORD WAS SET OR TIED.
MM INDICATES DATA IS MISSING.
T  INDICATES TRACE AMOUNT.




$$
