000
CDUS41 KRLX 292116
CLICRW


CLIMATE REPORT
NATIONAL WEATHER SERVICE CHARLESTON WV
516 PM EDT FRI JUL 29 2016


...................................

...THE CHARLESTON WV CLIMATE SUMMARY FOR JULY 29 2016...
VALID TODAY AS OF 0500 PM LOCAL TIME.

CLIMATE NORMAL PERIOD 1981 TO 2010
CLIMATE RECORD PERIOD 1901 TO 2016


WEATHER ITEM   OBSERVED TIME   RECORD YEAR NORMAL DEPARTURE LAST
                VALUE   (LST)  VALUE       VALUE  FROM      YEAR
                                                  NORMAL
..................................................................
TEMPERATURE (F)
 TODAY
  MAXIMUM         85    324 PM 106    1930  85      0       90
  MINIMUM         70   1204 AM  50    1925  66      4       71
  AVERAGE         78                        75      3       81

PRECIPITATION (IN)
  TODAY            0.02          1.87 1907   0.15  -0.13     0.28
  MONTH TO DATE    4.71                      4.62   0.09     7.78
  SINCE JUN 1      9.47                      8.91   0.56    13.76
  SINCE JAN 1     26.33                     27.05  -0.72    32.96

DEGREE DAYS
 HEATING
  TODAY            0                         0      0        0
  MONTH TO DATE    0                         0      0        0
  SINCE JUN 1      3                        13    -10        8
  SINCE JUL 1      0                         0      0        0

 COOLING
  TODAY           13                        10      3       16
  MONTH TO DATE  350                       305     45      308
  SINCE JUN 1    605                       525     80      595
  SINCE JAN 1    735                       635    100      784
..................................................................


WIND (MPH)
  HIGHEST WIND SPEED     8   HIGHEST WIND DIRECTION     W (250)
  HIGHEST GUST SPEED    11   HIGHEST GUST DIRECTION    SW (240)
  AVERAGE WIND SPEED     2.4


SKY COVER
  POSSIBLE SUNSHINE  MM
  AVERAGE SKY COVER 0.9


WEATHER CONDITIONS
 THE FOLLOWING WEATHER WAS RECORDED TODAY.
  LIGHT RAIN
  FOG
  HAZE


RELATIVE HUMIDITY (PERCENT)
 HIGHEST    97          1200 AM
 LOWEST     61           300 PM
 AVERAGE    79

..........................................................


THE CHARLESTON WV CLIMATE NORMALS FOR TOMORROW
                         NORMAL    RECORD    YEAR
 MAXIMUM TEMPERATURE (F)   85       103      1930
 MINIMUM TEMPERATURE (F)   66        53      2014
                                             1965


SUNRISE AND SUNSET
JULY 29 2016..........SUNRISE   626 AM EDT   SUNSET   839 PM EDT
JULY 30 2016..........SUNRISE   627 AM EDT   SUNSET   838 PM EDT


-  INDICATES NEGATIVE NUMBERS.
R  INDICATES RECORD WAS SET OR TIED.
MM INDICATES DATA IS MISSING.
T  INDICATES TRACE AMOUNT.




$$
