000
CDUS41 KRLX 210736
CLICRW


CLIMATE REPORT
NATIONAL WEATHER SERVICE CHARLESTON WV
336 AM EDT THU SEP 21 2017


...................................

...THE CHARLESTON WV CLIMATE SUMMARY FOR SEPTEMBER 20 2017...

CLIMATE NORMAL PERIOD 1981 TO 2010
CLIMATE RECORD PERIOD 1901 TO 2017


WEATHER ITEM   OBSERVED TIME   RECORD YEAR NORMAL DEPARTURE LAST
                VALUE   (LST)  VALUE       VALUE  FROM      YEAR
                                                  NORMAL
..................................................................
TEMPERATURE (F)
 YESTERDAY
  MAXIMUM         85    325 PM  97    1925  76      9       88
  MINIMUM         63    636 AM  36    1937  55      8       62
  AVERAGE         74                        66      8       75

PRECIPITATION (IN)
  YESTERDAY        0.00          1.25 1954   0.11  -0.11     0.00
  MONTH TO DATE    2.39                      2.21   0.18     0.38
  SINCE JAN 1     37.83                     33.32   4.51    29.88

SNOWFALL (IN)
  YESTERDAY        0.0           0.0  2016   0.0    0.0      0.0
  MONTH TO DATE    0.0                       0.0    0.0      0.0
  SINCE SEP 1      0.0                       0.0    0.0      0.0
  SNOW DEPTH       0

DEGREE DAYS
 HEATING
  YESTERDAY        0                         2     -2        0
  MONTH TO DATE   28                        18     10        0
  SINCE SEP 1     28                        18     10        0
  SINCE JUL 1     28                        20      8        0

 COOLING
  YESTERDAY        9                         3      6       10
  MONTH TO DATE   58                       102    -44      191
  SINCE SEP 1     58                       102    -44      191
  SINCE JAN 1    996                      1048    -52     1372
..................................................................


WIND (MPH)
  HIGHEST WIND SPEED    10   HIGHEST WIND DIRECTION    NW (300)
  HIGHEST GUST SPEED    16   HIGHEST GUST DIRECTION    NW (310)
  AVERAGE WIND SPEED     2.5


SKY COVER
  POSSIBLE SUNSHINE  MM
  AVERAGE SKY COVER 0.6


WEATHER CONDITIONS
 THE FOLLOWING WEATHER WAS RECORDED YESTERDAY.
  FOG


RELATIVE HUMIDITY (PERCENT)
 HIGHEST   100           200 AM
 LOWEST     48           300 PM
 AVERAGE    74

..........................................................


THE CHARLESTON WV CLIMATE NORMALS FOR TODAY
                         NORMAL    RECORD    YEAR
 MAXIMUM TEMPERATURE (F)   76        96      1931
 MINIMUM TEMPERATURE (F)   55        34      1956


SUNRISE AND SUNSET
SEPTEMBER 21 2017.....SUNRISE   713 AM EDT   SUNSET   725 PM EDT
SEPTEMBER 22 2017.....SUNRISE   714 AM EDT   SUNSET   723 PM EDT


-  INDICATES NEGATIVE NUMBERS.
R  INDICATES RECORD WAS SET OR TIED.
MM INDICATES DATA IS MISSING.
T  INDICATES TRACE AMOUNT.




$$
