000
CDUS41 KRLX 280731
CLICRW


CLIMATE REPORT
NATIONAL WEATHER SERVICE CHARLESTON WV
322 AM EDT SAT MAR 28 2015


...................................

...THE CHARLESTON WV CLIMATE SUMMARY FOR MARCH 27 2015...

CLIMATE NORMAL PERIOD 1981 TO 2010
CLIMATE RECORD PERIOD 1901 TO 2015


WEATHER ITEM   OBSERVED TIME   RECORD YEAR NORMAL DEPARTURE LAST
                VALUE   (LST)  VALUE       VALUE  FROM      YEAR
                                                  NORMAL
..................................................................
TEMPERATURE (F)
 YESTERDAY
  MAXIMUM         47    115 PM  90    1921  61    -14       63
  MINIMUM         28   1159 PM  16    1955  39    -11       22
  AVERAGE         38                        50    -12       43

PRECIPITATION (IN)
  YESTERDAY        0.01          1.84 1994   0.12  -0.11     0.00
  MONTH TO DATE    5.74                      3.44   2.30     1.92
  SINCE JAN 1     10.94                      9.63   1.31     8.98

SNOWFALL (IN)
  YESTERDAY        T
  MONTH TO DATE    9.0
  SINCE SEP 1     28.1
  SNOW DEPTH       0

DEGREE DAYS
 HEATING
  YESTERDAY       27                        16     11       22
  MONTH TO DATE  527                       540    -13      652
  SINCE MAR 1    527                       540    -13      652
  SINCE JUL 1   4432                      3994    438     4419

 COOLING
  YESTERDAY        0                         0      0        0
  MONTH TO DATE    0                         0      0        0
  SINCE MAR 1      0                         0      0        0
  SINCE JAN 1      0                         0      0        0
..................................................................


WIND (MPH)
  HIGHEST WIND SPEED    20   HIGHEST WIND DIRECTION    NW (310)
  HIGHEST GUST SPEED    27   HIGHEST GUST DIRECTION    NW (300)
  AVERAGE WIND SPEED    10.4


SKY COVER
  POSSIBLE SUNSHINE  MM
  AVERAGE SKY COVER 0.9


WEATHER CONDITIONS
 THE FOLLOWING WEATHER WAS RECORDED YESTERDAY.
  LIGHT RAIN
  LIGHT SNOW


RELATIVE HUMIDITY (PERCENT)
 HIGHEST    89          1200 AM
 LOWEST     41           200 PM
 AVERAGE    65

..........................................................


THE CHARLESTON WV CLIMATE NORMALS FOR TODAY
                         NORMAL    RECORD    YEAR
 MAXIMUM TEMPERATURE (F)   61        86      1989
                                             1907
 MINIMUM TEMPERATURE (F)   39        15      1947


SUNRISE AND SUNSET
MARCH 28 2015.........SUNRISE   718 AM EDT   SUNSET   746 PM EDT
MARCH 29 2015.........SUNRISE   716 AM EDT   SUNSET   747 PM EDT


-  INDICATES NEGATIVE NUMBERS.
R  INDICATES RECORD WAS SET OR TIED.
MM INDICATES DATA IS MISSING.
T  INDICATES TRACE AMOUNT.




$$
