000
CDUS41 KRLX 030825
CLICRW


CLIMATE REPORT
NATIONAL WEATHER SERVICE CHARLESTON WV
324 AM EST TUE MAR 3 2015


...................................

...THE CHARLESTON WV CLIMATE SUMMARY FOR MARCH 2 2015...

CLIMATE NORMAL PERIOD 1981 TO 2010
CLIMATE RECORD PERIOD 1901 TO 2015


WEATHER ITEM   OBSERVED TIME   RECORD YEAR NORMAL DEPARTURE LAST
                VALUE   (LST)  VALUE       VALUE  FROM      YEAR
                                                  NORMAL
..................................................................
TEMPERATURE (F)
 YESTERDAY
  MAXIMUM         42   1226 AM  81    1991  51     -9       48
  MINIMUM         28   1159 PM   7    1980  32     -4       26
  AVERAGE         35                        41     -6       37

PRECIPITATION (IN)
  YESTERDAY        0.05          1.14 1994   0.13  -0.08     0.68
  MONTH TO DATE    0.48                      0.26   0.22     0.68
  SINCE JAN 1      5.68                      6.45  -0.77     7.74

SNOWFALL (IN)
  YESTERDAY        0.0
  MONTH TO DATE    0.0
  SINCE SEP 1     19.1
  SNOW DEPTH       0

DEGREE DAYS
 HEATING
  YESTERDAY       30                        24      6       28
  MONTH TO DATE   58                        48     10       56
  SINCE MAR 1     58                        48     10       56
  SINCE JUL 1   3963                      3502    461     3823

 COOLING
  YESTERDAY        0                         0      0        0
  MONTH TO DATE    0                         0      0        0
  SINCE MAR 1      0                         0      0        0
  SINCE JAN 1      0                         0      0        0
..................................................................


WIND (MPH)
  HIGHEST WIND SPEED    16   HIGHEST WIND DIRECTION     W (290)
  HIGHEST GUST SPEED    22   HIGHEST GUST DIRECTION    NW (310)
  AVERAGE WIND SPEED     6.4


SKY COVER
  POSSIBLE SUNSHINE  MM
  AVERAGE SKY COVER 0.6


WEATHER CONDITIONS
 THE FOLLOWING WEATHER WAS RECORDED YESTERDAY.
  LIGHT RAIN
  FOG


RELATIVE HUMIDITY (PERCENT)
 HIGHEST   100           100 AM
 LOWEST     40           400 PM
 AVERAGE    70

..........................................................


THE CHARLESTON WV CLIMATE NORMALS FOR TODAY
                         NORMAL    RECORD    YEAR
 MAXIMUM TEMPERATURE (F)   51        80      1976
 MINIMUM TEMPERATURE (F)   32        -2      1943


SUNRISE AND SUNSET
MARCH  3 2015.........SUNRISE   656 AM EST   SUNSET   621 PM EST
MARCH  4 2015.........SUNRISE   654 AM EST   SUNSET   622 PM EST


-  INDICATES NEGATIVE NUMBERS.
R  INDICATES RECORD WAS SET OR TIED.
MM INDICATES DATA IS MISSING.
T  INDICATES TRACE AMOUNT.




$$
