000
CDUS41 KRLX 311004
CLICRW


CLIMATE REPORT
NATIONAL WEATHER SERVICE CHARLESTON WV
327 AM EDT FRI JUL 31 2015


...................................

...THE CHARLESTON WV CLIMATE SUMMARY FOR JULY 30 2015...

CLIMATE NORMAL PERIOD 1981 TO 2010
CLIMATE RECORD PERIOD 1901 TO 2015


WEATHER ITEM   OBSERVED TIME   RECORD YEAR NORMAL DEPARTURE LAST
                VALUE   (LST)  VALUE       VALUE  FROM      YEAR
                                                  NORMAL
..................................................................
TEMPERATURE (F)
 YESTERDAY
  MAXIMUM         86    445 PM 103    1930  85      1       78
  MINIMUM         66   1159 PM  53    2014  66      0       53
                                      1965
  AVERAGE         76                        75      1       66

PRECIPITATION (IN)
  YESTERDAY        0.03          1.31 1962   0.16  -0.13     0.35
  MONTH TO DATE    7.81                      4.78   3.03     5.44
  SINCE JAN 1     32.99                     27.21   5.78    28.10

SNOWFALL (IN)
  YESTERDAY        0.0
  MONTH TO DATE    0.0
  SINCE SEP 1     29.1
  SNOW DEPTH       0

DEGREE DAYS
 HEATING
  YESTERDAY        0                         0      0        0
  MONTH TO DATE    0                         0      0        0
  SINCE JUN 1      8                        13     -5        0
  SINCE JUL 1      0                         0      0        0

 COOLING
  YESTERDAY       11                        10      1        1
  MONTH TO DATE  304                       315    -11      252
  SINCE JUN 1    591                       535     56      516
  SINCE JAN 1    780                       645    135      637
..................................................................


WIND (MPH)
  HIGHEST WIND SPEED    14   HIGHEST WIND DIRECTION    NW (310)
  HIGHEST GUST SPEED    19   HIGHEST GUST DIRECTION    NW (300)
  AVERAGE WIND SPEED     2.8


SKY COVER
  POSSIBLE SUNSHINE  MM
  AVERAGE SKY COVER 0.6


WEATHER CONDITIONS
 THE FOLLOWING WEATHER WAS RECORDED YESTERDAY.
  LIGHT RAIN
  FOG


RELATIVE HUMIDITY (PERCENT)
 HIGHEST    94           700 AM
 LOWEST     44           200 PM
 AVERAGE    69

..........................................................


THE CHARLESTON WV CLIMATE NORMALS FOR TODAY
                         NORMAL    RECORD    YEAR
 MAXIMUM TEMPERATURE (F)   85       100      1931
 MINIMUM TEMPERATURE (F)   66        52      1956
                                             1936
                                             1925


SUNRISE AND SUNSET
JULY 31 2015..........SUNRISE   628 AM EDT   SUNSET   838 PM EDT
AUGUST  1 2015........SUNRISE   628 AM EDT   SUNSET   837 PM EDT


-  INDICATES NEGATIVE NUMBERS.
R  INDICATES RECORD WAS SET OR TIED.
MM INDICATES DATA IS MISSING.
T  INDICATES TRACE AMOUNT.




$$
