000
CDUS41 KRLX 262120
CLICRW


CLIMATE REPORT
NATIONAL WEATHER SERVICE CHARLESTON WV
520 PM EDT SUN MAR 26 2017


...................................

...THE CHARLESTON WV CLIMATE SUMMARY FOR MARCH 26 2017...
VALID TODAY AS OF 0500 PM LOCAL TIME.

CLIMATE NORMAL PERIOD 1981 TO 2010
CLIMATE RECORD PERIOD 1901 TO 2017


WEATHER ITEM   OBSERVED TIME   RECORD YEAR NORMAL DEPARTURE LAST
                VALUE   (LST)  VALUE       VALUE  FROM      YEAR
                                                  NORMAL
..................................................................
TEMPERATURE (F)
 TODAY
  MAXIMUM         75    217 PM  92    1929  60     15       71
  MINIMUM         54    625 AM  16    1955  38     16       43
  AVERAGE         65                        49     16       57

PRECIPITATION (IN)
  TODAY            T             1.20 1913   0.12  -0.12     0.00
  MONTH TO DATE    2.17                      3.32  -1.15     2.30
  SINCE MAR 1      2.17                      3.32  -1.15     2.30
  SINCE JAN 1      9.47                      9.51  -0.04     8.47

DEGREE DAYS
 HEATING
  TODAY            0                        16    -16        8
  MONTH TO DATE  542                       524     18      348
  SINCE MAR 1    542                       524     18      348
  SINCE JUL 1   3249                      3978   -729     3283

 COOLING
  TODAY            0                         0      0        0
  MONTH TO DATE    3                         0      3        1
  SINCE MAR 1      3                         0      3        1
  SINCE JAN 1      3                         0      3        1
..................................................................


WIND (MPH)
  HIGHEST WIND SPEED    20   HIGHEST WIND DIRECTION    SE (150)
  HIGHEST GUST SPEED    26   HIGHEST GUST DIRECTION    SE (140)
  AVERAGE WIND SPEED     5.6


SKY COVER
  POSSIBLE SUNSHINE  MM
  AVERAGE SKY COVER 0.7


WEATHER CONDITIONS
 THE FOLLOWING WEATHER WAS RECORDED TODAY.
  LIGHT RAIN


RELATIVE HUMIDITY (PERCENT)
 HIGHEST    72           500 AM
 LOWEST     45          1000 AM
 AVERAGE    59

..........................................................


THE CHARLESTON WV CLIMATE NORMALS FOR TOMORROW
                         NORMAL    RECORD    YEAR
 MAXIMUM TEMPERATURE (F)   61        90      1921
 MINIMUM TEMPERATURE (F)   39        16      1955


SUNRISE AND SUNSET
MARCH 26 2017.........SUNRISE   720 AM EDT   SUNSET   744 PM EDT
MARCH 27 2017.........SUNRISE   719 AM EDT   SUNSET   745 PM EDT


-  INDICATES NEGATIVE NUMBERS.
R  INDICATES RECORD WAS SET OR TIED.
MM INDICATES DATA IS MISSING.
T  INDICATES TRACE AMOUNT.




$$
