000
CDUS42 KFFC 290817
CLICSG


CLIMATE REPORT
NATIONAL WEATHER SERVICE PEACHTREE CITY GA
417 AM EDT FRI APR 29 2016


...................................

...THE COLUMBUS CLIMATE SUMMARY FOR APRIL 28 2016...

CLIMATE NORMAL PERIOD 1981 TO 2010
CLIMATE RECORD PERIOD 1948 TO 2016


WEATHER ITEM   OBSERVED TIME   RECORD YEAR NORMAL DEPARTURE LAST
                VALUE   (LST)  VALUE       VALUE  FROM      YEAR
                                                  NORMAL
..................................................................
TEMPERATURE (F)
 YESTERDAY
  MAXIMUM         83    359 PM  89    1994  80      3       75
                                      1989
  MINIMUM         66    131 AM  41    1953  56     10       55
  AVERAGE         75                        68      7       65

PRECIPITATION (IN)
  YESTERDAY        0.00          1.26 1962   0.11  -0.11     0.31
  MONTH TO DATE    6.94                      3.34   3.60     6.20
  SINCE MAR 1      9.50                      8.80   0.70     8.66
  SINCE JAN 1     16.93                     17.09  -0.16    16.03

DEGREE DAYS
 HEATING
  YESTERDAY        0                         1     -1        0
  MONTH TO DATE   69                        88    -19       15
  SINCE MAR 1    214                       334   -120      190
  SINCE JUL 1   1604                      2111   -507     2200

 COOLING
  YESTERDAY       10                         4      6        0
  MONTH TO DATE   58                        70    -12      120
  SINCE MAR 1    115                        93     22      149
  SINCE JAN 1    117                        97     20      149
..................................................................


WIND (MPH)
  HIGHEST WIND SPEED    17   HIGHEST WIND DIRECTION    SW (210)
  HIGHEST GUST SPEED    22   HIGHEST GUST DIRECTION    SW (220)
  AVERAGE WIND SPEED     6.1


SKY COVER
  AVERAGE SKY COVER 0.6


WEATHER CONDITIONS
 THE FOLLOWING WEATHER WAS RECORDED YESTERDAY.
  FOG


RELATIVE HUMIDITY (PERCENT)
 HIGHEST   100           400 AM
 LOWEST     58           300 PM
 AVERAGE    79

..........................................................


THE COLUMBUS CLIMATE NORMALS FOR TODAY
                         NORMAL    RECORD    YEAR
 MAXIMUM TEMPERATURE (F)   80        91      2012
 MINIMUM TEMPERATURE (F)   56        41      1973


SUNRISE AND SUNSET
APRIL 29 2016.........SUNRISE   654 AM EDT   SUNSET   820 PM EDT
APRIL 30 2016.........SUNRISE   653 AM EDT   SUNSET   821 PM EDT


-  INDICATES NEGATIVE NUMBERS.
R  INDICATES RECORD WAS SET OR TIED.
MM INDICATES DATA IS MISSING.
T  INDICATES TRACE AMOUNT.




$$
