000
CDUS42 KFFC 240027
CLICSG


CLIMATE REPORT
NATIONAL WEATHER SERVICE PEACHTREE CITY GA
726 PM EST FRI FEB 23 2018


...................................

...THE COLUMBUS CLIMATE SUMMARY FOR FEBRUARY 23 2018...
VALID AS OF 0700 PM LOCAL TIME.

CLIMATE NORMAL PERIOD 1981 TO 2010
CLIMATE RECORD PERIOD 1948 TO 2018


WEATHER ITEM   OBSERVED TIME   RECORD YEAR NORMAL DEPARTURE LAST
                VALUE   (LST)  VALUE       VALUE  FROM      YEAR
                                                  NORMAL
..................................................................
TEMPERATURE (F)
 TODAY
  MAXIMUM         83R   427 PM  83    1996  64     19       77
  MINIMUM         59    740 AM  18    1963  42     17       61
  AVERAGE         71                        53     18       69

PRECIPITATION (IN)
  TODAY            0.00          2.32 1901   0.17  -0.17     0.00
  MONTH TO DATE    2.73                      3.63  -0.90     2.43
  SINCE DEC 1      6.88                     11.75  -4.87    18.28
  SINCE JAN 1      4.33                      7.48  -3.15    13.91

SNOWFALL (IN)
  TODAY            0.0           0.0  2002   0.0    0.0      0.0
  MONTH TO DATE    0.0                       0.0    0.0      0.0
  SINCE DEC 1      2.0                       0.3    1.7      0.0
  SINCE JUL 1      2.0                       0.3    1.7      0.0
  SNOW DEPTH       0

DEGREE DAYS
 HEATING
  TODAY            0                        12    -12        0
  MONTH TO DATE  133                       336   -203      179
  SINCE DEC 1   1188                      1387   -199      913
  SINCE JUL 1   1452                      1719   -267     1100
..................................................................


WIND (MPH)
  HIGHEST WIND SPEED    10   HIGHEST WIND DIRECTION     S (190)
  HIGHEST GUST SPEED    14   HIGHEST GUST DIRECTION    SE (130)
  AVERAGE WIND SPEED     4.1


SKY COVER
  AVERAGE SKY COVER 0.4


WEATHER CONDITIONS
 THE FOLLOWING WEATHER WAS RECORDED TODAY.
  FOG


RELATIVE HUMIDITY (PERCENT)
 HIGHEST    90           200 AM
 LOWEST     43           400 PM

..........................................................


THE COLUMBUS CLIMATE NORMALS FOR TOMORROW
                         NORMAL    RECORD
 MAXIMUM TEMPERATURE (F)   64        81
 MINIMUM TEMPERATURE (F)   42        21


SUNRISE AND SUNSET
FEBRUARY 23 2018......SUNRISE   714 AM EST   SUNSET   632 PM EST
FEBRUARY 24 2018......SUNRISE   713 AM EST   SUNSET   633 PM EST


-  INDICATES NEGATIVE NUMBERS.
R  INDICATES RECORD WAS SET OR TIED.
MM INDICATES DATA IS MISSING.
T  INDICATES TRACE AMOUNT.




$$
