000
CDUS42 KFFC 260818
CLICSG


CLIMATE REPORT
NATIONAL WEATHER SERVICE PEACHTREE CITY GA
417 AM EDT FRI MAY 26 2017


...................................

...THE COLUMBUS CLIMATE SUMMARY FOR MAY 25 2017...

CLIMATE NORMAL PERIOD 1981 TO 2010
CLIMATE RECORD PERIOD 1948 TO 2017


WEATHER ITEM   OBSERVED TIME   RECORD YEAR NORMAL DEPARTURE LAST
                VALUE   (LST)  VALUE       VALUE  FROM      YEAR
                                                  NORMAL
..................................................................
TEMPERATURE (F)
 YESTERDAY
  MAXIMUM         77    411 PM  98    1912  86     -9       88
  MINIMUM         58    559 AM  51    1979  65     -7       60
                                      1931
  AVERAGE         68                        75     -7       74

PRECIPITATION (IN)
  YESTERDAY        T             0.98 2009   0.10  -0.10     0.00
  MONTH TO DATE    5.35                      2.55   2.80     2.51
  SINCE MAR 1     11.29                     11.56  -0.27    12.01
  SINCE JAN 1     25.55                     19.85   5.70    19.44

DEGREE DAYS
 HEATING
  YESTERDAY        0                         0      0        0
  MONTH TO DATE   13                         6      7        7
  SINCE MAR 1    239                       341   -102      221
  SINCE JUL 1   1369                      2118   -749     1611

 COOLING
  YESTERDAY        3                        10     -7        9
  MONTH TO DATE  205                       185     20      163
  SINCE MAR 1    460                       285    175      301
  SINCE JAN 1    477                       289    188      303
..................................................................


WIND (MPH)
  HIGHEST WIND SPEED    22   HIGHEST WIND DIRECTION     W (270)
  HIGHEST GUST SPEED    28   HIGHEST GUST DIRECTION     W (270)
  AVERAGE WIND SPEED     9.2


SKY COVER
  AVERAGE SKY COVER 0.5


WEATHER CONDITIONS
 THE FOLLOWING WEATHER WAS RECORDED YESTERDAY.
  LIGHT RAIN


RELATIVE HUMIDITY (PERCENT)
 HIGHEST    87           400 AM
 LOWEST     38           200 PM
 AVERAGE    63

..........................................................


THE COLUMBUS CLIMATE NORMALS FOR TODAY
                         NORMAL    RECORD    YEAR
 MAXIMUM TEMPERATURE (F)   86        98      1933
 MINIMUM TEMPERATURE (F)   65        47      1979


SUNRISE AND SUNSET
MAY 26 2017...........SUNRISE   635 AM EDT   SUNSET   839 PM EDT
MAY 27 2017...........SUNRISE   635 AM EDT   SUNSET   839 PM EDT


-  INDICATES NEGATIVE NUMBERS.
R  INDICATES RECORD WAS SET OR TIED.
MM INDICATES DATA IS MISSING.
T  INDICATES TRACE AMOUNT.




$$
