000
CDUS42 KFFC 280822
CLICSG


CLIMATE REPORT
NATIONAL WEATHER SERVICE PEACHTREE CITY GA
421 AM EDT FRI AUG 28 2015


...................................

...THE COLUMBUS CLIMATE SUMMARY FOR AUGUST 27 2015...

CLIMATE NORMAL PERIOD 1981 TO 2010
CLIMATE RECORD PERIOD 1948 TO 2015


WEATHER ITEM   OBSERVED TIME   RECORD YEAR NORMAL DEPARTURE LAST
                VALUE   (LST)  VALUE       VALUE  FROM      YEAR
                                                  NORMAL
..................................................................
TEMPERATURE (F)
 YESTERDAY
  MAXIMUM         89    303 PM  99    1998  91     -2       93
                                      1954
  MINIMUM         68    648 AM  60    1957  72     -4       66
  AVERAGE         79                        81     -2       80

PRECIPITATION (IN)
  YESTERDAY        0.00          2.25 1992   0.11  -0.11     0.00
  MONTH TO DATE    6.99                      3.34   3.65     1.18
  SINCE JUN 1     13.30                     11.82   1.48     9.88
  SINCE JAN 1     32.78                     32.31   0.47    35.67

DEGREE DAYS
 HEATING
  YESTERDAY        0                         0      0        0
  MONTH TO DATE    0                         0      0        0
  SINCE JUN 1      0                         0      0        0
  SINCE JUL 1      0                         0      0        0

 COOLING
  YESTERDAY       14                        16     -2       15
  MONTH TO DATE  463                       459      4      447
  SINCE JUN 1   1524                      1449     75     1388
  SINCE JAN 1   1970                      1807    163     1724
..................................................................


WIND (MPH)
  HIGHEST WIND SPEED    15   HIGHEST WIND DIRECTION     E (90)
  HIGHEST GUST SPEED    20   HIGHEST GUST DIRECTION     E (80)
  AVERAGE WIND SPEED     6.1


SKY COVER
  AVERAGE SKY COVER 0.1


WEATHER CONDITIONS
 THE FOLLOWING WEATHER WAS RECORDED YESTERDAY.
  NO SIGNIFICANT WEATHER WAS OBSERVED.


RELATIVE HUMIDITY (PERCENT)
 HIGHEST    76           600 AM
 LOWEST     40           300 PM
 AVERAGE    58

..........................................................


THE COLUMBUS CLIMATE NORMALS FOR TODAY
                         NORMAL    RECORD    YEAR
 MAXIMUM TEMPERATURE (F)   91       101      1990
 MINIMUM TEMPERATURE (F)   72        57      1952


SUNRISE AND SUNSET
AUGUST 28 2015........SUNRISE   712 AM EDT   SUNSET   810 PM EDT
AUGUST 29 2015........SUNRISE   713 AM EDT   SUNSET   808 PM EDT


-  INDICATES NEGATIVE NUMBERS.
R  INDICATES RECORD WAS SET OR TIED.
MM INDICATES DATA IS MISSING.
T  INDICATES TRACE AMOUNT.




$$
