000
CDUS42 KFFC 212037
CLICSG


CLIMATE REPORT
NATIONAL WEATHER SERVICE PEACHTREE CITY GA
436 PM EDT FRI JUL 21 2017


...................................

...THE COLUMBUS CLIMATE SUMMARY FOR JULY 21 2017...
VALID TODAY AS OF 0400 PM LOCAL TIME.

CLIMATE NORMAL PERIOD 1981 TO 2010
CLIMATE RECORD PERIOD 1948 TO 2017


WEATHER ITEM   OBSERVED TIME   RECORD YEAR NORMAL DEPARTURE LAST
                VALUE   (LST)  VALUE       VALUE  FROM      YEAR
                                                  NORMAL
..................................................................
TEMPERATURE (F)
 TODAY
  MAXIMUM         97    240 PM 103    1942  92      5       97
  MINIMUM         77    538 AM  61    2009  73      4       74
  AVERAGE         87                        83      4       86

PRECIPITATION (IN)
  TODAY            0.00          1.95 1988   0.14  -0.14      T
  MONTH TO DATE    2.42                      3.33  -0.91     0.86
  SINCE JUN 1      6.00                      7.05  -1.05     3.01
  SINCE JAN 1     31.57                     27.54   4.03    22.45

DEGREE DAYS
 HEATING
  TODAY            0                         0      0        0
  MONTH TO DATE    0                         0      0        0
  SINCE JUN 1      0                         0      0        0
  SINCE JUL 1      0                         0      0        0

 COOLING
  TODAY           22                        18      4       21
  MONTH TO DATE  400                       370     30      408
  SINCE JUN 1    822                       816      6      904
  SINCE JAN 1   1374                      1174    200     1290
..................................................................


WIND (MPH)
  RESULTANT WIND SPEED   1   RESULTANT WIND DIRECTION   N (10)
  HIGHEST WIND SPEED    10   HIGHEST WIND DIRECTION    NW (330)
  HIGHEST GUST SPEED    13   HIGHEST GUST DIRECTION    NE (40)
  AVERAGE WIND SPEED     2.9


SKY COVER
  AVERAGE SKY COVER 0.2


WEATHER CONDITIONS
 THE FOLLOWING WEATHER WAS RECORDED TODAY.
  NO SIGNIFICANT WEATHER WAS OBSERVED.


RELATIVE HUMIDITY (PERCENT)
 HIGHEST    91           300 AM
 LOWEST     46           300 PM
 AVERAGE    69

..........................................................


THE COLUMBUS CLIMATE NORMALS FOR TOMORROW
                         NORMAL    RECORD    YEAR
 MAXIMUM TEMPERATURE (F)   92       102      1943
 MINIMUM TEMPERATURE (F)   73        61      1922


SUNRISE AND SUNSET
JULY 21 2017..........SUNRISE   647 AM EDT   SUNSET   845 PM EDT
JULY 22 2017..........SUNRISE   648 AM EDT   SUNSET   844 PM EDT


-  INDICATES NEGATIVE NUMBERS.
R  INDICATES RECORD WAS SET OR TIED.
MM INDICATES DATA IS MISSING.
T  INDICATES TRACE AMOUNT.




$$
