000
CDUS42 KFFC 280024
CLICSG


CLIMATE REPORT
NATIONAL WEATHER SERVICE PEACHTREE CITY GA
823 PM EDT TUE SEP 27 2016


...................................

...THE COLUMBUS CLIMATE SUMMARY FOR SEPTEMBER 27 2016...
VALID AS OF 0800 PM LOCAL TIME.

CLIMATE NORMAL PERIOD 1981 TO 2010
CLIMATE RECORD PERIOD 1948 TO 2016


WEATHER ITEM   OBSERVED TIME   RECORD YEAR NORMAL DEPARTURE LAST
                VALUE   (LST)  VALUE       VALUE  FROM      YEAR
                                                  NORMAL
..................................................................
TEMPERATURE (F)
 TODAY
  MAXIMUM         90    410 PM  97    1904  83      7       75
  MINIMUM         68    651 AM  48    1975  63      5       69
                                      1956
  AVERAGE         79                        73      6       72

PRECIPITATION (IN)
  TODAY            0.00          2.68 1942   0.09  -0.09     0.01
  MONTH TO DATE    0.75                      2.76  -2.01     1.08
  SINCE SEP 1      0.75                      2.76  -2.01     1.08
  SINCE JAN 1     27.67                     35.50  -7.83    34.37

DEGREE DAYS
 HEATING
  TODAY            0                         0      0        0
  MONTH TO DATE    0                         0      0        0
  SINCE SEP 1      0                         0      0        0
  SINCE JUL 1      0                         0      0        0

 COOLING
  TODAY           14                         8      6        7
  MONTH TO DATE  442                       325    117      291
  SINCE SEP 1    442                       325    117      291
  SINCE JAN 1   2499                      2197    302     2318
..................................................................


WIND (MPH)
  HIGHEST WIND SPEED    13   HIGHEST WIND DIRECTION     W (250)
  HIGHEST GUST SPEED    15   HIGHEST GUST DIRECTION     W (250)
  AVERAGE WIND SPEED     3.3


SKY COVER
  AVERAGE SKY COVER 0.1


WEATHER CONDITIONS
 THE FOLLOWING WEATHER WAS RECORDED TODAY.
  NO SIGNIFICANT WEATHER WAS OBSERVED.


RELATIVE HUMIDITY (PERCENT)
 HIGHEST    93           600 AM
 LOWEST     41           300 PM

..........................................................


THE COLUMBUS CLIMATE NORMALS FOR TOMORROW
                         NORMAL    RECORD
 MAXIMUM TEMPERATURE (F)   83        98
 MINIMUM TEMPERATURE (F)   62        48


SUNRISE AND SUNSET
SEPTEMBER 27 2016.....SUNRISE   731 AM EDT   SUNSET   729 PM EDT
SEPTEMBER 28 2016.....SUNRISE   732 AM EDT   SUNSET   728 PM EDT


-  INDICATES NEGATIVE NUMBERS.
R  INDICATES RECORD WAS SET OR TIED.
MM INDICATES DATA IS MISSING.
T  INDICATES TRACE AMOUNT.




$$
