000
CDUS42 KFFC 310817
CLICSG


CLIMATE REPORT
NATIONAL WEATHER SERVICE PEACHTREE CITY GA
416 AM EDT SUN JUL 31 2016


...................................

...THE COLUMBUS CLIMATE SUMMARY FOR JULY 30 2016...

CLIMATE NORMAL PERIOD 1981 TO 2010
CLIMATE RECORD PERIOD 1948 TO 2016


WEATHER ITEM   OBSERVED TIME   RECORD YEAR NORMAL DEPARTURE LAST
                VALUE   (LST)  VALUE       VALUE  FROM      YEAR
                                                  NORMAL
..................................................................
TEMPERATURE (F)
 YESTERDAY
  MAXIMUM         94    443 PM 102    2010  92      2       95
                                      1986
  MINIMUM         75    546 AM  63    2014  73      2       76
                                      1920
  AVERAGE         85                        83      2       86

PRECIPITATION (IN)
  YESTERDAY        T             1.80 1913   0.14  -0.14      T
  MONTH TO DATE    0.87                      4.61  -3.74     1.96
  SINCE JUN 1      3.02                      8.33  -5.31     6.03
  SINCE JAN 1     22.46                     28.82  -6.36    25.51

DEGREE DAYS
 HEATING
  YESTERDAY        0                         0      0        0
  MONTH TO DATE    0                         0      0        0
  SINCE JUN 1      0                         0      0        0
  SINCE JUL 1      0                         0      0        0

 COOLING
  YESTERDAY       20                        18      2       21
  MONTH TO DATE  588                       532     56      568
  SINCE JUN 1   1084                       978    106     1040
  SINCE JAN 1   1470                      1336    134     1486
..................................................................


WIND (MPH)
  HIGHEST WIND SPEED    30   HIGHEST WIND DIRECTION     N (350)
  HIGHEST GUST SPEED    41   HIGHEST GUST DIRECTION     N (340)
  AVERAGE WIND SPEED     5.7


SKY COVER
  AVERAGE SKY COVER 0.1


WEATHER CONDITIONS
 THE FOLLOWING WEATHER WAS RECORDED YESTERDAY.
  THUNDERSTORM
  LIGHT RAIN


RELATIVE HUMIDITY (PERCENT)
 HIGHEST    87           500 AM
 LOWEST     46           500 PM
 AVERAGE    67

..........................................................


THE COLUMBUS CLIMATE NORMALS FOR TODAY
                         NORMAL    RECORD    YEAR
 MAXIMUM TEMPERATURE (F)   92       104      1986
 MINIMUM TEMPERATURE (F)   73        64      1936


SUNRISE AND SUNSET
JULY 31 2016..........SUNRISE   654 AM EDT   SUNSET   838 PM EDT
AUGUST  1 2016........SUNRISE   654 AM EDT   SUNSET   837 PM EDT


-  INDICATES NEGATIVE NUMBERS.
R  INDICATES RECORD WAS SET OR TIED.
MM INDICATES DATA IS MISSING.
T  INDICATES TRACE AMOUNT.




$$
