000
CDUS45 KTFX 291011
CLICTB


CLIMATE REPORT
NATIONAL WEATHER SERVICE GREAT FALLS MT
408 AM MDT FRI JUL 29 2016


...................................

...THE CUT BANK MT CLIMATE SUMMARY FOR JULY 28 2016...

CLIMATE NORMAL PERIOD 1981 TO 2010
CLIMATE RECORD PERIOD 1903 TO 2016


WEATHER ITEM   OBSERVED TIME   RECORD YEAR NORMAL DEPARTURE LAST
                VALUE   (LST)  VALUE       VALUE  FROM      YEAR
                                                  NORMAL
..................................................................
TEMPERATURE (F)
 YESTERDAY
  MAXIMUM         84    446 PM 100    1939  82      2       74
  MINIMUM         52    350 AM  36    1930  51      1       47
  AVERAGE         68                        66      2       61

PRECIPITATION (IN)
  YESTERDAY        0.19          0.65 1915   0.03   0.16     0.00
  MONTH TO DATE    1.36                      1.17   0.19     0.95
  SINCE OCT 1      9.29                      8.38   0.91     7.68
  SINCE JAN 1      7.37                      7.36   0.01     5.15

SNOWFALL (IN)
  YESTERDAY       MM
  SNOW DEPTH       0

DEGREE DAYS
 HEATING
  YESTERDAY        0                         2     -2        4
  MONTH TO DATE   72                        82    -10       67
  SINCE JUN 1    236                       315    -79      197
  SINCE JUL 1     72                        82    -10       67

 COOLING
  YESTERDAY        3                         3      0        0
  MONTH TO DATE   39                        63    -24       63
  SINCE JUN 1     61                        78    -17      123
  SINCE JAN 1     61                        80    -19      123
..................................................................


WIND (MPH)
  HIGHEST WIND SPEED    24   HIGHEST WIND DIRECTION    NW (310)
  HIGHEST GUST SPEED    30   HIGHEST GUST DIRECTION    NW (310)
  AVERAGE WIND SPEED     5.5


SKY COVER
  AVERAGE SKY COVER 0.1


WEATHER CONDITIONS
 THE FOLLOWING WEATHER WAS RECORDED YESTERDAY.
  THUNDERSTORM
  HEAVY RAIN
  LIGHT RAIN
  FOG


RELATIVE HUMIDITY (PERCENT)
 HIGHEST   100           400 AM
 LOWEST     28           300 PM
 AVERAGE    64

..........................................................


THE CUT BANK MT CLIMATE NORMALS FOR TODAY
                         NORMAL    RECORD    YEAR
 MAXIMUM TEMPERATURE (F)   82        98      2007
                                             1934
 MINIMUM TEMPERATURE (F)   51        39      1963


SUNRISE AND SUNSET
JULY 29 2016..........SUNRISE   601 AM MDT   SUNSET   911 PM MDT
JULY 30 2016..........SUNRISE   602 AM MDT   SUNSET   909 PM MDT


-  INDICATES NEGATIVE NUMBERS.
R  INDICATES RECORD WAS SET OR TIED.
MM INDICATES DATA IS MISSING.
T  INDICATES TRACE AMOUNT.




$$
