000
CDUS45 KTFX 261022
CLICTB


CLIMATE REPORT
NATIONAL WEATHER SERVICE GREAT FALLS MT
421 AM MDT FRI AUG 26 2016


...................................

...THE CUT BANK MT CLIMATE SUMMARY FOR AUGUST 25 2016...

CLIMATE NORMAL PERIOD 1981 TO 2010
CLIMATE RECORD PERIOD 1903 TO 2016


WEATHER ITEM   OBSERVED TIME   RECORD YEAR NORMAL DEPARTURE LAST
                VALUE   (LST)  VALUE       VALUE  FROM      YEAR
                                                  NORMAL
..................................................................
TEMPERATURE (F)
 YESTERDAY
  MAXIMUM         70    216 PM  95    1926  77     -7       90
  MINIMUM         36    325 AM  25    1910  46    -10       50
  AVERAGE         53                        61     -8       70

PRECIPITATION (IN)
  YESTERDAY        0.00          1.37 1989   0.04  -0.04     0.00
  MONTH TO DATE    1.17                      0.95   0.22     0.60
  SINCE OCT 1     10.56                      9.44   1.12     8.28
  SINCE JAN 1      8.64                      8.42   0.22     5.75

SNOWFALL (IN)
  YESTERDAY       MM
  SNOW DEPTH       0

DEGREE DAYS
 HEATING
  YESTERDAY       12                         5      7        0
  MONTH TO DATE   83                        74      9       74
  SINCE JUN 1    321                       393    -72      271
  SINCE JUL 1    157                       160     -3      141

 COOLING
  YESTERDAY        0                         1     -1        5
  MONTH TO DATE   25                        59    -34       77
  SINCE JUN 1     98                       146    -48      207
  SINCE JAN 1     98                       148    -50      207
..................................................................


WIND (MPH)
  HIGHEST WIND SPEED    23   HIGHEST WIND DIRECTION     N (360)
  HIGHEST GUST SPEED    28   HIGHEST GUST DIRECTION     N (350)
  AVERAGE WIND SPEED     8.2


SKY COVER
  AVERAGE SKY COVER 0.3


WEATHER CONDITIONS
 THE FOLLOWING WEATHER WAS RECORDED YESTERDAY.
  NO SIGNIFICANT WEATHER WAS OBSERVED.


RELATIVE HUMIDITY (PERCENT)
 HIGHEST    92           200 AM
 LOWEST     26           200 PM
 AVERAGE    59

..........................................................


THE CUT BANK MT CLIMATE NORMALS FOR TODAY
                         NORMAL    RECORD    YEAR
 MAXIMUM TEMPERATURE (F)   76        95      2010
 MINIMUM TEMPERATURE (F)   46        31      1910


SUNRISE AND SUNSET
AUGUST 26 2016........SUNRISE   639 AM MDT   SUNSET   822 PM MDT
AUGUST 27 2016........SUNRISE   640 AM MDT   SUNSET   820 PM MDT


-  INDICATES NEGATIVE NUMBERS.
R  INDICATES RECORD WAS SET OR TIED.
MM INDICATES DATA IS MISSING.
T  INDICATES TRACE AMOUNT.




$$
