000
CDUS45 KTFX 251010
CLICTB


CLIMATE REPORT
NATIONAL WEATHER SERVICE GREAT FALLS MT
409 AM MDT SAT OCT 25 2014


...................................

...THE CUT BANK MT CLIMATE SUMMARY FOR OCTOBER 24 2014...

CLIMATE NORMAL PERIOD 1981 TO 2010
CLIMATE RECORD PERIOD 1903 TO 2014


WEATHER ITEM   OBSERVED TIME   RECORD YEAR NORMAL DEPARTURE LAST
                VALUE   (LST)  VALUE       VALUE  FROM      YEAR
                                                  NORMAL
..................................................................
TEMPERATURE (F)
 YESTERDAY
  MAXIMUM         56    223 PM  75    1929  52      4       65
  MINIMUM         42    941 PM  -4    1919  28     14       25
  AVERAGE         49                        40      9       45

PRECIPITATION (IN)
  YESTERDAY        0.00          0.23 1969   0.01  -0.01     0.00
  MONTH TO DATE    0.27                      0.37  -0.10     0.20
  SINCE OCT 1      0.27                      0.37  -0.10     0.20
  SINCE JAN 1     15.18                     10.25   4.93    13.90

SNOWFALL (IN)
  YESTERDAY       MM
  SNOW DEPTH       0

DEGREE DAYS
 HEATING
  YESTERDAY       16                        25     -9       20
  MONTH TO DATE  307                       499   -192      507
  SINCE SEP 1    621                       842   -221      730
  SINCE JUL 1    718                      1036   -318      802

 COOLING
  YESTERDAY        0                         0      0        0
  MONTH TO DATE    0                         0      0        0
  SINCE SEP 1     11                         8      3       31
  SINCE JAN 1    208                       161     47      226
..................................................................


WIND (MPH)
  HIGHEST WIND SPEED    44   HIGHEST WIND DIRECTION     W (250)
  HIGHEST GUST SPEED    54   HIGHEST GUST DIRECTION     W (250)
  AVERAGE WIND SPEED    19.9


SKY COVER
  AVERAGE SKY COVER 0.1


WEATHER CONDITIONS
 THE FOLLOWING WEATHER WAS RECORDED YESTERDAY.
  NO SIGNIFICANT WEATHER WAS OBSERVED.


RELATIVE HUMIDITY (PERCENT)
 HIGHEST    65           200 AM
 LOWEST     35           300 PM
 AVERAGE    50

..........................................................


THE CUT BANK MT CLIMATE NORMALS FOR TODAY
                         NORMAL    RECORD    YEAR
 MAXIMUM TEMPERATURE (F)   51        75      1929
 MINIMUM TEMPERATURE (F)   27       -12      1919


SUNRISE AND SUNSET
OCTOBER 25 2014.......SUNRISE   805 AM MDT   SUNSET   621 PM MDT
OCTOBER 26 2014.......SUNRISE   807 AM MDT   SUNSET   620 PM MDT


-  INDICATES NEGATIVE NUMBERS.
R  INDICATES RECORD WAS SET OR TIED.
MM INDICATES DATA IS MISSING.
T  INDICATES TRACE AMOUNT.




$$
