000
CDUS45 KTFX 300759
CLICTB


CLIMATE REPORT
NATIONAL WEATHER SERVICE GREAT FALLS MT
159 AM MDT SAT APR 30 2016


...................................

...THE CUT BANK MT CLIMATE SUMMARY FOR APRIL 29 2016...

CLIMATE NORMAL PERIOD 1981 TO 2010
CLIMATE RECORD PERIOD 1903 TO 2016


WEATHER ITEM   OBSERVED TIME   RECORD YEAR NORMAL DEPARTURE LAST
                VALUE   (LST)  VALUE       VALUE  FROM      YEAR
                                                  NORMAL
..................................................................
TEMPERATURE (F)
 YESTERDAY
  MAXIMUM         50    409 PM  84    1939  58     -8       68
  MINIMUM         35    729 AM  10    1954  32      3       37
  AVERAGE         43                        45     -2       53

PRECIPITATION (IN)
  YESTERDAY        0.00          1.12 1922   0.03  -0.03     0.00
  MONTH TO DATE    1.64                      0.74   0.90     0.21
  SINCE OCT 1      4.31                      2.67   1.64     3.88
  SINCE JAN 1      2.39                      1.65   0.74     1.35

SNOWFALL (IN)
  YESTERDAY       MM
  SNOW DEPTH       0

DEGREE DAYS
 HEATING
  YESTERDAY       22                        20      2       12
  MONTH TO DATE  549                       700   -151      683
  SINCE MAR 1   1393                      1738   -345     1457
  SINCE JUL 1   6858                      7798   -940     7119

 COOLING
  YESTERDAY        0                         0      0        0
  MONTH TO DATE    0                         0      0        0
  SINCE MAR 1      0                         0      0        0
  SINCE JAN 1      0                         0      0        0
..................................................................


WIND (MPH)
  HIGHEST WIND SPEED    16   HIGHEST WIND DIRECTION    SE (120)
  HIGHEST GUST SPEED    21   HIGHEST GUST DIRECTION    SE (120)
  AVERAGE WIND SPEED     7.3


SKY COVER
  AVERAGE SKY COVER 0.9


WEATHER CONDITIONS
 THE FOLLOWING WEATHER WAS RECORDED YESTERDAY.
  NO SIGNIFICANT WEATHER WAS OBSERVED.


RELATIVE HUMIDITY (PERCENT)
 HIGHEST   100          1200 AM
 LOWEST     50           400 PM
 AVERAGE    75

..........................................................


THE CUT BANK MT CLIMATE NORMALS FOR TODAY
                         NORMAL    RECORD    YEAR
 MAXIMUM TEMPERATURE (F)   58        82      1968
 MINIMUM TEMPERATURE (F)   33        13      1909


SUNRISE AND SUNSET
APRIL 30 2016.........SUNRISE   610 AM MDT   SUNSET   844 PM MDT
MAY  1 2016...........SUNRISE   609 AM MDT   SUNSET   845 PM MDT


-  INDICATES NEGATIVE NUMBERS.
R  INDICATES RECORD WAS SET OR TIED.
MM INDICATES DATA IS MISSING.
T  INDICATES TRACE AMOUNT.




$$
