000
CDUS45 KTFX 132330
CLICTB


CLIMATE REPORT
NATIONAL WEATHER SERVICE GREAT FALLS MT
430 PM MST WED DEC 13 2017


...................................

...THE CUT BANK MT CLIMATE SUMMARY FOR DECEMBER 13 2017...
VALID TODAY AS OF 0400 PM LOCAL TIME.

CLIMATE NORMAL PERIOD 1981 TO 2010
CLIMATE RECORD PERIOD 1903 TO 2017


WEATHER ITEM   OBSERVED TIME   RECORD YEAR NORMAL DEPARTURE LAST
                VALUE   (LST)  VALUE       VALUE  FROM      YEAR
                                                  NORMAL
..................................................................
TEMPERATURE (F)
 TODAY
  MAXIMUM         44    201 PM  57    1952  32     12       10
  MINIMUM         20    508 AM -33    1922  12      8      -18
  AVERAGE         32                        22     10       -4

PRECIPITATION (IN)
  TODAY            0.00          0.32 1929   0.01  -0.01     0.00
  MONTH TO DATE    T                         0.09  -0.09     0.07
  SINCE OCT 1      1.01                      0.89   0.12     1.40
  SINCE JAN 1      9.13                     10.77  -1.64    11.30

DEGREE DAYS
 HEATING
  TODAY           33                        43    -10       69
  MONTH TO DATE  398                       543   -145      760
  SINCE DEC 1    398                       543   -145      760
  SINCE JUL 1   2622                      2806   -184     2738

 COOLING
  TODAY            0                         0      0        0
  MONTH TO DATE    0                         0      0        0
  SINCE DEC 1      0                         0      0        0
  SINCE JAN 1    250                       162     88      108
..................................................................


WIND (MPH)
  HIGHEST WIND SPEED    15   HIGHEST WIND DIRECTION    NW (310)
  HIGHEST GUST SPEED    20   HIGHEST GUST DIRECTION     W (270)
  AVERAGE WIND SPEED     8.9


SKY COVER
  AVERAGE SKY COVER 0.2


WEATHER CONDITIONS
 THE FOLLOWING WEATHER WAS RECORDED TODAY.
  NO SIGNIFICANT WEATHER WAS OBSERVED.


RELATIVE HUMIDITY (PERCENT)
 HIGHEST    67           500 AM
 LOWEST     39           300 PM
 AVERAGE    53

..........................................................


THE CUT BANK MT CLIMATE NORMALS FOR TOMORROW
                         NORMAL    RECORD    YEAR
 MAXIMUM TEMPERATURE (F)   32        65      1952
 MINIMUM TEMPERATURE (F)   12       -28      1922


SUNRISE AND SUNSET
DECEMBER 13 2017......SUNRISE   814 AM MST   SUNSET   434 PM MST
DECEMBER 14 2017......SUNRISE   815 AM MST   SUNSET   434 PM MST


-  INDICATES NEGATIVE NUMBERS.
R  INDICATES RECORD WAS SET OR TIED.
MM INDICATES DATA IS MISSING.
T  INDICATES TRACE AMOUNT.




$$
