000
CDUS45 KTFX 252330
CLICTB


CLIMATE REPORT
NATIONAL WEATHER SERVICE GREAT FALLS MT
430 PM MST SUN FEB 25 2018


...................................

...THE CUT BANK MT CLIMATE SUMMARY FOR FEBRUARY 25 2018...
VALID TODAY AS OF 0400 PM LOCAL TIME.

CLIMATE NORMAL PERIOD 1981 TO 2010
CLIMATE RECORD PERIOD 1903 TO 2018


WEATHER ITEM   OBSERVED TIME   RECORD YEAR NORMAL DEPARTURE LAST
                VALUE   (LST)  VALUE       VALUE  FROM      YEAR
                                                  NORMAL
..................................................................
TEMPERATURE (F)
 TODAY
  MAXIMUM         31    329 PM  60    2005  37     -6       30
                                      1992
  MINIMUM         19    224 AM -35    2011  15      4        9
  AVERAGE         25                        26     -1       20

PRECIPITATION (IN)
  TODAY            0.00          0.30 1904   0.01  -0.01     0.00
  MONTH TO DATE    T                         0.18  -0.18     0.77
  SINCE OCT 1      2.21                      1.40   0.81     2.80
  SINCE JAN 1      0.10                      0.38  -0.28     1.37

DEGREE DAYS
 HEATING
  TODAY           40                        39      1       45
  MONTH TO DATE 1447                      1026    421     1090
  SINCE DEC 1   4170                      3681    489     4219
  SINCE JUL 1   6394                      5944    450     6197

 COOLING
  TODAY            0                         0      0        0
  MONTH TO DATE    0                         0      0        0
  SINCE DEC 1      0                         0      0        0
  SINCE JAN 1      0                         0      0        0
..................................................................


WIND (MPH)
  HIGHEST WIND SPEED    49   HIGHEST WIND DIRECTION     W (260)
  HIGHEST GUST SPEED    58   HIGHEST GUST DIRECTION     W (250)
  AVERAGE WIND SPEED    30.7


SKY COVER
  AVERAGE SKY COVER 0.0


WEATHER CONDITIONS
 THE FOLLOWING WEATHER WAS RECORDED TODAY.
  NO SIGNIFICANT WEATHER WAS OBSERVED.


RELATIVE HUMIDITY (PERCENT)
 HIGHEST    75          1100 AM
 LOWEST     62          1200 AM
 AVERAGE    69

..........................................................


THE CUT BANK MT CLIMATE NORMALS FOR TOMORROW
                         NORMAL    RECORD    YEAR
 MAXIMUM TEMPERATURE (F)   37        66      1992
 MINIMUM TEMPERATURE (F)   15       -30      1904


SUNRISE AND SUNSET
FEBRUARY 25 2018......SUNRISE   719 AM MST   SUNSET   607 PM MST
FEBRUARY 26 2018......SUNRISE   717 AM MST   SUNSET   609 PM MST


-  INDICATES NEGATIVE NUMBERS.
R  INDICATES RECORD WAS SET OR TIED.
MM INDICATES DATA IS MISSING.
T  INDICATES TRACE AMOUNT.




$$
