000
CDUS45 KTFX 270739
CLICTB


CLIMATE REPORT
NATIONAL WEATHER SERVICE GREAT FALLS MT
1238 AM MST MON FEB 27 2017


...................................

...THE CUT BANK MT CLIMATE SUMMARY FOR FEBRUARY 26 2017...

CLIMATE NORMAL PERIOD 1981 TO 2010
CLIMATE RECORD PERIOD 1903 TO 2017


WEATHER ITEM   OBSERVED TIME   RECORD YEAR NORMAL DEPARTURE LAST
                VALUE   (LST)  VALUE       VALUE  FROM      YEAR
                                                  NORMAL
..................................................................
TEMPERATURE (F)
 YESTERDAY
  MAXIMUM         25    203 AM  66    1992  37    -12       63
  MINIMUM         11   1159 PM -30    1904  15     -4       33
  AVERAGE         18                        26     -8       48

PRECIPITATION (IN)
  YESTERDAY        T             0.32 1958   0.01  -0.01     0.00
  MONTH TO DATE    0.16                      0.19  -0.03     0.01
  SINCE OCT 1      2.19                      1.41   0.78     2.37
  SINCE JAN 1      0.76                      0.39   0.37     0.45

SNOWFALL (IN)
  YESTERDAY       MM
  SNOW DEPTH       1

DEGREE DAYS
 HEATING
  YESTERDAY       47                        39      8       17
  MONTH TO DATE 1137                      1065     72      733
  SINCE DEC 1   4266                      3720    546     3346
  SINCE JUL 1   6244                      5983    261     5384

 COOLING
  YESTERDAY        0                         0      0        0
  MONTH TO DATE    0                         0      0        0
  SINCE DEC 1      0                         0      0        0
  SINCE JAN 1      0                         0      0        0
..................................................................


WIND (MPH)
  HIGHEST WIND SPEED    22   HIGHEST WIND DIRECTION     N (10)
  HIGHEST GUST SPEED    26   HIGHEST GUST DIRECTION    NW (330)
  AVERAGE WIND SPEED    13.0


SKY COVER
  AVERAGE SKY COVER 1.0


WEATHER CONDITIONS
 THE FOLLOWING WEATHER WAS RECORDED YESTERDAY.
  LIGHT SNOW
  FOG
  HAZE


RELATIVE HUMIDITY (PERCENT)
 HIGHEST    92           400 AM
 LOWEST     61           300 PM
 AVERAGE    77

..........................................................


THE CUT BANK MT CLIMATE NORMALS FOR TODAY
                         NORMAL    RECORD    YEAR
 MAXIMUM TEMPERATURE (F)   38        71      1992
 MINIMUM TEMPERATURE (F)   15       -24      1960


SUNRISE AND SUNSET
FEBRUARY 27 2017......SUNRISE   714 AM MST   SUNSET   611 PM MST
FEBRUARY 28 2017......SUNRISE   712 AM MST   SUNSET   612 PM MST


-  INDICATES NEGATIVE NUMBERS.
R  INDICATES RECORD WAS SET OR TIED.
MM INDICATES DATA IS MISSING.
T  INDICATES TRACE AMOUNT.




$$
