000
CDUS45 KTFX 040839
CLICTB


CLIMATE REPORT
NATIONAL WEATHER SERVICE GREAT FALLS MT
136 AM MST WED MAR 4 2015


...................................

...THE CUT BANK MT CLIMATE SUMMARY FOR MARCH 3 2015...

CLIMATE NORMAL PERIOD 1981 TO 2010
CLIMATE RECORD PERIOD 1903 TO 2015


WEATHER ITEM   OBSERVED TIME   RECORD YEAR NORMAL DEPARTURE LAST
                VALUE   (LST)  VALUE       VALUE  FROM      YEAR
                                                  NORMAL
..................................................................
TEMPERATURE (F)
 YESTERDAY
  MAXIMUM         19    344 PM  65    1986  39    -20        7
  MINIMUM         -5    741 AM -32    1960  16    -21       -6
  AVERAGE          7                        27    -20        1

PRECIPITATION (IN)
  YESTERDAY        0.00          0.28 1938   0.02  -0.02      T
  MONTH TO DATE    T                         0.04  -0.04     0.07
  SINCE OCT 1      3.32                      1.47   1.85     2.60
  SINCE JAN 1      0.79                      0.45   0.34     1.40

SNOWFALL (IN)
  YESTERDAY        0.0
  SNOW DEPTH      MM

DEGREE DAYS
 HEATING
  YESTERDAY       58                        38     20       64
  MONTH TO DATE  149                       114     35      221
  SINCE MAR 1    149                       114     35      221
  SINCE JUL 1   5811                      6174   -363     6427

 COOLING
  YESTERDAY        0                         0      0        0
  MONTH TO DATE    0                         0      0        0
  SINCE MAR 1      0                         0      0        0
  SINCE JAN 1      0                         0      0        0
..................................................................


WIND (MPH)
  HIGHEST WIND SPEED    18   HIGHEST WIND DIRECTION     N (360)
  HIGHEST GUST SPEED    22   HIGHEST GUST DIRECTION     N (340)
  AVERAGE WIND SPEED     8.8


SKY COVER
  AVERAGE SKY COVER 0.3


WEATHER CONDITIONS
 THE FOLLOWING WEATHER WAS RECORDED YESTERDAY.
  NO SIGNIFICANT WEATHER WAS OBSERVED.


RELATIVE HUMIDITY (PERCENT)
 HIGHEST    91           600 AM
 LOWEST     37           500 PM
 AVERAGE    64

..........................................................


THE CUT BANK MT CLIMATE NORMALS FOR TODAY
                         NORMAL    RECORD    YEAR
 MAXIMUM TEMPERATURE (F)   39        64      1987
 MINIMUM TEMPERATURE (F)   16       -25      1962


SUNRISE AND SUNSET
MARCH  4 2015.........SUNRISE   706 AM MST   SUNSET   618 PM MST
MARCH  5 2015.........SUNRISE   704 AM MST   SUNSET   619 PM MST


-  INDICATES NEGATIVE NUMBERS.
R  INDICATES RECORD WAS SET OR TIED.
MM INDICATES DATA IS MISSING.
T  INDICATES TRACE AMOUNT.




$$
