000
CDUS45 KTFX 071014
CLICTB


CLIMATE REPORT
NATIONAL WEATHER SERVICE GREAT FALLS MT
410 AM MDT TUE JUL 7 2015


...................................

...THE CUT BANK MT CLIMATE SUMMARY FOR JULY 6 2015...

CLIMATE NORMAL PERIOD 1981 TO 2010
CLIMATE RECORD PERIOD 1903 TO 2015


WEATHER ITEM   OBSERVED TIME   RECORD YEAR NORMAL DEPARTURE LAST
                VALUE   (LST)  VALUE       VALUE  FROM      YEAR
                                                  NORMAL
..................................................................
TEMPERATURE (F)
 YESTERDAY
  MAXIMUM         75    405 PM 106    2007  77     -2       83
  MINIMUM         39    503 AM  34    1952  49    -10       58
  AVERAGE         57                        63     -6       71

PRECIPITATION (IN)
  YESTERDAY        0.00          1.36 1993   0.05  -0.05     0.00
  MONTH TO DATE    0.68                      0.33   0.35     0.00
  SINCE OCT 1      7.41                      7.54  -0.13    11.93
  SINCE JAN 1      4.88                      6.52  -1.64    10.73

SNOWFALL (IN)
  YESTERDAY       MM
  SNOW DEPTH       0

DEGREE DAYS
 HEATING
  YESTERDAY        8                         4      4        0
  MONTH TO DATE   22                        26     -4        3
  SINCE JUN 1    152                       259   -107      276
  SINCE JUL 1     22                        26     -4        3

 COOLING
  YESTERDAY        0                         2     -2        6
  MONTH TO DATE   16                         7      9       26
  SINCE JUN 1     76                        22     54       27
  SINCE JAN 1     76                        24     52       27
..................................................................


WIND (MPH)
  HIGHEST WIND SPEED    16   HIGHEST WIND DIRECTION     S (190)
  HIGHEST GUST SPEED    20   HIGHEST GUST DIRECTION    SE (150)
  AVERAGE WIND SPEED     6.8


SKY COVER
  AVERAGE SKY COVER 0.0


WEATHER CONDITIONS
 THE FOLLOWING WEATHER WAS RECORDED YESTERDAY.
  FOG


RELATIVE HUMIDITY (PERCENT)
 HIGHEST   100           400 AM
 LOWEST     29           500 PM
 AVERAGE    65

..........................................................


THE CUT BANK MT CLIMATE NORMALS FOR TODAY
                         NORMAL    RECORD    YEAR
 MAXIMUM TEMPERATURE (F)   77        93      1985
 MINIMUM TEMPERATURE (F)   49        37      1952


SUNRISE AND SUNSET
JULY  7 2015..........SUNRISE   535 AM MDT   SUNSET   933 PM MDT
JULY  8 2015..........SUNRISE   536 AM MDT   SUNSET   932 PM MDT


-  INDICATES NEGATIVE NUMBERS.
R  INDICATES RECORD WAS SET OR TIED.
MM INDICATES DATA IS MISSING.
T  INDICATES TRACE AMOUNT.




$$
