000
CDUS45 KTFX 231055
CLICTB


CLIMATE REPORT
NATIONAL WEATHER SERVICE GREAT FALLS MT
455 AM MDT WED JUL 23 2014


...................................

...THE CUT BANK MT CLIMATE SUMMARY FOR JULY 22 2014...

CLIMATE NORMAL PERIOD 1981 TO 2010
CLIMATE RECORD PERIOD 1903 TO 2014


WEATHER ITEM   OBSERVED TIME   RECORD YEAR NORMAL DEPARTURE LAST
                VALUE   (LST)  VALUE       VALUE  FROM      YEAR
                                                  NORMAL
..................................................................
TEMPERATURE (F)
 YESTERDAY
  MAXIMUM         81    604 PM 101    1936  81      0       81
  MINIMUM         45    356 AM  36    1984  51     -6       48
  AVERAGE         63                        66     -3       65

PRECIPITATION (IN)
  YESTERDAY        0.19          0.50 1924   0.03   0.16     0.09
  MONTH TO DATE    0.41                      0.97  -0.56     1.64
  SINCE OCT 1     12.34                      8.18   4.16    11.60
  SINCE JAN 1     11.14                      7.16   3.98     9.43

SNOWFALL (IN)
  YESTERDAY       MM
  SNOW DEPTH       0

DEGREE DAYS
 HEATING
  YESTERDAY        2                         2      0        0
  MONTH TO DATE    6                        70    -64       26
  SINCE JUN 1    279                       303    -24      235
  SINCE JUL 1      6                        70    -64       26

 COOLING
  YESTERDAY        0                         3     -3        0
  MONTH TO DATE   74                        45     29       68
  SINCE JUN 1     75                        60     15       80
  SINCE JAN 1     75                        62     13       82
..................................................................


WIND (MPH)
  HIGHEST WIND SPEED    22   HIGHEST WIND DIRECTION     S (200)
  HIGHEST GUST SPEED    28   HIGHEST GUST DIRECTION     S (180)
  AVERAGE WIND SPEED     4.8


SKY COVER
  AVERAGE SKY COVER 0.2


WEATHER CONDITIONS
 THE FOLLOWING WEATHER WAS RECORDED YESTERDAY.
  THUNDERSTORM
  HEAVY RAIN


RELATIVE HUMIDITY (PERCENT)
 HIGHEST   100           400 AM
 LOWEST     25           600 PM
 AVERAGE    63

..........................................................


THE CUT BANK MT CLIMATE NORMALS FOR TODAY
                         NORMAL    RECORD    YEAR
 MAXIMUM TEMPERATURE (F)   81       100      2007
 MINIMUM TEMPERATURE (F)   51        37      1982


SUNRISE AND SUNSET
JULY 23 2014..........SUNRISE   552 AM MDT   SUNSET   919 PM MDT
JULY 24 2014..........SUNRISE   554 AM MDT   SUNSET   918 PM MDT


-  INDICATES NEGATIVE NUMBERS.
R  INDICATES RECORD WAS SET OR TIED.
MM INDICATES DATA IS MISSING.
T  INDICATES TRACE AMOUNT.




$$
