000
CDUS45 KTFX 291100
CLICTB


CLIMATE REPORT
NATIONAL WEATHER SERVICE GREAT FALLS MT
456 AM MDT THU SEP 29 2016


...................................

...THE CUT BANK MT CLIMATE SUMMARY FOR SEPTEMBER 28 2016...

CLIMATE NORMAL PERIOD 1981 TO 2010
CLIMATE RECORD PERIOD 1903 TO 2016


WEATHER ITEM   OBSERVED TIME   RECORD YEAR NORMAL DEPARTURE LAST
                VALUE   (LST)  VALUE       VALUE  FROM      YEAR
                                                  NORMAL
..................................................................
TEMPERATURE (F)
 YESTERDAY
  MAXIMUM         64    430 PM  87    1967  63      1       62
  MINIMUM         36    519 AM  20    1984  36      0       29
  AVERAGE         50                        50      0       46

PRECIPITATION (IN)
  YESTERDAY        0.00          0.40 1925   0.03  -0.03     0.00
  MONTH TO DATE    1.26                      1.16   0.10     2.55
  SINCE OCT 1     11.82                     10.84   0.98    10.83
  SINCE JAN 1      9.90                      9.82   0.08     8.30

SNOWFALL (IN)
  YESTERDAY       MM
  SNOW DEPTH       0

DEGREE DAYS
 HEATING
  YESTERDAY       15                        16     -1       19
  MONTH TO DATE  332                       313     19      286
  SINCE SEP 1    332                       313     19      286
  SINCE JUL 1    505                       507     -2      437

 COOLING
  YESTERDAY        0                         0      0        0
  MONTH TO DATE    5                         6     -1        3
  SINCE SEP 1      5                         6     -1        3
  SINCE JAN 1    108                       159    -51      231
..................................................................


WIND (MPH)
  HIGHEST WIND SPEED    15   HIGHEST WIND DIRECTION    SE (140)
  HIGHEST GUST SPEED    19   HIGHEST GUST DIRECTION     E (110)
  AVERAGE WIND SPEED     6.8


SKY COVER
  AVERAGE SKY COVER 0.1


WEATHER CONDITIONS
 THE FOLLOWING WEATHER WAS RECORDED YESTERDAY.
  NO SIGNIFICANT WEATHER WAS OBSERVED.


RELATIVE HUMIDITY (PERCENT)
 HIGHEST    89           500 AM
 LOWEST     44           300 PM
 AVERAGE    67

..........................................................


THE CUT BANK MT CLIMATE NORMALS FOR TODAY
                         NORMAL    RECORD    YEAR
 MAXIMUM TEMPERATURE (F)   63        91      1967
 MINIMUM TEMPERATURE (F)   36        18      1985


SUNRISE AND SUNSET
SEPTEMBER 29 2016.....SUNRISE   727 AM MDT   SUNSET   711 PM MDT
SEPTEMBER 30 2016.....SUNRISE   728 AM MDT   SUNSET   709 PM MDT


-  INDICATES NEGATIVE NUMBERS.
R  INDICATES RECORD WAS SET OR TIED.
MM INDICATES DATA IS MISSING.
T  INDICATES TRACE AMOUNT.




$$
