000
CDUS42 KTAE 200630
CLICTY


CLIMATE REPORT
NATIONAL WEATHER SERVICE TALLAHASSEE FL
230 AM EDT SUN AUG 20 2017


...................................

...THE CROSS CITY  CLIMATE SUMMARY FOR AUGUST 19 2017...

CLIMATE NORMAL PERIOD 1981 TO 2010
CLIMATE RECORD PERIOD 1948 TO 2017


WEATHER ITEM   OBSERVED TIME   NORMAL DEPARTURE LAST
                VALUE   (LST)  VALUE  FROM      YEAR
                                      NORMAL
......................................................
TEMPERATURE (F)
 YESTERDAY
  MAXIMUM         94        MM  91      3       91
  MINIMUM         74        MM  72      2       75
  AVERAGE         84            81      3

PRECIPITATION (IN)
  YESTERDAY        0.00          0.26  -0.26     0.39
  MONTH TO DATE    9.90          4.35   5.55    13.35
  SINCE JUN 1     34.03         15.10  18.93    25.00
  SINCE JAN 1     44.19         32.27  11.92    41.75

DEGREE DAYS
 HEATING
  YESTERDAY        0             0      0
  MONTH TO DATE    0             0      0
  SINCE JUN 1      0             0      0
  SINCE JUL 1      0             0      0

 COOLING
  YESTERDAY       19            16      3
  MONTH TO DATE  327           314     13
  SINCE JUN 1   1304          1269     35
  SINCE JAN 1   1905          1748    157
......................................................


WIND (MPH)
  RESULTANT WIND SPEED   1   RESULTANT WIND DIRECTION   W (270)
  HIGHEST WIND SPEED     9   HIGHEST WIND DIRECTION     W (250)
  HIGHEST GUST SPEED    MM   HIGHEST GUST DIRECTION    MM
  AVERAGE WIND SPEED     3.3



WEATHER CONDITIONS
 THE FOLLOWING WEATHER WAS RECORDED YESTERDAY.
  THUNDERSTORM
  FOG


RELATIVE HUMIDITY (PERCENT)
 HIGHEST   100
 LOWEST     52

..........................................................




SUNRISE AND SUNSET
AUGUST 20 2017........SUNRISE   703 AM EDT   SUNSET   808 PM EDT
AUGUST 21 2017........SUNRISE   704 AM EDT   SUNSET   807 PM EDT


-  INDICATES NEGATIVE NUMBERS.
R  INDICATES RECORD WAS SET OR TIED.
MM INDICATES DATA IS MISSING.
T  INDICATES TRACE AMOUNT.




$$
