000
CDUS42 KTAE 270636
CLICTY


CLIMATE REPORT
NATIONAL WEATHER SERVICE TALLAHASSEE FL
136 AM EST TUE JAN 27 2015


...................................

...THE CROSS CITY (AWOS) CLIMATE SUMMARY FOR JANUARY 26 2015...

CLIMATE NORMAL PERIOD 1981 TO 2010
CLIMATE RECORD PERIOD 1948 TO 2015


WEATHER ITEM   OBSERVED TIME   NORMAL DEPARTURE LAST
                VALUE   (LST)  VALUE  FROM      YEAR
                                      NORMAL
......................................................
TEMPERATURE (F)
 YESTERDAY
  MAXIMUM         61    109 PM  67     -6
  MINIMUM         43   1159 PM  41      2
  AVERAGE         52            54     -2

PRECIPITATION (IN)
  YESTERDAY        0.01          0.14  -0.13     0.00
  MONTH TO DATE    2.94          3.46  -0.52     3.87
  SINCE DEC 1      6.18          5.98   0.20     5.69
  SINCE JAN 1      2.94          3.46  -0.52     3.87

DEGREE DAYS
 HEATING
  YESTERDAY       13            11      2
  MONTH TO DATE  250           319    -69
  SINCE DEC 1    459           656   -197
  SINCE JUL 1    744           824    -80

 COOLING
  YESTERDAY        0             0      0
  MONTH TO DATE   16             0     16
  SINCE DEC 1     54            18     36
  SINCE JAN 1     16             0     16
......................................................


WIND (MPH)
  RESULTANT WIND SPEED   9   RESULTANT WIND DIRECTION   W (290)
  HIGHEST WIND SPEED    23   HIGHEST WIND DIRECTION    NW (300)
  HIGHEST GUST SPEED    30   HIGHEST GUST DIRECTION     W (280)
  AVERAGE WIND SPEED    10.0



WEATHER CONDITIONS
 THE FOLLOWING WEATHER WAS RECORDED YESTERDAY.
  NO SIGNIFICANT WEATHER WAS OBSERVED.


RELATIVE HUMIDITY (PERCENT)
 HIGHEST   100
 LOWEST     46

..........................................................




SUNRISE AND SUNSET
JANUARY 27 2015.......SUNRISE   725 AM EST   SUNSET   606 PM EST
JANUARY 28 2015.......SUNRISE   724 AM EST   SUNSET   607 PM EST


-  INDICATES NEGATIVE NUMBERS.
R  INDICATES RECORD WAS SET OR TIED.
MM INDICATES DATA IS MISSING.
T  INDICATES TRACE AMOUNT.




$$
