000
CDUS42 KTAE 270633
CLICTY


CLIMATE REPORT
NATIONAL WEATHER SERVICE TALLAHASSEE FL
233 AM EDT SAT AUG 27 2016


...................................

...THE CROSS CITY  CLIMATE SUMMARY FOR AUGUST 26 2016...

CLIMATE NORMAL PERIOD 1981 TO 2010
CLIMATE RECORD PERIOD 1948 TO 2016


WEATHER ITEM   OBSERVED TIME   NORMAL DEPARTURE LAST
                VALUE   (LST)  VALUE  FROM      YEAR
                                      NORMAL
......................................................
TEMPERATURE (F)
 YESTERDAY
  MAXIMUM         91   1255 PM  91      0       95
  MINIMUM         73    535 AM  71      2       75
  AVERAGE         82            81      1

PRECIPITATION (IN)
  YESTERDAY        0.00          0.28  -0.28     0.99
  MONTH TO DATE   14.84          6.23   8.61    14.84
  SINCE JUN 1     26.49         16.98   9.51    40.57
  SINCE JAN 1     43.24         34.15   9.09    53.71

DEGREE DAYS
 HEATING
  YESTERDAY        0             0      0
  MONTH TO DATE    0             0      0
  SINCE JUN 1      0             0      0
  SINCE JUL 1      0             0      0

 COOLING
  YESTERDAY       17            16      1
  MONTH TO DATE  413           426    -13
  SINCE JUN 1   1551          1381    170
  SINCE JAN 1   2226          1860    366
......................................................


WIND (MPH)
  RESULTANT WIND SPEED   6   RESULTANT WIND DIRECTION  NE (60)
  HIGHEST WIND SPEED    10   HIGHEST WIND DIRECTION    NE (50)
  HIGHEST GUST SPEED    17   HIGHEST GUST DIRECTION    NE (50)
  AVERAGE WIND SPEED     6.1



WEATHER CONDITIONS
 THE FOLLOWING WEATHER WAS RECORDED YESTERDAY.
  NO SIGNIFICANT WEATHER WAS OBSERVED.


RELATIVE HUMIDITY (PERCENT)
 HIGHEST    93
 LOWEST     52

..........................................................




SUNRISE AND SUNSET
AUGUST 27 2016........SUNRISE   707 AM EDT   SUNSET   800 PM EDT
AUGUST 28 2016........SUNRISE   708 AM EDT   SUNSET   759 PM EDT


-  INDICATES NEGATIVE NUMBERS.
R  INDICATES RECORD WAS SET OR TIED.
MM INDICATES DATA IS MISSING.
T  INDICATES TRACE AMOUNT.




$$
