000
CDUS42 KTAE 170632
CLICTY


CLIMATE REPORT
NATIONAL WEATHER SERVICE TALLAHASSEE FL
232 AM EDT THU APR 17 2014


...................................

...THE CROSS CITY (AWOS) CLIMATE SUMMARY FOR APRIL 16 2014...

CLIMATE NORMAL PERIOD 1981 TO 2010
CLIMATE RECORD PERIOD 1948 TO 2014


WEATHER ITEM   OBSERVED TIME   NORMAL DEPARTURE LAST
                VALUE   (LST)  VALUE  FROM      YEAR
                                      NORMAL
......................................................
TEMPERATURE (F)
 YESTERDAY
  MAXIMUM         71    426 PM  80     -9
  MINIMUM         43    649 AM  54    -11
  AVERAGE         57            67    -10

PRECIPITATION (IN)
  YESTERDAY        0.00          0.10  -0.10     0.00
  MONTH TO DATE    2.34          2.04   0.30     1.49
  SINCE MAR 1      7.30          6.25   1.05     2.70
  SINCE JAN 1     17.45         13.56   3.89     6.21

DEGREE DAYS
 HEATING
  YESTERDAY        8             2      6
  MONTH TO DATE   17            37    -20
  SINCE MAR 1    182           172     10
  SINCE JUL 1   1177          1292   -115

 COOLING
  YESTERDAY        0             3     -3
  MONTH TO DATE   54            47      7
  SINCE MAR 1     71            94    -23
  SINCE JAN 1    106           121    -15
......................................................


WIND (MPH)
  RESULTANT WIND SPEED   9   RESULTANT WIND DIRECTION  NE (40)
  HIGHEST WIND SPEED    15   HIGHEST WIND DIRECTION     E (70)
  HIGHEST GUST SPEED    24   HIGHEST GUST DIRECTION     E (70)
  AVERAGE WIND SPEED     9.4



WEATHER CONDITIONS
 THE FOLLOWING WEATHER WAS RECORDED YESTERDAY.
  NO SIGNIFICANT WEATHER WAS OBSERVED.


RELATIVE HUMIDITY (PERCENT)
 HIGHEST    82
 LOWEST     44

..........................................................




SUNRISE AND SUNSET
APRIL 17 2014.........SUNRISE   704 AM EDT   SUNSET   800 PM EDT
APRIL 18 2014.........SUNRISE   703 AM EDT   SUNSET   801 PM EDT


-  INDICATES NEGATIVE NUMBERS.
R  INDICATES RECORD WAS SET OR TIED.
MM INDICATES DATA IS MISSING.
T  INDICATES TRACE AMOUNT.




$$
