000
CDUS42 KTAE 050637
CLICTY


CLIMATE REPORT
NATIONAL WEATHER SERVICE TALLAHASSEE FL
237 AM EDT WED AUG 5 2015


...................................

...THE CROSS CITY  CLIMATE SUMMARY FOR AUGUST 4 2015...

CLIMATE NORMAL PERIOD 1981 TO 2010
CLIMATE RECORD PERIOD 1948 TO 2015


WEATHER ITEM   OBSERVED TIME   NORMAL DEPARTURE LAST
                VALUE   (LST)  VALUE  FROM      YEAR
                                      NORMAL
......................................................
TEMPERATURE (F)
 YESTERDAY
  MAXIMUM         88    324 PM  91     -3       95
  MINIMUM         76    928 AM  72      4       74
  AVERAGE         82            82      0

PRECIPITATION (IN)
  YESTERDAY        0.11          0.22  -0.11     0.45
  MONTH TO DATE    9.90          0.97   8.93     0.45
  SINCE JUN 1     35.54         11.72  23.82    11.51
  SINCE JAN 1     48.68         28.89  19.79    37.01

DEGREE DAYS
 HEATING
  YESTERDAY        0             0      0
  MONTH TO DATE    0             0      0
  SINCE JUN 1      0             0      0
  SINCE JUL 1      0             0      0

 COOLING
  YESTERDAY       17            17      0
  MONTH TO DATE   64            68     -4
  SINCE JUN 1   1133          1023    110
  SINCE JAN 1   1972          1502    470
......................................................


WIND (MPH)
  RESULTANT WIND SPEED   4   RESULTANT WIND DIRECTION  SW (230)
  HIGHEST WIND SPEED    15   HIGHEST WIND DIRECTION    NW (330)
  HIGHEST GUST SPEED    19   HIGHEST GUST DIRECTION     N (340)
  AVERAGE WIND SPEED     5.4



WEATHER CONDITIONS
 THE FOLLOWING WEATHER WAS RECORDED YESTERDAY.
  NO SIGNIFICANT WEATHER WAS OBSERVED.


RELATIVE HUMIDITY (PERCENT)
 HIGHEST    97
 LOWEST     68

..........................................................




SUNRISE AND SUNSET
AUGUST  5 2015........SUNRISE   654 AM EDT   SUNSET   822 PM EDT
AUGUST  6 2015........SUNRISE   655 AM EDT   SUNSET   821 PM EDT


-  INDICATES NEGATIVE NUMBERS.
R  INDICATES RECORD WAS SET OR TIED.
MM INDICATES DATA IS MISSING.
T  INDICATES TRACE AMOUNT.




$$
