000
CDUS42 KTAE 090635
CLICTY


CLIMATE REPORT
NATIONAL WEATHER SERVICE TALLAHASSEE FL
135 AM EST TUE FEB 9 2016


...................................

...THE CROSS CITY  CLIMATE SUMMARY FOR FEBRUARY 8 2016...

CLIMATE NORMAL PERIOD 1981 TO 2010
CLIMATE RECORD PERIOD 1948 TO 2016


WEATHER ITEM   OBSERVED TIME   NORMAL DEPARTURE LAST
                VALUE   (LST)  VALUE  FROM      YEAR
                                      NORMAL
......................................................
TEMPERATURE (F)
 YESTERDAY
  MAXIMUM         65    327 PM  69     -4       73
  MINIMUM         32    742 AM  43    -11       37
  AVERAGE         49            56     -7

PRECIPITATION (IN)
  YESTERDAY        0.01          0.07  -0.06     0.00
  MONTH TO DATE    2.95          0.78   2.17     1.16
  SINCE DEC 1      8.29          7.34   0.95     7.34
  SINCE JAN 1      6.03          4.82   1.21     4.10

DEGREE DAYS
 HEATING
  YESTERDAY       16            10      6
  MONTH TO DATE   69            80    -11
  SINCE DEC 1    499           790   -291
  SINCE JUL 1    537           958   -421

 COOLING
  YESTERDAY        0             1     -1
  MONTH TO DATE   17             8      9
  SINCE DEC 1    187            37    150
  SINCE JAN 1     21            19      2
......................................................


WIND (MPH)
  RESULTANT WIND SPEED   9   RESULTANT WIND DIRECTION   W (260)
  HIGHEST WIND SPEED    26   HIGHEST WIND DIRECTION     W (280)
  HIGHEST GUST SPEED    39   HIGHEST GUST DIRECTION     W (270)
  AVERAGE WIND SPEED    10.3



WEATHER CONDITIONS
 THE FOLLOWING WEATHER WAS RECORDED YESTERDAY.
  NO SIGNIFICANT WEATHER WAS OBSERVED.


RELATIVE HUMIDITY (PERCENT)
 HIGHEST    96
 LOWEST     39

..........................................................




SUNRISE AND SUNSET
FEBRUARY  9 2016......SUNRISE   717 AM EST   SUNSET   616 PM EST
FEBRUARY 10 2016......SUNRISE   716 AM EST   SUNSET   617 PM EST


-  INDICATES NEGATIVE NUMBERS.
R  INDICATES RECORD WAS SET OR TIED.
MM INDICATES DATA IS MISSING.
T  INDICATES TRACE AMOUNT.




$$
