000
CDUS42 KTAE 280639
CLICTY


CLIMATE REPORT
NATIONAL WEATHER SERVICE TALLAHASSEE FL
238 AM EDT THU MAY 28 2015


...................................

...THE CROSS CITY  CLIMATE SUMMARY FOR MAY 27 2015...

CLIMATE NORMAL PERIOD 1981 TO 2010
CLIMATE RECORD PERIOD 1948 TO 2015


WEATHER ITEM   OBSERVED TIME   NORMAL DEPARTURE LAST
                VALUE   (LST)  VALUE  FROM      YEAR
                                      NORMAL
......................................................
TEMPERATURE (F)
 YESTERDAY
  MAXIMUM         92    350 PM  90      2       88
  MINIMUM         70    601 AM  65      5       66
  AVERAGE         81            78      3

PRECIPITATION (IN)
  YESTERDAY        0.05          0.11  -0.06     0.01
  MONTH TO DATE    3.34          2.07   1.27     6.03
  SINCE MAR 1      6.64          9.24  -2.60    15.04
  SINCE JAN 1     12.61         16.55  -3.94    25.19

DEGREE DAYS
 HEATING
  YESTERDAY        0             0      0
  MONTH TO DATE    1             0      1
  SINCE MAR 1     53           183   -130
  SINCE JUL 1   1213          1303    -90

 COOLING
  YESTERDAY       16            12      4
  MONTH TO DATE  336           246     90
  SINCE MAR 1    768           401    367
  SINCE JAN 1    784           428    356
......................................................


WIND (MPH)
  RESULTANT WIND SPEED   3   RESULTANT WIND DIRECTION   E (100)
  HIGHEST WIND SPEED    13   HIGHEST WIND DIRECTION    NW (300)
  HIGHEST GUST SPEED    16   HIGHEST GUST DIRECTION    NW (310)
  AVERAGE WIND SPEED     4.3



WEATHER CONDITIONS
 THE FOLLOWING WEATHER WAS RECORDED YESTERDAY.
  NO SIGNIFICANT WEATHER WAS OBSERVED.


RELATIVE HUMIDITY (PERCENT)
 HIGHEST    97
 LOWEST     41

..........................................................




SUNRISE AND SUNSET
MAY 28 2015...........SUNRISE   634 AM EDT   SUNSET   826 PM EDT
MAY 29 2015...........SUNRISE   633 AM EDT   SUNSET   826 PM EDT


-  INDICATES NEGATIVE NUMBERS.
R  INDICATES RECORD WAS SET OR TIED.
MM INDICATES DATA IS MISSING.
T  INDICATES TRACE AMOUNT.




$$
