000
CDUS42 KTAE 280631
CLICTY


CLIMATE REPORT
NATIONAL WEATHER SERVICE TALLAHASSEE FL
230 AM EDT FRI APR 28 2017


...................................

...THE CROSS CITY  CLIMATE SUMMARY FOR APRIL 27 2017...

CLIMATE NORMAL PERIOD 1981 TO 2010
CLIMATE RECORD PERIOD 1948 TO 2017


WEATHER ITEM   OBSERVED TIME   NORMAL DEPARTURE LAST
                VALUE   (LST)  VALUE  FROM      YEAR
                                      NORMAL
......................................................
TEMPERATURE (F)
 YESTERDAY
  MAXIMUM         88    200 PM  83      5       87
  MINIMUM         61    500 AM  56      5       60
  AVERAGE         75            69      6

PRECIPITATION (IN)
  YESTERDAY        0.00          0.05  -0.05     0.00
  MONTH TO DATE    2.11          2.81  -0.70     4.46
  SINCE MAR 1      2.97          7.02  -4.05     7.93
  SINCE JAN 1      5.52         14.33  -8.81    14.69

DEGREE DAYS
 HEATING
  YESTERDAY        0             1     -1
  MONTH TO DATE   24            48    -24
  SINCE MAR 1    159           183    -24
  SINCE JUL 1    758          1303   -545

 COOLING
  YESTERDAY       10             5      5
  MONTH TO DATE  122            92     30
  SINCE MAR 1    189           139     50
  SINCE JAN 1    251           166     85
......................................................


WIND (MPH)
  RESULTANT WIND SPEED   7   RESULTANT WIND DIRECTION   S (200)
  HIGHEST WIND SPEED    18   HIGHEST WIND DIRECTION    SW (230)
  HIGHEST GUST SPEED    28   HIGHEST GUST DIRECTION    SW (230)
  AVERAGE WIND SPEED     7.9



WEATHER CONDITIONS
 THE FOLLOWING WEATHER WAS RECORDED YESTERDAY.
  FOG


RELATIVE HUMIDITY (PERCENT)
 HIGHEST    97
 LOWEST     46

..........................................................




SUNRISE AND SUNSET
APRIL 28 2017.........SUNRISE   653 AM EDT   SUNSET   807 PM EDT
APRIL 29 2017.........SUNRISE   652 AM EDT   SUNSET   808 PM EDT


-  INDICATES NEGATIVE NUMBERS.
R  INDICATES RECORD WAS SET OR TIED.
MM INDICATES DATA IS MISSING.
T  INDICATES TRACE AMOUNT.




$$
