000
CDUS42 KTAE 040634
CLICTY


CLIMATE REPORT
NATIONAL WEATHER SERVICE TALLAHASSEE FL
233 AM EDT WED MAY 4 2016


...................................

...THE CROSS CITY  CLIMATE SUMMARY FOR MAY 3 2016...

CLIMATE NORMAL PERIOD 1981 TO 2010
CLIMATE RECORD PERIOD 1948 TO 2016


WEATHER ITEM   OBSERVED TIME   NORMAL DEPARTURE LAST
                VALUE   (LST)  VALUE  FROM      YEAR
                                      NORMAL
......................................................
TEMPERATURE (F)
 YESTERDAY
  MAXIMUM         87    232 PM  84      3       85
  MINIMUM         66    545 AM  57      9       55
  AVERAGE         77            71      6

PRECIPITATION (IN)
  YESTERDAY        0.07          0.06   0.01     0.00
  MONTH TO DATE    0.07          0.18  -0.11     0.00
  SINCE MAR 1      8.04          7.35   0.69     3.30
  SINCE JAN 1     14.80         14.66   0.14     9.27

DEGREE DAYS
 HEATING
  YESTERDAY        0             0      0
  MONTH TO DATE    0             0      0
  SINCE MAR 1     76           183   -107
  SINCE JUL 1    807          1303   -496

 COOLING
  YESTERDAY       12             6      6
  MONTH TO DATE   40            18     22
  SINCE MAR 1    346           173    173
  SINCE JAN 1    375           200    175
......................................................


WIND (MPH)
  RESULTANT WIND SPEED   5   RESULTANT WIND DIRECTION  SW (220)
  HIGHEST WIND SPEED    20   HIGHEST WIND DIRECTION    SW (240)
  HIGHEST GUST SPEED    26   HIGHEST GUST DIRECTION     W (250)
  AVERAGE WIND SPEED     5.0



WEATHER CONDITIONS
 THE FOLLOWING WEATHER WAS RECORDED YESTERDAY.
  NO SIGNIFICANT WEATHER WAS OBSERVED.


RELATIVE HUMIDITY (PERCENT)
 HIGHEST    93
 LOWEST     55

..........................................................




SUNRISE AND SUNSET
MAY  4 2016...........SUNRISE   647 AM EDT   SUNSET   811 PM EDT
MAY  5 2016...........SUNRISE   646 AM EDT   SUNSET   812 PM EDT


-  INDICATES NEGATIVE NUMBERS.
R  INDICATES RECORD WAS SET OR TIED.
MM INDICATES DATA IS MISSING.
T  INDICATES TRACE AMOUNT.




$$
