000
CDUS42 KCAE 220607
CLICUB


CLIMATE REPORT
NATIONAL WEATHER SERVICE COLUMBIA SC
106 AM EST MON DEC 22 2014


...................................

...THE HAMILTON - OWENS AIRPORT SC CLIMATE SUMMARY FOR DECEMBER 21 2014...

CLIMATE NORMAL PERIOD 1981 TO 2010
CLIMATE RECORD PERIOD 9999 TO 9999


WEATHER ITEM   OBSERVED TIME   NORMAL DEPARTURE LAST
                VALUE   (LST)  VALUE  FROM      YEAR
                                      NORMAL
......................................................
TEMPERATURE (F)
 YESTERDAY
  MAXIMUM         56    227 PM  57     -1       80
  MINIMUM         43    734 AM  37      6       48
  AVERAGE         50            47      3       64

PRECIPITATION (IN)
  YESTERDAY        0.16          0.10   0.06     0.00
  MONTH TO DATE    0.29          2.29  -2.00     2.93
  SINCE DEC 1      0.29          2.29  -2.00     2.93
  SINCE JAN 1     42.57         44.49  -1.92    49.80

DEGREE DAYS
 HEATING
  YESTERDAY       15            18     -3        1
  MONTH TO DATE  296           339    -43      269
  SINCE DEC 1    296           339    -43      269
  SINCE JUL 1    771           710     61      683

 COOLING
  YESTERDAY        0             0      0        0
  MONTH TO DATE    0             0      0        6
  SINCE DEC 1      0             0      0        6
  SINCE JAN 1   2415          2256    159     2229
......................................................


WIND (MPH)
  HIGHEST WIND SPEED     9   HIGHEST WIND DIRECTION     E (70)
  HIGHEST GUST SPEED    14   HIGHEST GUST DIRECTION     E (70)
  AVERAGE WIND SPEED     3.7


SKY COVER
  AVERAGE SKY COVER 0.9


WEATHER CONDITIONS
 THE FOLLOWING WEATHER WAS RECORDED YESTERDAY.
  HEAVY RAIN
  RAIN
  LIGHT RAIN
  FOG


RELATIVE HUMIDITY (PERCENT)
 HIGHEST    82           700 AM
 LOWEST     54           100 PM

..........................................................


THE HAMILTON - OWENS AIRPORT SC CLIMATE NORMALS FOR TODAY
                         NORMAL    RECORD    YEAR
 MAXIMUM TEMPERATURE (F)   57        MM        MM
 MINIMUM TEMPERATURE (F)   36        MM        MM


SUNRISE AND SUNSET
DECEMBER 22 2014......SUNRISE   726 AM EST   SUNSET   519 PM EST
DECEMBER 23 2014......SUNRISE   726 AM EST   SUNSET   520 PM EST


-  INDICATES NEGATIVE NUMBERS.
R  INDICATES RECORD WAS SET OR TIED.
MM INDICATES DATA IS MISSING.
T  INDICATES TRACE AMOUNT.




$$
