000
CDUS42 KCAE 020639
CLICUB


CLIMATE REPORT
NATIONAL WEATHER SERVICE COLUMBIA SC
239 AM EDT WED SEP 2 2015


...................................

...THE HAMILTON - OWENS AIRPORT SC CLIMATE SUMMARY FOR SEPTEMBER 1 2015...

CLIMATE NORMAL PERIOD 1981 TO 2010
CLIMATE RECORD PERIOD 9999 TO 9999


WEATHER ITEM   OBSERVED TIME   NORMAL DEPARTURE LAST
                VALUE   (LST)  VALUE  FROM      YEAR
                                      NORMAL
......................................................
TEMPERATURE (F)
 YESTERDAY
  MAXIMUM         92    328 PM  89      3       98
  MINIMUM         70    630 AM  70      0       74
  AVERAGE         81            79      2       86

PRECIPITATION (IN)
  YESTERDAY        0.00          0.14  -0.14     0.67
  MONTH TO DATE    0.00          0.14  -0.14     0.67
  SINCE SEP 1      0.00          0.14  -0.14     0.67
  SINCE JAN 1     32.28         31.99   0.29    30.33

DEGREE DAYS
 HEATING
  YESTERDAY        0             0      0        0
  MONTH TO DATE    0             0      0        0
  SINCE SEP 1      0             0      0        0
  SINCE JUL 1      0             0      0        0

 COOLING
  YESTERDAY       16            14      2       21
  MONTH TO DATE   16            14      2       21
  SINCE SEP 1     16            14      2       21
  SINCE JAN 1   2167          1832    335     1948
......................................................


WIND (MPH)
  HIGHEST WIND SPEED     8   HIGHEST WIND DIRECTION     S (200)
  HIGHEST GUST SPEED    11   HIGHEST GUST DIRECTION    NW (330)
  AVERAGE WIND SPEED     1.5


SKY COVER
  AVERAGE SKY COVER 0.1


WEATHER CONDITIONS
 THE FOLLOWING WEATHER WAS RECORDED YESTERDAY.
  NO SIGNIFICANT WEATHER WAS OBSERVED.


RELATIVE HUMIDITY (PERCENT)
 HIGHEST    93           300 AM
 LOWEST     44           200 PM

..........................................................


THE HAMILTON - OWENS AIRPORT SC CLIMATE NORMALS FOR TODAY
                         NORMAL    RECORD    YEAR
 MAXIMUM TEMPERATURE (F)   89        MM        MM
 MINIMUM TEMPERATURE (F)   70        MM        MM


SUNRISE AND SUNSET
SEPTEMBER  2 2015.....SUNRISE   658 AM EDT   SUNSET   749 PM EDT
SEPTEMBER  3 2015.....SUNRISE   659 AM EDT   SUNSET   747 PM EDT


-  INDICATES NEGATIVE NUMBERS.
R  INDICATES RECORD WAS SET OR TIED.
MM INDICATES DATA IS MISSING.
T  INDICATES TRACE AMOUNT.




$$
