000
CDUS42 KCAE 080624
CLICUB


CLIMATE REPORT
NATIONAL WEATHER SERVICE COLUMBIA SC
123 AM EST MON FEB 8 2016


...................................

...THE HAMILTON - OWENS AIRPORT SC CLIMATE SUMMARY FOR FEBRUARY 7 2016...

CLIMATE NORMAL PERIOD 1981 TO 2010
CLIMATE RECORD PERIOD 9999 TO 9999


WEATHER ITEM   OBSERVED TIME   NORMAL DEPARTURE LAST
                VALUE   (LST)  VALUE  FROM      YEAR
                                      NORMAL
......................................................
TEMPERATURE (F)
 YESTERDAY
  MAXIMUM         55    321 PM  59     -4       65
  MINIMUM         35   1159 PM  37     -2       28
  AVERAGE         45            48     -3       47

PRECIPITATION (IN)
  YESTERDAY        0.02          0.10  -0.08     0.00
  MONTH TO DATE    1.74          0.72   1.02     0.60
  SINCE DEC 1      8.53          7.55   0.98     8.18
  SINCE JAN 1      3.29          4.35  -1.06     4.00

DEGREE DAYS
 HEATING
  YESTERDAY       20            17      3       18
  MONTH TO DATE   76           122    -46      140
  SINCE DEC 1    883          1243   -360     1188
  SINCE JUL 1   1130          1614   -484     1663

 COOLING
  YESTERDAY        0             0      0        0
  MONTH TO DATE    3             0      3        0
  SINCE DEC 1     59             5     54        0
  SINCE JAN 1      3             1      2        0
......................................................


WIND (MPH)
  HIGHEST WIND SPEED    12   HIGHEST WIND DIRECTION     N (360)
  HIGHEST GUST SPEED    23   HIGHEST GUST DIRECTION     N (340)
  AVERAGE WIND SPEED     3.5


SKY COVER
  AVERAGE SKY COVER 0.6


WEATHER CONDITIONS
 THE FOLLOWING WEATHER WAS RECORDED YESTERDAY.
  LIGHT RAIN
  HAZE


RELATIVE HUMIDITY (PERCENT)
 HIGHEST    82          1100 PM
 LOWEST     28           300 PM

..........................................................


THE HAMILTON - OWENS AIRPORT SC CLIMATE NORMALS FOR TODAY
                         NORMAL    RECORD    YEAR
 MAXIMUM TEMPERATURE (F)   59        MM        MM
 MINIMUM TEMPERATURE (F)   38        MM        MM


SUNRISE AND SUNSET
FEBRUARY  8 2016......SUNRISE   716 AM EST   SUNSET   601 PM EST
FEBRUARY  9 2016......SUNRISE   715 AM EST   SUNSET   602 PM EST


-  INDICATES NEGATIVE NUMBERS.
R  INDICATES RECORD WAS SET OR TIED.
MM INDICATES DATA IS MISSING.
T  INDICATES TRACE AMOUNT.




$$
