000
CDUS43 KUNR 270836
CLICUT


CLIMATE REPORT
NATIONAL WEATHER SERVICE RAPID CITY SD
233 AM MDT SUN JUL 27 2014


...................................

...THE CUSTER COUNTY AIRPORT SD CLIMATE SUMMARY FOR JULY 26 2014...

CLIMATE NORMAL PERIOD 1981 TO 2010
CLIMATE RECORD PERIOD 9999 TO 9999


WEATHER ITEM   OBSERVED TIME   NORMAL DEPARTURE LAST
                VALUE   (LST)  VALUE  FROM      YEAR
                                      NORMAL
......................................................
TEMPERATURE (F)
 YESTERDAY
  MAXIMUM         81    206 PM  80      1       67
  MINIMUM         54   1159 PM  52      2       47
  AVERAGE         68            66      2       57

PRECIPITATION (IN)
  YESTERDAY        0.00          0.07  -0.07     0.19
  MONTH TO DATE    1.44          2.07  -0.63     3.58
  SINCE JUN 1      4.83          5.29  -0.46     5.23
  SINCE JAN 1     12.55         12.40   0.15    11.76

DEGREE DAYS
 HEATING
  YESTERDAY        0             2     -2        8
  MONTH TO DATE   64            56      8       18
  SINCE JUN 1    337           276     61      211
  SINCE JUL 1     64            56      8       18

 COOLING
  YESTERDAY        3             3      0        0
  MONTH TO DATE   85            68     17       61
  SINCE JUN 1     86            93     -7       70
  SINCE JAN 1     90            94     -4       72
......................................................


WIND (MPH)
  HIGHEST WIND SPEED    16   HIGHEST WIND DIRECTION     W (280)
  HIGHEST GUST SPEED    24   HIGHEST GUST DIRECTION     W (280)
  AVERAGE WIND SPEED     7.2


SKY COVER
  AVERAGE SKY COVER 0.0


WEATHER CONDITIONS
 THE FOLLOWING WEATHER WAS RECORDED YESTERDAY.
  NO SIGNIFICANT WEATHER WAS OBSERVED.


RELATIVE HUMIDITY (PERCENT)
 HIGHEST    62
 LOWEST     16
 AVERAGE    39

..........................................................




SUNRISE AND SUNSET
JULY 27 2014..........SUNRISE   538 AM MDT   SUNSET   823 PM MDT
JULY 28 2014..........SUNRISE   539 AM MDT   SUNSET   822 PM MDT


-  INDICATES NEGATIVE NUMBERS.
R  INDICATES RECORD WAS SET OR TIED.
MM INDICATES DATA IS MISSING.
T  INDICATES TRACE AMOUNT.




$$
