000
CDUS43 KUNR 010845
CLICUT


CLIMATE REPORT
NATIONAL WEATHER SERVICE RAPID CITY SD
143 AM MST SUN MAR 1 2015


...................................

...THE CUSTER COUNTY AIRPORT SD CLIMATE SUMMARY FOR FEBRUARY 28 2015...

CLIMATE NORMAL PERIOD 1981 TO 2010
CLIMATE RECORD PERIOD 9999 TO 9999


WEATHER ITEM   OBSERVED TIME   NORMAL DEPARTURE LAST
                VALUE   (LST)  VALUE  FROM      YEAR
                                      NORMAL
......................................................
TEMPERATURE (F)
 YESTERDAY
  MAXIMUM         27    141 PM  39    -12       33
  MINIMUM          0    250 AM  17    -17       -5
  AVERAGE         14            28    -14       14

PRECIPITATION (IN)
  YESTERDAY        0.00          0.02  -0.02     0.16
  MONTH TO DATE    0.16          0.53  -0.37     0.88
  SINCE DEC 1      0.55          1.24  -0.69     2.23
  SINCE JAN 1      0.40          0.86  -0.46     1.33

DEGREE DAYS
 HEATING
  YESTERDAY       51            37     14       51
  MONTH TO DATE 1091          1100     -9     1348
  SINCE DEC 1   3361          3654   -293     3746
  SINCE JUL 1   5449          5835   -386     5858

 COOLING
  YESTERDAY        0             0      0        0
  MONTH TO DATE    0             0      0        0
  SINCE DEC 1      0             0      0        0
  SINCE JAN 1      0             0      0        0
......................................................


WIND (MPH)
  HIGHEST WIND SPEED    15   HIGHEST WIND DIRECTION    SE (120)
  HIGHEST GUST SPEED    19   HIGHEST GUST DIRECTION     E (110)
  AVERAGE WIND SPEED     4.5


SKY COVER
  AVERAGE SKY COVER 0.5


WEATHER CONDITIONS
 THE FOLLOWING WEATHER WAS RECORDED YESTERDAY.
  NO SIGNIFICANT WEATHER WAS OBSERVED.


RELATIVE HUMIDITY (PERCENT)
 HIGHEST    91
 LOWEST     36
 AVERAGE    64

..........................................................




SUNRISE AND SUNSET
MARCH  1 2015.........SUNRISE   631 AM MST   SUNSET   543 PM MST
MARCH  2 2015.........SUNRISE   630 AM MST   SUNSET   544 PM MST


-  INDICATES NEGATIVE NUMBERS.
R  INDICATES RECORD WAS SET OR TIED.
MM INDICATES DATA IS MISSING.
T  INDICATES TRACE AMOUNT.




$$
