000
CDUS43 KUNR 290841
CLICUT


CLIMATE REPORT
NATIONAL WEATHER SERVICE RAPID CITY SD
240 AM MDT WED JUL 29 2015


...................................

...THE CUSTER COUNTY AIRPORT SD CLIMATE SUMMARY FOR JULY 28 2015...

CLIMATE NORMAL PERIOD 1981 TO 2010
CLIMATE RECORD PERIOD 9999 TO 9999


WEATHER ITEM   OBSERVED TIME   NORMAL DEPARTURE LAST
                VALUE   (LST)  VALUE  FROM      YEAR
                                      NORMAL
......................................................
TEMPERATURE (F)
 YESTERDAY
  MAXIMUM         68    345 PM  80    -12       75
  MINIMUM         45    153 AM  52     -7       48
  AVERAGE         57            66     -9       62

PRECIPITATION (IN)
  YESTERDAY        0.00          0.07  -0.07     0.00
  MONTH TO DATE    2.30          2.22   0.08     1.44
  SINCE JUN 1      8.80          5.44   3.36     4.83
  SINCE JAN 1     18.11         12.55   5.56    12.55

DEGREE DAYS
 HEATING
  YESTERDAY        8             2      6        3
  MONTH TO DATE   48            60    -12       69
  SINCE JUN 1    150           280   -130      342
  SINCE JUL 1     48            60    -12       69

 COOLING
  YESTERDAY        0             3     -3        0
  MONTH TO DATE   69            74     -5       85
  SINCE JUN 1     96            99     -3       86
  SINCE JAN 1     96           100     -4       90
......................................................


WIND (MPH)
  HIGHEST WIND SPEED    25   HIGHEST WIND DIRECTION     W (270)
  HIGHEST GUST SPEED    36   HIGHEST GUST DIRECTION     W (270)
  AVERAGE WIND SPEED    10.3


SKY COVER
  AVERAGE SKY COVER 0.0


WEATHER CONDITIONS
 THE FOLLOWING WEATHER WAS RECORDED YESTERDAY.
  NO SIGNIFICANT WEATHER WAS OBSERVED.


RELATIVE HUMIDITY (PERCENT)
 HIGHEST    83
 LOWEST     27
 AVERAGE    55

..........................................................




SUNRISE AND SUNSET
JULY 29 2015..........SUNRISE   540 AM MDT   SUNSET   821 PM MDT
JULY 30 2015..........SUNRISE   541 AM MDT   SUNSET   820 PM MDT


-  INDICATES NEGATIVE NUMBERS.
R  INDICATES RECORD WAS SET OR TIED.
MM INDICATES DATA IS MISSING.
T  INDICATES TRACE AMOUNT.




$$
