000
CDUS43 KUNR 260834
CLICUT


CLIMATE REPORT
NATIONAL WEATHER SERVICE RAPID CITY SD
231 AM MDT THU MAR 26 2015


...................................

...THE CUSTER COUNTY AIRPORT SD CLIMATE SUMMARY FOR MARCH 25 2015...

CLIMATE NORMAL PERIOD 1981 TO 2010
CLIMATE RECORD PERIOD 9999 TO 9999


WEATHER ITEM   OBSERVED TIME   NORMAL DEPARTURE LAST
                VALUE   (LST)  VALUE  FROM      YEAR
                                      NORMAL
......................................................
TEMPERATURE (F)
 YESTERDAY
  MAXIMUM         43    244 PM  44     -1       40
  MINIMUM         25   1141 PM  23      2        5
  AVERAGE         34            33      1       23

PRECIPITATION (IN)
  YESTERDAY        0.00          0.05  -0.05     0.00
  MONTH TO DATE    0.27          0.74  -0.47     0.86
  SINCE MAR 1      0.27          0.74  -0.47     0.86
  SINCE JAN 1      0.67          1.60  -0.93     2.19

DEGREE DAYS
 HEATING
  YESTERDAY       31            32     -1       42
  MONTH TO DATE  723           855   -132      877
  SINCE MAR 1    723           855   -132      877
  SINCE JUL 1   6172          6690   -518     6735

 COOLING
  YESTERDAY        0             0      0        0
  MONTH TO DATE    0             0      0        0
  SINCE MAR 1      0             0      0        0
  SINCE JAN 1      0             0      0        0
......................................................


WIND (MPH)
  HIGHEST WIND SPEED    15   HIGHEST WIND DIRECTION     W (290)
  HIGHEST GUST SPEED    23   HIGHEST GUST DIRECTION    NW (310)
  AVERAGE WIND SPEED     4.8


SKY COVER
  AVERAGE SKY COVER 0.6


WEATHER CONDITIONS
 THE FOLLOWING WEATHER WAS RECORDED YESTERDAY.
  NO SIGNIFICANT WEATHER WAS OBSERVED.


RELATIVE HUMIDITY (PERCENT)
 HIGHEST    75
 LOWEST     33
 AVERAGE    54

..........................................................




SUNRISE AND SUNSET
MARCH 26 2015.........SUNRISE   647 AM MDT   SUNSET   714 PM MDT
MARCH 27 2015.........SUNRISE   645 AM MDT   SUNSET   715 PM MDT


-  INDICATES NEGATIVE NUMBERS.
R  INDICATES RECORD WAS SET OR TIED.
MM INDICATES DATA IS MISSING.
T  INDICATES TRACE AMOUNT.




$$
