000
CDUS43 KUNR 220832
CLICUT


CLIMATE REPORT
NATIONAL WEATHER SERVICE RAPID CITY SD
232 AM MDT FRI AUG 22 2014


...................................

...THE CUSTER COUNTY AIRPORT SD CLIMATE SUMMARY FOR AUGUST 21 2014...

CLIMATE NORMAL PERIOD 1981 TO 2010
CLIMATE RECORD PERIOD 9999 TO 9999


WEATHER ITEM   OBSERVED TIME   NORMAL DEPARTURE LAST
                VALUE   (LST)  VALUE  FROM      YEAR
                                      NORMAL
......................................................
TEMPERATURE (F)
 YESTERDAY
  MAXIMUM         78    248 PM  77      1       72
  MINIMUM         54   1159 PM  50      4       52
  AVERAGE         66            63      3       62

PRECIPITATION (IN)
  YESTERDAY        0.06          0.07  -0.01     0.06
  MONTH TO DATE    1.67          1.44   0.23     3.95
  SINCE JUN 1      6.56          7.10  -0.54     9.42
  SINCE JAN 1     14.28         14.21   0.07    15.95

DEGREE DAYS
 HEATING
  YESTERDAY        0             3     -3        3
  MONTH TO DATE   10            51    -41       52
  SINCE JUN 1    362           332     30      287
  SINCE JUL 1     89           112    -23       94

 COOLING
  YESTERDAY        1             2     -1        0
  MONTH TO DATE   44            42      2       20
  SINCE JUN 1    130           148    -18       92
  SINCE JAN 1    134           149    -15       94
......................................................


WIND (MPH)
  HIGHEST WIND SPEED    15   HIGHEST WIND DIRECTION    SE (150)
  HIGHEST GUST SPEED    20   HIGHEST GUST DIRECTION     S (160)
  AVERAGE WIND SPEED     5.4


SKY COVER
  AVERAGE SKY COVER 0.6


WEATHER CONDITIONS
 THE FOLLOWING WEATHER WAS RECORDED YESTERDAY.
  THUNDERSTORM
  LIGHT RAIN


RELATIVE HUMIDITY (PERCENT)
 HIGHEST    86
 LOWEST     40
 AVERAGE    63

..........................................................




SUNRISE AND SUNSET
AUGUST 22 2014........SUNRISE   607 AM MDT   SUNSET   747 PM MDT
AUGUST 23 2014........SUNRISE   608 AM MDT   SUNSET   745 PM MDT


-  INDICATES NEGATIVE NUMBERS.
R  INDICATES RECORD WAS SET OR TIED.
MM INDICATES DATA IS MISSING.
T  INDICATES TRACE AMOUNT.




$$
