000
CDUS43 KUNR 280832
CLICUT


CLIMATE REPORT
NATIONAL WEATHER SERVICE RAPID CITY SD
231 AM MDT THU APR 28 2016


...................................

...THE CUSTER COUNTY AIRPORT SD CLIMATE SUMMARY FOR APRIL 27 2016...

CLIMATE NORMAL PERIOD 1981 TO 2010
CLIMATE RECORD PERIOD 9999 TO 9999


WEATHER ITEM   OBSERVED TIME   NORMAL DEPARTURE LAST
                VALUE   (LST)  VALUE  FROM      YEAR
                                      NORMAL
......................................................
TEMPERATURE (F)
 YESTERDAY
  MAXIMUM         36    241 PM  55    -19       44
  MINIMUM         27   1159 PM  31     -4       37
  AVERAGE         32            43    -11       41

PRECIPITATION (IN)
  YESTERDAY        0.11          0.09   0.02     0.13
  MONTH TO DATE    1.14          1.84  -0.70     1.95
  SINCE MAR 1      2.28          2.85  -0.57     2.28
  SINCE JAN 1      2.89          3.71  -0.82     2.68

DEGREE DAYS
 HEATING
  YESTERDAY       33            22     11       24
  MONTH TO DATE  574           711   -137      661
  SINCE MAR 1   1446          1751   -305     1492
  SINCE JUL 1   6501          7586  -1085     6941

 COOLING
  YESTERDAY        0             0      0        0
  MONTH TO DATE    0             0      0        0
  SINCE MAR 1      0             0      0        0
  SINCE JAN 1      0             0      0        0
......................................................


WIND (MPH)
  HIGHEST WIND SPEED    16   HIGHEST WIND DIRECTION     N (340)
  HIGHEST GUST SPEED    25   HIGHEST GUST DIRECTION    NW (320)
  AVERAGE WIND SPEED    10.3


SKY COVER
  AVERAGE SKY COVER 1.0


WEATHER CONDITIONS
 THE FOLLOWING WEATHER WAS RECORDED YESTERDAY.
  SNOW
  LIGHT SNOW
  FOG


RELATIVE HUMIDITY (PERCENT)
 HIGHEST    92
 LOWEST     70
 AVERAGE    81

..........................................................




SUNRISE AND SUNSET
APRIL 28 2016.........SUNRISE   550 AM MDT   SUNSET   754 PM MDT
APRIL 29 2016.........SUNRISE   549 AM MDT   SUNSET   755 PM MDT


-  INDICATES NEGATIVE NUMBERS.
R  INDICATES RECORD WAS SET OR TIED.
MM INDICATES DATA IS MISSING.
T  INDICATES TRACE AMOUNT.




$$
