000
CDUS41 KILN 190534
CLICVG


CLIMATE REPORT
NATIONAL WEATHER SERVICE WILMINGTON OH
134 AM EDT FRI SEP 19 2014


...................................

...THE CINCINNATI OH CLIMATE SUMMARY FOR SEPTEMBER 18 2014...

CLIMATE NORMAL PERIOD 1981 TO 2010
CLIMATE RECORD PERIOD 1869 TO 2014


WEATHER ITEM   OBSERVED TIME   RECORD YEAR NORMAL DEPARTURE LAST
                VALUE   (LST)  VALUE       VALUE  FROM      YEAR
                                                  NORMAL
..................................................................
TEMPERATURE (F)
 YESTERDAY
  MAXIMUM         73    417 PM  95    1953  77     -4       77
                                      1895
  MINIMUM         50    102 AM  40    1937  56     -6       59
  AVERAGE         62                        67     -5       68

PRECIPITATION (IN)
  YESTERDAY        0.00          0.66 1952   0.08  -0.08     0.01
  MONTH TO DATE    3.18                      1.57   1.61     0.17
  SINCE SEP 1      3.18                      1.57   1.61     0.17
  SINCE JAN 1     33.64                     31.36   2.28    33.22

SNOWFALL (IN)
  YESTERDAY        0.0          MM      MM   0.0    0.0      0.0
  MONTH TO DATE    0.0                       0.0    0.0      0.0
  SINCE SEP 1      0.0                       0.0    0.0      0.0
  SINCE JUL 1      0.0                       0.0    0.0      0.0
  SNOW DEPTH       0

DEGREE DAYS
 HEATING
  YESTERDAY        3                         2      1        0
  MONTH TO DATE   37                        15     22       10
  SINCE SEP 1     37                        15     22       10
  SINCE JUL 1     42                        15     27       14

 COOLING
  YESTERDAY        0                         4     -4        3
  MONTH TO DATE   87                       106    -19      118
  SINCE SEP 1     87                       106    -19      118
  SINCE JAN 1   1033                      1074    -41     1094
..................................................................


WIND (MPH)
  RESULTANT WIND SPEED   5   RESULTANT WIND DIRECTION  NE (60)
  HIGHEST WIND SPEED    14   HIGHEST WIND DIRECTION     E (80)
  HIGHEST GUST SPEED    24   HIGHEST GUST DIRECTION    NE (60)
  AVERAGE WIND SPEED     6.0


SKY COVER
  POSSIBLE SUNSHINE  MM
  AVERAGE SKY COVER 0.1


WEATHER CONDITIONS
 THE FOLLOWING WEATHER WAS RECORDED YESTERDAY.
  FOG
  HAZE


RELATIVE HUMIDITY (PERCENT)
 HIGHEST    89           200 AM
 LOWEST     41           100 PM
 AVERAGE    65

..........................................................


THE CINCINNATI OH CLIMATE NORMALS FOR TODAY
                         NORMAL    RECORD    YEAR
 MAXIMUM TEMPERATURE (F)   77        94      1925
                                             1895
 MINIMUM TEMPERATURE (F)   56        39      1973
                                             1929


SUNRISE AND SUNSET
SEPTEMBER 19 2014.....SUNRISE   724 AM EDT   SUNSET   741 PM EDT
SEPTEMBER 20 2014.....SUNRISE   724 AM EDT   SUNSET   739 PM EDT


-  INDICATES NEGATIVE NUMBERS.
R  INDICATES RECORD WAS SET OR TIED.
MM INDICATES DATA IS MISSING.
T  INDICATES TRACE AMOUNT.




$$
