000
CDUS41 KILN 192156
CLICVG


CLIMATE REPORT
NATIONAL WEATHER SERVICE WILMINGTON OH
456 PM EST SUN FEB 19 2017


...................................

...THE CINCINNATI OH CLIMATE SUMMARY FOR FEBRUARY 19 2017...
VALID TODAY AS OF 0400 PM LOCAL TIME.

CLIMATE NORMAL PERIOD 1981 TO 2010
CLIMATE RECORD PERIOD 1869 TO 2017


WEATHER ITEM   OBSERVED TIME   RECORD YEAR NORMAL DEPARTURE LAST
                VALUE   (LST)  VALUE       VALUE  FROM      YEAR
                                                  NORMAL
..................................................................
TEMPERATURE (F)
 TODAY
  MAXIMUM         60    359 PM  74    1939  44     16       66
  MINIMUM         46    449 AM  -6    2015  27     19       39
  AVERAGE         53                        35     18       53

PRECIPITATION (IN)
  TODAY            0.00          1.12 1884   0.10  -0.10     0.00
  MONTH TO DATE    1.52                      1.93  -0.41     2.37
  SINCE DEC 1      9.62                      8.30   1.32     9.85
  SINCE JAN 1      5.19                      4.93   0.26     3.76

SNOWFALL (IN)
  TODAY            0.0           2.5  1911   0.2   -0.2      0.0
  MONTH TO DATE    1.6                       4.8   -3.2      7.9
  SINCE DEC 1      8.0                      16.1   -8.1     16.4
  SINCE JUL 1      8.0                      16.9   -8.9     16.4
  SNOW DEPTH       0

DEGREE DAYS
 HEATING
  TODAY           12                        30    -18       12
  MONTH TO DATE  463                       602   -139      631
  SINCE DEC 1   2280                      2614   -334     2270
  SINCE JUL 1   2962                      3574   -612     3015

 COOLING
  TODAY            0                         0      0        0
  MONTH TO DATE    0                         0      0        0
  SINCE DEC 1      0                         0      0        0
  SINCE JAN 1      0                         0      0        0
..................................................................


WIND (MPH)
  HIGHEST WIND SPEED    12   HIGHEST WIND DIRECTION     W (260)
  HIGHEST GUST SPEED    15   HIGHEST GUST DIRECTION     W (250)
  AVERAGE WIND SPEED     6.4


SKY COVER
  POSSIBLE SUNSHINE  MM
  AVERAGE SKY COVER 0.8


WEATHER CONDITIONS
 THE FOLLOWING WEATHER WAS RECORDED TODAY.
  FOG


RELATIVE HUMIDITY (PERCENT)
 HIGHEST    93           400 AM
 LOWEST     60           400 PM
 AVERAGE    77

..........................................................


THE CINCINNATI OH CLIMATE NORMALS FOR TOMORROW
                         NORMAL    RECORD    YEAR
 MAXIMUM TEMPERATURE (F)   44        72      2016
                                             1891
 MINIMUM TEMPERATURE (F)   27       -12      2015


SUNRISE AND SUNSET
FEBRUARY 19 2017......SUNRISE   725 AM EST   SUNSET   621 PM EST
FEBRUARY 20 2017......SUNRISE   723 AM EST   SUNSET   622 PM EST


-  INDICATES NEGATIVE NUMBERS.
R  INDICATES RECORD WAS SET OR TIED.
MM INDICATES DATA IS MISSING.
T  INDICATES TRACE AMOUNT.




$$
