864
CDUS41 KILN 230545
CLICVG


CLIMATE REPORT
NATIONAL WEATHER SERVICE WILMINGTON OH
137 AM EDT MON OCT 23 2017


...................................

...THE CINCINNATI OH CLIMATE SUMMARY FOR OCTOBER 22 2017...

CLIMATE NORMAL PERIOD 1981 TO 2010
CLIMATE RECORD PERIOD 1869 TO 2017


WEATHER ITEM   OBSERVED TIME   RECORD YEAR NORMAL DEPARTURE LAST
                VALUE   (LST)  VALUE       VALUE  FROM      YEAR
                                                  NORMAL
..................................................................
TEMPERATURE (F)
 YESTERDAY
  MAXIMUM         76   1250 PM  87    1947  64     12       58
  MINIMUM         52    614 AM  23    1987  44      8       41
                                      1930
  AVERAGE         64                        54     10       50

PRECIPITATION (IN)
  YESTERDAY        0.00          1.98 2007   0.11  -0.11     0.00
  MONTH TO DATE    2.76                      2.35   0.41     2.92
  SINCE SEP 1      5.17                      4.98   0.19     5.41
  SINCE JAN 1     41.96                     34.77   7.19    38.49

SNOWFALL (IN)
  YESTERDAY        0.0                       0.0    0.0      0.0
  MONTH TO DATE    0.0                       0.2   -0.2      0.0
  SINCE SEP 1      0.0                       0.2   -0.2      0.0
  SINCE JUL 1      0.0                       0.2   -0.2      0.0
  SNOW DEPTH       0

DEGREE DAYS
 HEATING
  YESTERDAY        1                        11    -10       15
  MONTH TO DATE   66                       187   -121       81
  SINCE SEP 1    110                       245   -135      103
  SINCE JUL 1    111                       245   -134      103

 COOLING
  YESTERDAY        0                         0      0        0
  MONTH TO DATE   45                        16     29       56
  SINCE SEP 1    177                       153     24      292
  SINCE JAN 1   1108                      1121    -13     1467
..................................................................


WIND (MPH)
  RESULTANT WIND SPEED  10   RESULTANT WIND DIRECTION   S (170)
  HIGHEST WIND SPEED    20   HIGHEST WIND DIRECTION     S (160)
  HIGHEST GUST SPEED    25   HIGHEST GUST DIRECTION     S (160)
  AVERAGE WIND SPEED    10.5


SKY COVER
  POSSIBLE SUNSHINE  MM
  AVERAGE SKY COVER 0.6


WEATHER CONDITIONS
 THE FOLLOWING WEATHER WAS RECORDED YESTERDAY.
  NO SIGNIFICANT WEATHER WAS OBSERVED.


RELATIVE HUMIDITY (PERCENT)
 HIGHEST    77           400 AM
 LOWEST     50           300 PM
 AVERAGE    64

..........................................................


THE CINCINNATI OH CLIMATE NORMALS FOR TODAY
                         NORMAL    RECORD    YEAR
 MAXIMUM TEMPERATURE (F)   64        85      1947
 MINIMUM TEMPERATURE (F)   43        25      1997


SUNRISE AND SUNSET
OCTOBER 23 2017.......SUNRISE   757 AM EDT   SUNSET   649 PM EDT
OCTOBER 24 2017.......SUNRISE   758 AM EDT   SUNSET   647 PM EDT


-  INDICATES NEGATIVE NUMBERS.
R  INDICATES RECORD WAS SET OR TIED.
MM INDICATES DATA IS MISSING.
T  INDICATES TRACE AMOUNT.




$$
