000
CDUS41 KILN 232053
CLICVG


CLIMATE REPORT
NATIONAL WEATHER SERVICE WILMINGTON OH
453 PM EDT WED AUG 23 2017


...................................

...THE CINCINNATI OH CLIMATE SUMMARY FOR AUGUST 23 2017...
VALID TODAY AS OF 0400 PM LOCAL TIME.

CLIMATE NORMAL PERIOD 1981 TO 2010
CLIMATE RECORD PERIOD 1869 TO 2017


WEATHER ITEM   OBSERVED TIME   RECORD YEAR NORMAL DEPARTURE LAST
                VALUE   (LST)  VALUE       VALUE  FROM      YEAR
                                                  NORMAL
..................................................................
TEMPERATURE (F)
 TODAY
  MAXIMUM         79    213 PM 100    2007  85     -6       83
  MINIMUM         62    620 AM  46    1923  64     -2       60
  AVERAGE         71                        74     -3       72

PRECIPITATION (IN)
  TODAY            0.00          1.17 1882   0.10  -0.10     0.00
  MONTH TO DATE    1.85                      2.61  -0.76     5.08
  SINCE JUN 1     12.91                     10.40   2.51    12.63
  SINCE JAN 1     36.31                     28.99   7.32    32.24

SNOWFALL (IN)
  TODAY            0.0           0.0    MM   0.0    0.0      0.0
  MONTH TO DATE    0.0                       0.0    0.0      0.0
  SINCE JUN 1      0.0                       0.0    0.0      0.0
  SINCE JUL 1      0.0                       0.0    0.0      0.0
  SNOW DEPTH       0

DEGREE DAYS
 HEATING
  TODAY            0                         0      0        0
  MONTH TO DATE    1                         0      1        0
  SINCE JUN 1      8                        15     -7        2
  SINCE JUL 1      1                         0      1        0

 COOLING
  TODAY            6                        10     -4        7
  MONTH TO DATE  211                       239    -28      299
  SINCE JUN 1    756                       804    -48      961
  SINCE JAN 1    890                       898     -8     1054
..................................................................


WIND (MPH)
  HIGHEST WIND SPEED    14   HIGHEST WIND DIRECTION    NW (300)
  HIGHEST GUST SPEED    17   HIGHEST GUST DIRECTION    NW (330)
  AVERAGE WIND SPEED     7.1


SKY COVER
  POSSIBLE SUNSHINE  MM
  AVERAGE SKY COVER 0.4


WEATHER CONDITIONS
 THE FOLLOWING WEATHER WAS RECORDED TODAY.
  NO SIGNIFICANT WEATHER WAS OBSERVED.


RELATIVE HUMIDITY (PERCENT)
 HIGHEST    90           100 AM
 LOWEST     45           200 PM
 AVERAGE    68

..........................................................


THE CINCINNATI OH CLIMATE NORMALS FOR TOMORROW
                         NORMAL    RECORD    YEAR
 MAXIMUM TEMPERATURE (F)   85       101      2007
 MINIMUM TEMPERATURE (F)   64        50      1942


SUNRISE AND SUNSET
AUGUST 23 2017........SUNRISE   700 AM EDT   SUNSET   822 PM EDT
AUGUST 24 2017........SUNRISE   700 AM EDT   SUNSET   821 PM EDT


-  INDICATES NEGATIVE NUMBERS.
R  INDICATES RECORD WAS SET OR TIED.
MM INDICATES DATA IS MISSING.
T  INDICATES TRACE AMOUNT.




$$
