000
CDUS41 KILN 262049
CLICVG


CLIMATE REPORT
NATIONAL WEATHER SERVICE WILMINGTON OH
449 PM EDT FRI AUG 26 2016


...................................

...THE CINCINNATI OH CLIMATE SUMMARY FOR AUGUST 26 2016...
VALID TODAY AS OF 0400 PM LOCAL TIME.

CLIMATE NORMAL PERIOD 1981 TO 2010
CLIMATE RECORD PERIOD 1869 TO 2016


WEATHER ITEM   OBSERVED TIME   RECORD YEAR NORMAL DEPARTURE LAST
                VALUE   (LST)  VALUE       VALUE  FROM      YEAR
                                                  NORMAL
..................................................................
TEMPERATURE (F)
 TODAY
  MAXIMUM         92    324 PM  98    1948  84      8       77
  MINIMUM         70    539 AM  49    1946  64      6       56
  AVERAGE         81                        74      7       67

PRECIPITATION (IN)
  TODAY            0.00          2.55 1890   0.10  -0.10     0.00
  MONTH TO DATE    5.08                      2.91   2.17     2.60
  SINCE JUN 1     12.63                     10.70   1.93    14.97
  SINCE JAN 1     32.24                     29.29   2.95    32.20

SNOWFALL (IN)
  TODAY            0.0           0.0    MM   0.0    0.0      0.0
  MONTH TO DATE    0.0                       0.0    0.0      0.0
  SINCE JUN 1      0.0                       0.0    0.0      0.0
  SINCE JUL 1      0.0                       0.0    0.0      0.0
  SNOW DEPTH       0

DEGREE DAYS
 HEATING
  TODAY            0                         0      0        0
  MONTH TO DATE    0                         0      0        2
  SINCE JUN 1      2                        15    -13       21
  SINCE JUL 1      0                         0      0        2

 COOLING
  TODAY           16                         9      7        2
  MONTH TO DATE  344                       266     78      188
  SINCE JUN 1   1006                       831    175      766
  SINCE JAN 1   1099                       925    174      915
..................................................................


WIND (MPH)
  HIGHEST WIND SPEED     8   HIGHEST WIND DIRECTION    SW (230)
  HIGHEST GUST SPEED    10   HIGHEST GUST DIRECTION    SW (230)
  AVERAGE WIND SPEED     1.7


SKY COVER
  POSSIBLE SUNSHINE  MM
  AVERAGE SKY COVER 0.3


WEATHER CONDITIONS
 THE FOLLOWING WEATHER WAS RECORDED TODAY.
  FOG


RELATIVE HUMIDITY (PERCENT)
 HIGHEST   100           500 AM
 LOWEST     56           300 PM
 AVERAGE    78

..........................................................


THE CINCINNATI OH CLIMATE NORMALS FOR TOMORROW
                         NORMAL    RECORD    YEAR
 MAXIMUM TEMPERATURE (F)   84        99      1948
 MINIMUM TEMPERATURE (F)   64        50      1945


SUNRISE AND SUNSET
AUGUST 26 2016........SUNRISE   702 AM EDT   SUNSET   817 PM EDT
AUGUST 27 2016........SUNRISE   703 AM EDT   SUNSET   816 PM EDT


-  INDICATES NEGATIVE NUMBERS.
R  INDICATES RECORD WAS SET OR TIED.
MM INDICATES DATA IS MISSING.
T  INDICATES TRACE AMOUNT.




$$
