000
CDUS45 KCYS 170731
CLICYS


CLIMATE REPORT
NATIONAL WEATHER SERVICE CHEYENNE WY
130 AM MDT THU APR 17 2014


...................................

...THE CHEYENNE WYOMING CLIMATE SUMMARY FOR APRIL 16 2014...

CLIMATE NORMAL PERIOD 1981 TO 2010
CLIMATE RECORD PERIOD 1871 TO 2014


WEATHER ITEM   OBSERVED TIME   RECORD YEAR NORMAL DEPARTURE LAST
                VALUE   (LST)  VALUE       VALUE  FROM      YEAR
                                                  NORMAL
..................................................................
TEMPERATURE (F)
 YESTERDAY
  MAXIMUM         45    316 PM  76    1985  55    -10       25
  MINIMUM         32   1159 PM   8    1901  31      1       20
  AVERAGE         39                        43     -4       23

PRECIPITATION (IN)
  YESTERDAY        0.02          0.79 2009   0.06  -0.04     0.29
  MONTH TO DATE    0.64                      0.83  -0.19     1.60
  SINCE JAN 1      3.70                      2.68   1.02     3.11

SNOWFALL (IN)
  YESTERDAY        0.2           5.4  2013   0.4   -0.2      5.4
  MONTH TO DATE    6.1                       6.3   -0.2     22.3
  SINCE JUL 1     77.6                      54.1   23.5     67.5
  SNOW DEPTH       T

DEGREE DAYS
 HEATING
  YESTERDAY       26                        22      4       42
  MONTH TO DATE  381                       387     -6      487
  SINCE MAR 1   1254                      1288    -34     1417
  SINCE JUL 1   6458                      6307    151     6350

 COOLING
  YESTERDAY        0                         0      0        0
  MONTH TO DATE    0                         0      0        0
  SINCE MAR 1      0                         0      0        0
  SINCE JAN 1      0                         0      0        0
..................................................................


WIND (MPH)
  HIGHEST WIND SPEED    32   HIGHEST WIND DIRECTION     W (280)
  HIGHEST GUST SPEED    43   HIGHEST GUST DIRECTION     W (270)
  AVERAGE WIND SPEED    14.4


SKY COVER
  AVERAGE SKY COVER 0.4


WEATHER CONDITIONS
 THE FOLLOWING WEATHER WAS RECORDED YESTERDAY.
  SNOW
  LIGHT SNOW
  FOG


RELATIVE HUMIDITY (PERCENT)
 HIGHEST    89          1000 PM
 LOWEST     45           400 PM
 AVERAGE    67

..........................................................


THE CHEYENNE WYOMING CLIMATE NORMALS FOR TODAY
                         NORMAL    RECORD    YEAR
 MAXIMUM TEMPERATURE (F)   55        78      1987
 MINIMUM TEMPERATURE (F)   31         8      1901


SUNRISE AND SUNSET
APRIL 17 2014.........SUNRISE   617 AM MDT   SUNSET   741 PM MDT
APRIL 18 2014.........SUNRISE   615 AM MDT   SUNSET   742 PM MDT


-  INDICATES NEGATIVE NUMBERS.
R  INDICATES RECORD WAS SET OR TIED.
MM INDICATES DATA IS MISSING.
T  INDICATES TRACE AMOUNT.




$$
