508
CDUS45 KCYS 290745
CLICYS


CLIMATE REPORT
NATIONAL WEATHER SERVICE CHEYENNE WY
145 AM MDT SUN MAY 29 2016


...................................

...THE CHEYENNE WYOMING AIRPORT CLIMATE SUMMARY FOR MAY 28 2016...

CLIMATE NORMAL PERIOD 1981 TO 2010
CLIMATE RECORD PERIOD 1871 TO 2016


WEATHER ITEM   OBSERVED TIME   RECORD YEAR NORMAL DEPARTURE LAST
                VALUE   (LST)  VALUE       VALUE  FROM      YEAR
                                                  NORMAL
..................................................................
TEMPERATURE (F)
 YESTERDAY
  MAXIMUM         70    254 PM  88    2000  68      2       69
  MINIMUM         41    404 AM  22    1947  44     -3       46
  AVERAGE         56                        56      0       58

PRECIPITATION (IN)
  YESTERDAY        T             1.08 1975   0.09  -0.09     0.00
  MONTH TO DATE    1.88                      2.08  -0.20     5.88
  SINCE JAN 1      8.47                      5.71   2.76     9.47

SNOWFALL (IN)
  YESTERDAY       MM             3.2  1947   0.0   MM        0.0
  MONTH TO DATE    1.6                       2.2   -0.6      4.4
  SINCE JUL 1     91.7                      60.2   31.5     54.5
  SNOW DEPTH       0

DEGREE DAYS
 HEATING
  YESTERDAY        9                         9      0        7
  MONTH TO DATE  432                       365     67      483
  SINCE MAR 1   1921                      1931    -10     1817
  SINCE JUL 1   6438                      6950   -512     6468

 COOLING
  YESTERDAY        0                         0      0        0
  MONTH TO DATE    0                         0      0        0
  SINCE MAR 1      0                         0      0        0
  SINCE JAN 1      0                         0      0        0
..................................................................


WIND (MPH)
  HIGHEST WIND SPEED    28   HIGHEST WIND DIRECTION     W (270)
  HIGHEST GUST SPEED    34   HIGHEST GUST DIRECTION     W (290)
  AVERAGE WIND SPEED     9.7


SKY COVER
  AVERAGE SKY COVER 0.6


WEATHER CONDITIONS
 THE FOLLOWING WEATHER WAS RECORDED YESTERDAY.
  LIGHT RAIN


RELATIVE HUMIDITY (PERCENT)
 HIGHEST    82          1200 AM
 LOWEST     23           100 PM
 AVERAGE    53

..........................................................


THE CHEYENNE WYOMING AIRPORT CLIMATE NORMALS FOR TODAY
                         NORMAL    RECORD    YEAR
 MAXIMUM TEMPERATURE (F)   69        91      2003
                                             2000
 MINIMUM TEMPERATURE (F)   44        16      1947


SUNRISE AND SUNSET
MAY 29 2016...........SUNRISE   530 AM MDT   SUNSET   824 PM MDT
MAY 30 2016...........SUNRISE   530 AM MDT   SUNSET   825 PM MDT


-  INDICATES NEGATIVE NUMBERS.
R  INDICATES RECORD WAS SET OR TIED.
MM INDICATES DATA IS MISSING.
T  INDICATES TRACE AMOUNT.




$$
