000
CDUS45 KCYS 230733
CLICYS


CLIMATE REPORT
NATIONAL WEATHER SERVICE CHEYENNE WY
131 AM MDT WED APR 23 2014


...................................

...THE CHEYENNE WYOMING CLIMATE SUMMARY FOR APRIL 22 2014...

CLIMATE NORMAL PERIOD 1981 TO 2010
CLIMATE RECORD PERIOD 1871 TO 2014


WEATHER ITEM   OBSERVED TIME   RECORD YEAR NORMAL DEPARTURE LAST
                VALUE   (LST)  VALUE       VALUE  FROM      YEAR
                                                  NORMAL
..................................................................
TEMPERATURE (F)
 YESTERDAY
  MAXIMUM         73    224 PM  80    1989  57     16       40
  MINIMUM         39    247 AM   9    1874  32      7       17
  AVERAGE         56                        45     11       29

PRECIPITATION (IN)
  YESTERDAY        T             1.91 1923   0.07  -0.07     0.15
  MONTH TO DATE    0.64                      1.23  -0.59     2.02
  SINCE JAN 1      3.70                      3.08   0.62     3.53

SNOWFALL (IN)
  YESTERDAY        0.0          11.5  1923   0.3   -0.3      1.9
  MONTH TO DATE    6.1                       8.3   -2.2     29.8
  SINCE JUL 1     77.6                      56.1   21.5     75.0
  SNOW DEPTH       0

DEGREE DAYS
 HEATING
  YESTERDAY        9                        20    -11       36
  MONTH TO DATE  463                       514    -51      698
  SINCE MAR 1   1336                      1415    -79     1628
  SINCE JUL 1   6540                      6434    106     6561

 COOLING
  YESTERDAY        0                         0      0        0
  MONTH TO DATE    0                         0      0        0
  SINCE MAR 1      0                         0      0        0
  SINCE JAN 1      0                         0      0        0
..................................................................


WIND (MPH)
  HIGHEST WIND SPEED    31   HIGHEST WIND DIRECTION    SE (150)
  HIGHEST GUST SPEED    38   HIGHEST GUST DIRECTION    SE (150)
  AVERAGE WIND SPEED     8.7


SKY COVER
  AVERAGE SKY COVER 0.1


WEATHER CONDITIONS
 THE FOLLOWING WEATHER WAS RECORDED YESTERDAY.
  NO SIGNIFICANT WEATHER WAS OBSERVED.


RELATIVE HUMIDITY (PERCENT)
 HIGHEST    76           300 AM
 LOWEST     22           200 PM
 AVERAGE    49

..........................................................


THE CHEYENNE WYOMING CLIMATE NORMALS FOR TODAY
                         NORMAL    RECORD    YEAR
 MAXIMUM TEMPERATURE (F)   57        79      2012
 MINIMUM TEMPERATURE (F)   33        11      2013
                                             1873


SUNRISE AND SUNSET
APRIL 23 2014.........SUNRISE   608 AM MDT   SUNSET   748 PM MDT
APRIL 24 2014.........SUNRISE   607 AM MDT   SUNSET   749 PM MDT


-  INDICATES NEGATIVE NUMBERS.
R  INDICATES RECORD WAS SET OR TIED.
MM INDICATES DATA IS MISSING.
T  INDICATES TRACE AMOUNT.




$$
