000
CDUS45 KCYS 060748
CLICYS


CLIMATE REPORT
NATIONAL WEATHER SERVICE CHEYENNE WY
148 AM MDT MON JUL 6 2015


...................................

...THE CHEYENNE WYOMING AIRPORT CLIMATE SUMMARY FOR JULY 5 2015...

CLIMATE NORMAL PERIOD 1981 TO 2010
CLIMATE RECORD PERIOD 1871 TO 2015


WEATHER ITEM   OBSERVED TIME   RECORD YEAR NORMAL DEPARTURE LAST
                VALUE   (LST)  VALUE       VALUE  FROM      YEAR
                                                  NORMAL
..................................................................
TEMPERATURE (F)
 YESTERDAY
  MAXIMUM         89   1055 AM  96    1989  82      7       93
                                      1877
  MINIMUM         58   1159 PM  40    1897  54      4       55
  AVERAGE         74                        68      6       74

PRECIPITATION (IN)
  YESTERDAY        0.39          0.68 1908   0.05   0.34     0.00
  MONTH TO DATE    0.75                      0.29   0.46      T
  SINCE JAN 1     11.86                      8.60   3.26     8.94

SNOWFALL (IN)
  YESTERDAY        0.0          MM      MM   0.0    0.0      0.0
  MONTH TO DATE    0.0                       0.0    0.0      0.0
  SINCE JUL 1      0.0                       0.0    0.0      0.0
  SNOW DEPTH       0

DEGREE DAYS
 HEATING
  YESTERDAY        0                         1     -1        0
  MONTH TO DATE    0                         5     -5       13
  SINCE JUN 1     36                       139   -103      139
  SINCE JUL 1      0                         5     -5       13

 COOLING
  YESTERDAY        9                         4      5        9
  MONTH TO DATE   30                        20     10       19
  SINCE JUN 1     92                        67     25       33
  SINCE JAN 1     92                        70     22       34
..................................................................


WIND (MPH)
  HIGHEST WIND SPEED    26   HIGHEST WIND DIRECTION     W (280)
  HIGHEST GUST SPEED    32   HIGHEST GUST DIRECTION     W (280)
  AVERAGE WIND SPEED    11.9


SKY COVER
  AVERAGE SKY COVER 0.3


WEATHER CONDITIONS
 THE FOLLOWING WEATHER WAS RECORDED YESTERDAY.
  THUNDERSTORM
  HEAVY RAIN
  LIGHT RAIN
  FOG


RELATIVE HUMIDITY (PERCENT)
 HIGHEST   100          1100 PM
 LOWEST     24          1100 AM
 AVERAGE    62

..........................................................


THE CHEYENNE WYOMING AIRPORT CLIMATE NORMALS FOR TODAY
                         NORMAL    RECORD    YEAR
 MAXIMUM TEMPERATURE (F)   83        98      1973
 MINIMUM TEMPERATURE (F)   54        40      1931


SUNRISE AND SUNSET
JULY  6 2015..........SUNRISE   533 AM MDT   SUNSET   835 PM MDT
JULY  7 2015..........SUNRISE   534 AM MDT   SUNSET   834 PM MDT


-  INDICATES NEGATIVE NUMBERS.
R  INDICATES RECORD WAS SET OR TIED.
MM INDICATES DATA IS MISSING.
T  INDICATES TRACE AMOUNT.




$$
