000
CDUS45 KCYS 010325
CLICYS


CLIMATE REPORT
NATIONAL WEATHER SERVICE CHEYENNE WY
925 PM MDT WED AUG 31 2016


...................................

...THE CHEYENNE WYOMING AIRPORT CLIMATE SUMMARY FOR AUGUST 31 2016...
VALID TODAY AS OF 0900 PM LOCAL TIME.

CLIMATE NORMAL PERIOD 1981 TO 2010
CLIMATE RECORD PERIOD 1871 TO 2016


WEATHER ITEM   OBSERVED TIME   RECORD YEAR NORMAL DEPARTURE
                VALUE   (LST)  VALUE       VALUE  FROM
                                                  NORMAL
...............................................................
TEMPERATURE (F)
 TODAY
  MAXIMUM         75    247 PM  93    1960  78     -3
  MINIMUM         45    543 AM  37    1944  51     -6
                                      1910
  AVERAGE         60                        64     -4

PRECIPITATION (IN)
  TODAY            0.00          0.30 1963   0.05  -0.05
  MONTH TO DATE    1.05                      1.95  -0.90
  SINCE JUN 1      4.21                      6.48  -2.27
  SINCE JAN 1     12.83                     12.45   0.38

SNOWFALL (IN)
  TODAY            0.0          MM      MM   0.0    0.0
  MONTH TO DATE    T                         0.0    0.0
  SINCE JUL 1      T                         0.0    0.0
  SNOW DEPTH       0

DEGREE DAYS
 HEATING
  TODAY            5                                2
  MONTH TO DATE   51                               12
  SINCE JUN 1     80                             -110
  SINCE JUL 1     54                               -2

 COOLING
  TODAY            0                               -2
  MONTH TO DATE  108                               -8
  SINCE JUN 1    420                               97
  SINCE JAN 1    420                               94
...............................................................


WIND (MPH)
  HIGHEST WIND SPEED    20   HIGHEST WIND DIRECTION     S (160)
  HIGHEST GUST SPEED    25   HIGHEST GUST DIRECTION     S (160)
  AVERAGE WIND SPEED     7.3




RELATIVE HUMIDITY (PERCENT)
 HIGHEST    93
 LOWEST     41
 AVERAGE    67

..........................................................


THE CHEYENNE WYOMING AIRPORT CLIMATE NORMALS FOR TOMORROW
                         NORMAL    RECORD    YEAR
 MAXIMUM TEMPERATURE (F)   78        95      1995
 MINIMUM TEMPERATURE (F)   50        36      1952
                                             1882


SUNRISE AND SUNSET
AUGUST 31 2016........SUNRISE   625 AM MDT   SUNSET   733 PM MDT
SEPTEMBER  1 2016.....SUNRISE   626 AM MDT   SUNSET   731 PM MDT


-  INDICATES NEGATIVE NUMBERS.
R  INDICATES RECORD WAS SET OR TIED.
MM INDICATES DATA IS MISSING.
T  INDICATES TRACE AMOUNT.




$$
