000
CDUS45 KCYS 270729
CLICYS


CLIMATE REPORT
NATIONAL WEATHER SERVICE CHEYENNE WY
129 AM MDT WED AUG 27 2014


...................................

...THE CHEYENNE WYOMING CLIMATE SUMMARY FOR AUGUST 26 2014...

CLIMATE NORMAL PERIOD 1981 TO 2010
CLIMATE RECORD PERIOD 1871 TO 2014


WEATHER ITEM   OBSERVED TIME   RECORD YEAR NORMAL DEPARTURE LAST
                VALUE   (LST)  VALUE       VALUE  FROM      YEAR
                                                  NORMAL
..................................................................
TEMPERATURE (F)
 YESTERDAY
  MAXIMUM         76    152 PM  93    2010  80     -4       90
  MINIMUM         53    525 AM  38    1910  52      1       58
  AVERAGE         65                        66     -1       74

PRECIPITATION (IN)
  YESTERDAY        0.01          1.49 1946   0.05  -0.04     0.17
  MONTH TO DATE    1.01                      1.70  -0.69     1.09
  SINCE JAN 1     13.19                     12.20   0.99     8.33

SNOWFALL (IN)
  YESTERDAY        0.0          MM      MM   0.0    0.0      0.0
  MONTH TO DATE    0.0                       0.0    0.0      0.0
  SINCE JUL 1      0.0                       0.0    0.0      0.0
  SNOW DEPTH       0

DEGREE DAYS
 HEATING
  YESTERDAY        0                         2     -2        0
  MONTH TO DATE   11                        28    -17        8
  SINCE JUN 1    166                       184    -18       77
  SINCE JUL 1     40                        50    -10       15

 COOLING
  YESTERDAY        0                         3     -3        9
  MONTH TO DATE   92                       106    -14      121
  SINCE JUN 1    264                       313    -49      398
  SINCE JAN 1    265                       316    -51      404
..................................................................


WIND (MPH)
  HIGHEST WIND SPEED    26   HIGHEST WIND DIRECTION     S (200)
  HIGHEST GUST SPEED    37   HIGHEST GUST DIRECTION     S (200)
  AVERAGE WIND SPEED     8.9


SKY COVER
  AVERAGE SKY COVER 0.3


WEATHER CONDITIONS
 THE FOLLOWING WEATHER WAS RECORDED YESTERDAY.
  LIGHT RAIN


RELATIVE HUMIDITY (PERCENT)
 HIGHEST    93           400 AM
 LOWEST     41           200 PM
 AVERAGE    67

..........................................................


THE CHEYENNE WYOMING CLIMATE NORMALS FOR TODAY
                         NORMAL    RECORD    YEAR
 MAXIMUM TEMPERATURE (F)   79        93      1969
 MINIMUM TEMPERATURE (F)   52        39      1992


SUNRISE AND SUNSET
AUGUST 27 2014........SUNRISE   621 AM MDT   SUNSET   740 PM MDT
AUGUST 28 2014........SUNRISE   622 AM MDT   SUNSET   738 PM MDT


-  INDICATES NEGATIVE NUMBERS.
R  INDICATES RECORD WAS SET OR TIED.
MM INDICATES DATA IS MISSING.
T  INDICATES TRACE AMOUNT.




$$
