000
CDUS46 KSGX 200120
CLICZZ


CLIMATE REPORT
NATIONAL WEATHER SERVICE SAN DIEGO, CA
519 PM PST THU JAN 19 2017


...................................

...THE CAMPO ASOS CA CLIMATE SUMMARY FOR JANUARY 19 2017...
VALID TODAY AS OF 0500 PM LOCAL TIME.

CLIMATE NORMAL PERIOD 1981 TO 2010
CLIMATE RECORD PERIOD 1948 TO 2017


WEATHER ITEM   OBSERVED TIME   RECORD YEAR NORMAL DEPARTURE LAST
                VALUE   (LST)  VALUE       VALUE  FROM      YEAR
                                                  NORMAL
..................................................................
TEMPERATURE (F)
 TODAY
  MAXIMUM         54    203 PM  81    1971  63     -9       67
  MINIMUM         44    438 AM  22    2002  35      9       33
  AVERAGE         49                        49      0       50

PRECIPITATION (IN)
  TODAY            0.75          1.34 1954   0.10   0.65     0.00
  MONTH TO DATE    2.37                      1.86   0.51     2.93
  SINCE OCT 1      7.60                      6.08   1.52     5.88
  SINCE JAN 1      2.37                      1.86   0.51     2.93

DEGREE DAYS
 HEATING
  TODAY           16                        16      0       15
  MONTH TO DATE  324                       315      9      370
  SINCE DEC 1    789                       851    -62      970
  SINCE JUL 1   1207                      1421   -214     1386

 COOLING
  TODAY            0                         0      0        0
  MONTH TO DATE    0                         0      0        0
  SINCE DEC 1      0                         0      0        0
  SINCE JAN 1      0                         0      0        0
..................................................................


WIND (MPH)
  RESULTANT WIND SPEED  10   RESULTANT WIND DIRECTION  SW (230)
  HIGHEST WIND SPEED    25   HIGHEST WIND DIRECTION    SW (240)
  HIGHEST GUST SPEED    35   HIGHEST GUST DIRECTION    SW (240)
  AVERAGE WIND SPEED    10.9


SKY COVER
  POSSIBLE SUNSHINE  MM
  AVERAGE SKY COVER 0.0



RELATIVE HUMIDITY (PERCENT)
 HIGHEST   100           600 AM
 LOWEST     77           100 PM
 AVERAGE    89

..........................................................


THE CAMPO ASOS CA CLIMATE NORMALS FOR TOMORROW
                         NORMAL    RECORD    YEAR
 MAXIMUM TEMPERATURE (F)   63        77      1975
 MINIMUM TEMPERATURE (F)   35        20      1973


SUNRISE AND SUNSET
JANUARY 19 2017.......SUNRISE   647 AM PST   SUNSET   507 PM PST
JANUARY 20 2017.......SUNRISE   646 AM PST   SUNSET   508 PM PST


-  INDICATES NEGATIVE NUMBERS.
R  INDICATES RECORD WAS SET OR TIED.
MM INDICATES DATA IS MISSING.
T  INDICATES TRACE AMOUNT.




$$
