000
CDUS46 KSGX 210017
CLICZZ


CLIMATE REPORT
NATIONAL WEATHER SERVICE SAN DIEGO, CA
517 PM PDT SUN APR 20 2014


...................................

...THE CAMPO ASOS CA CLIMATE SUMMARY FOR APRIL 20 2014...
VALID TODAY AS OF 0500 PM LOCAL TIME.

CLIMATE NORMAL PERIOD 1981 TO 2010
CLIMATE RECORD PERIOD 1948 TO 2014


WEATHER ITEM   OBSERVED TIME   RECORD YEAR NORMAL DEPARTURE LAST
                VALUE   (LST)  VALUE       VALUE  FROM      YEAR
                                                  NORMAL
..................................................................
TEMPERATURE (F)
 TODAY
  MAXIMUM         84    206 PM  88    2009  74     10       85
                                      1997
  MINIMUM         42    517 AM  24    2002  38      4       34
                                      1972
  AVERAGE         63                        56      7       60

PRECIPITATION (IN)
  TODAY            0.00          0.57 1988   0.02  -0.02     0.00
  MONTH TO DATE    0.28                      0.73  -0.45     0.01
  SINCE JUL 1      6.54                     15.21  -8.67     8.92
  SINCE JAN 1      2.35                      9.63  -7.28     4.45

SNOWFALL (IN)
  TODAY            0.0
  MONTH TO DATE    0.0
  SINCE JAN 1      0.0
  SINCE JUL 1      0.0
  SNOW DEPTH       0

DEGREE DAYS
 HEATING
  TODAY            2                         9     -7        5
  MONTH TO DATE  182                       218    -36      233
  SINCE MAR 1    554                       635    -81      605
  SINCE JUL 1   2424                      2686   -262     2749

 COOLING
  TODAY            0                         0      0        0
  MONTH TO DATE    1                         0      1        0
  SINCE MAR 1      1                         0      1        0
  SINCE JAN 1      1                         0      1        0
..................................................................


WIND (MPH)
  RESULTANT WIND SPEED   3   RESULTANT WIND DIRECTION   W (280)
  HIGHEST WIND SPEED    20   HIGHEST WIND DIRECTION     W (250)
  HIGHEST GUST SPEED    26   HIGHEST GUST DIRECTION    SW (220)
  AVERAGE WIND SPEED     7.9


SKY COVER
  POSSIBLE SUNSHINE  MM
  AVERAGE SKY COVER 0.0



RELATIVE HUMIDITY (PERCENT)
 HIGHEST    93          1200 AM
 LOWEST     21          1000 AM
 AVERAGE    57

..........................................................


THE CAMPO ASOS CA CLIMATE NORMALS FOR TOMORROW
                         NORMAL    RECORD    YEAR
 MAXIMUM TEMPERATURE (F)   74        91      2009
 MINIMUM TEMPERATURE (F)   38        25      1973


SUNRISE AND SUNSET
APRIL 20 2014.........SUNRISE   611 AM PDT   SUNSET   719 PM PDT
APRIL 21 2014.........SUNRISE   609 AM PDT   SUNSET   720 PM PDT


-  INDICATES NEGATIVE NUMBERS.
R  INDICATES RECORD WAS SET OR TIED.
MM INDICATES DATA IS MISSING.
T  INDICATES TRACE AMOUNT.




$$
