000
CDUS46 KSGX 290015
CLICZZ


CLIMATE REPORT
NATIONAL WEATHER SERVICE SAN DIEGO, CA
515 PM PDT THU APR 28 2016


...................................

...THE CAMPO ASOS CA CLIMATE SUMMARY FOR APRIL 28 2016...
VALID TODAY AS OF 0500 PM LOCAL TIME.

CLIMATE NORMAL PERIOD 1981 TO 2010
CLIMATE RECORD PERIOD 1948 TO 2016


WEATHER ITEM   OBSERVED TIME   RECORD YEAR NORMAL DEPARTURE LAST
                VALUE   (LST)  VALUE       VALUE  FROM      YEAR
                                                  NORMAL
..................................................................
TEMPERATURE (F)
 TODAY
  MAXIMUM         55    303 PM  92    1992  76    -21       84
  MINIMUM         43    557 AM  29    1969  40      3       36
  AVERAGE         49                        58     -9       60

PRECIPITATION (IN)
  TODAY            0.00          0.94 1953   0.02  -0.02     0.00
  MONTH TO DATE    1.70                      0.92   0.78     0.27
  SINCE OCT 1      9.17                     14.04  -4.87     6.62
  SINCE JAN 1      6.22                      9.82  -3.60     2.75

DEGREE DAYS
 HEATING
  TODAY           16                         8      8        5
  MONTH TO DATE  264                       285    -21      288
  SINCE MAR 1    650                       702    -52      583
  SINCE JUL 1   2534                      2753   -219     2219

 COOLING
  TODAY            0                         0      0        0
  MONTH TO DATE    0                         0      0        0
  SINCE MAR 1      0                         0      0        0
  SINCE JAN 1      0                         0      0        0
..................................................................


WIND (MPH)
  RESULTANT WIND SPEED  13   RESULTANT WIND DIRECTION  SW (240)
  HIGHEST WIND SPEED    21   HIGHEST WIND DIRECTION    SW (230)
  HIGHEST GUST SPEED    26   HIGHEST GUST DIRECTION    SW (230)
  AVERAGE WIND SPEED    13.2


SKY COVER
  POSSIBLE SUNSHINE  MM
  AVERAGE SKY COVER 0.0



RELATIVE HUMIDITY (PERCENT)
 HIGHEST    96           600 AM
 LOWEST     61           300 PM
 AVERAGE    79

..........................................................


THE CAMPO ASOS CA CLIMATE NORMALS FOR TOMORROW
                         NORMAL    RECORD    YEAR
 MAXIMUM TEMPERATURE (F)   76        92      1996
 MINIMUM TEMPERATURE (F)   40        24      1970


SUNRISE AND SUNSET
APRIL 28 2016.........SUNRISE   601 AM PDT   SUNSET   726 PM PDT
APRIL 29 2016.........SUNRISE   600 AM PDT   SUNSET   726 PM PDT


-  INDICATES NEGATIVE NUMBERS.
R  INDICATES RECORD WAS SET OR TIED.
MM INDICATES DATA IS MISSING.
T  INDICATES TRACE AMOUNT.




$$
