000
CDUS46 KSGX 170019
CLICZZ


CLIMATE REPORT
NATIONAL WEATHER SERVICE SAN DIEGO, CA
519 PM PDT MON OCT 16 2017


...................................

...THE CAMPO ASOS CA CLIMATE SUMMARY FOR OCTOBER 16 2017...
VALID TODAY AS OF 0500 PM LOCAL TIME.

CLIMATE NORMAL PERIOD 1981 TO 2010
CLIMATE RECORD PERIOD 1948 TO 2017


WEATHER ITEM   OBSERVED TIME   RECORD YEAR NORMAL DEPARTURE LAST
                VALUE   (LST)  VALUE       VALUE  FROM      YEAR
                                                  NORMAL
..................................................................
TEMPERATURE (F)
 TODAY
  MAXIMUM         92   1206 PM  95    1991  79     13       76
  MINIMUM         52    540 AM  29    1966  42     10       43
  AVERAGE         72                        61     11       60

PRECIPITATION (IN)
  TODAY            0.00          0.45 1971   0.03  -0.03     0.00
  MONTH TO DATE    0.00                      0.36  -0.36     0.00
  SINCE OCT 1      0.00                      0.36  -0.36     0.00
  SINCE JAN 1     11.72                     11.87  -0.15     7.38

DEGREE DAYS
 HEATING
  TODAY            0                         5     -5        5
  MONTH TO DATE   56                        62     -6       65
  SINCE SEP 1    126                        98     28      102
  SINCE JUL 1    130                       112     18      102

 COOLING
  TODAY            7                         1      6        0
  MONTH TO DATE   18                        23     -5        9
  SINCE SEP 1    154                       184    -30      112
  SINCE JAN 1   1031                       834    197      932
..................................................................


WIND (MPH)
  RESULTANT WIND SPEED   8   RESULTANT WIND DIRECTION   E (70)
  HIGHEST WIND SPEED    20   HIGHEST WIND DIRECTION     E (70)
  HIGHEST GUST SPEED    23   HIGHEST GUST DIRECTION     E (80)
  AVERAGE WIND SPEED     9.3


SKY COVER
  POSSIBLE SUNSHINE  MM
  AVERAGE SKY COVER 0.0



RELATIVE HUMIDITY (PERCENT)
 HIGHEST    35           600 AM
 LOWEST      7           900 AM
 AVERAGE    21

..........................................................


THE CAMPO ASOS CA CLIMATE NORMALS FOR TOMORROW
                         NORMAL    RECORD    YEAR
 MAXIMUM TEMPERATURE (F)   79        95      2009
 MINIMUM TEMPERATURE (F)   42        30      1980


SUNRISE AND SUNSET
OCTOBER 16 2017.......SUNRISE   651 AM PDT   SUNSET   611 PM PDT
OCTOBER 17 2017.......SUNRISE   652 AM PDT   SUNSET   610 PM PDT


-  INDICATES NEGATIVE NUMBERS.
R  INDICATES RECORD WAS SET OR TIED.
MM INDICATES DATA IS MISSING.
T  INDICATES TRACE AMOUNT.




$$
