000
CDUS46 KSGX 141236
CLICZZ


CLIMATE REPORT
NATIONAL WEATHER SERVICE SAN DIEGO, CA
436 AM PST THU DEC 14 2017


...................................

...THE CAMPO ASOS CA CLIMATE SUMMARY FOR DECEMBER 13 2017...

CLIMATE NORMAL PERIOD 1981 TO 2010
CLIMATE RECORD PERIOD 1948 TO 2017


WEATHER ITEM   OBSERVED TIME   RECORD YEAR NORMAL DEPARTURE LAST
                VALUE   (LST)  VALUE       VALUE  FROM      YEAR
                                                  NORMAL
..................................................................
TEMPERATURE (F)
 YESTERDAY
  MAXIMUM         77   1051 AM  80    1988  63     14       70
  MINIMUM         35   1159 PM  20    1979  32      3       36
  AVERAGE         56                        47      9       53

PRECIPITATION (IN)
  YESTERDAY        0.00          0.71 2012   0.06  -0.06     0.00
  MONTH TO DATE    0.00                      0.85  -0.85     0.00
  SINCE OCT 1      0.34                      2.80  -2.46     0.94
  SINCE JAN 1     12.06                     14.31  -2.25     8.32

DEGREE DAYS
 HEATING
  YESTERDAY        9                        18     -9       12
  MONTH TO DATE  129                       220    -91      203
  SINCE DEC 1    129                       220    -91      203
  SINCE JUL 1    525                       790   -265      621

 COOLING
  YESTERDAY        0                         0      0        0
  MONTH TO DATE    0                         0      0        0
  SINCE DEC 1      0                         0      0        0
  SINCE JAN 1   1087                       841    246      955
..................................................................


WIND (MPH)
  RESULTANT WIND SPEED   8   RESULTANT WIND DIRECTION  NE (60)
  HIGHEST WIND SPEED    23   HIGHEST WIND DIRECTION     E (70)
  HIGHEST GUST SPEED    27   HIGHEST GUST DIRECTION    NE (60)
  AVERAGE WIND SPEED     8.3


SKY COVER
  POSSIBLE SUNSHINE  MM
  AVERAGE SKY COVER 0.0



RELATIVE HUMIDITY (PERCENT)
 HIGHEST    27          1000 PM
 LOWEST      6          1000 AM
 AVERAGE    17

..........................................................


THE CAMPO ASOS CA CLIMATE NORMALS FOR TODAY
                         NORMAL    RECORD    YEAR
 MAXIMUM TEMPERATURE (F)   63        78      2016
 MINIMUM TEMPERATURE (F)   32        18      1987


SUNRISE AND SUNSET
DECEMBER 14 2017......SUNRISE   640 AM PST   SUNSET   441 PM PST
DECEMBER 15 2017......SUNRISE   641 AM PST   SUNSET   442 PM PST


-  INDICATES NEGATIVE NUMBERS.
R  INDICATES RECORD WAS SET OR TIED.
MM INDICATES DATA IS MISSING.
T  INDICATES TRACE AMOUNT.




$$
