000
CDUS46 KSGX 251419
CLICZZ


CLIMATE REPORT
NATIONAL WEATHER SERVICE SAN DIEGO, CA
719 AM PDT THU AUG 25 2016


...................................

...THE CAMPO ASOS CA CLIMATE SUMMARY FOR AUGUST 24 2016...

CLIMATE NORMAL PERIOD 1981 TO 2010
CLIMATE RECORD PERIOD 1948 TO 2016


WEATHER ITEM   OBSERVED TIME   RECORD YEAR NORMAL DEPARTURE LAST
                VALUE   (LST)  VALUE       VALUE  FROM      YEAR
                                                  NORMAL
..................................................................
TEMPERATURE (F)
 YESTERDAY
  MAXIMUM         95    156 PM 106    1985  94      1       96
  MINIMUM         53    510 AM  37    1978  53      0       58
  AVERAGE         74                        73      1       77

PRECIPITATION (IN)
  YESTERDAY        0.00          1.16 1988   0.02  -0.02     0.00
  MONTH TO DATE    0.00                      0.55  -0.55     0.00
  SINCE OCT 1      9.32                     15.24  -5.92    10.11
  SINCE JAN 1      6.37                     11.02  -4.65     6.24

DEGREE DAYS
 HEATING
  YESTERDAY        0                         0      0        0
  MONTH TO DATE    0                         0      0        0
  SINCE JUN 1     27                        63    -36       60
  SINCE JUL 1      0                         7     -7       10

 COOLING
  YESTERDAY        9                         9      0       12
  MONTH TO DATE  236                       216     20      215
  SINCE JUN 1    757                       558    199      583
  SINCE JAN 1    760                       588    172      600
..................................................................


WIND (MPH)
  RESULTANT WIND SPEED   3   RESULTANT WIND DIRECTION   W (250)
  HIGHEST WIND SPEED    22   HIGHEST WIND DIRECTION    SW (210)
  HIGHEST GUST SPEED    26   HIGHEST GUST DIRECTION    SW (220)
  AVERAGE WIND SPEED     8.3


SKY COVER
  POSSIBLE SUNSHINE  MM
  AVERAGE SKY COVER 0.0



RELATIVE HUMIDITY (PERCENT)
 HIGHEST    72           200 AM
 LOWEST     21           300 PM
 AVERAGE    47

..........................................................


THE CAMPO ASOS CA CLIMATE NORMALS FOR TODAY
                         NORMAL    RECORD    YEAR
 MAXIMUM TEMPERATURE (F)   94       107      1985
 MINIMUM TEMPERATURE (F)   52        30      1978


SUNRISE AND SUNSET
AUGUST 25 2016........SUNRISE   617 AM PDT   SUNSET   718 PM PDT
AUGUST 26 2016........SUNRISE   617 AM PDT   SUNSET   717 PM PDT


-  INDICATES NEGATIVE NUMBERS.
R  INDICATES RECORD WAS SET OR TIED.
MM INDICATES DATA IS MISSING.
T  INDICATES TRACE AMOUNT.




$$
