000
CDUS46 KSGX 021420
CLICZZ


CLIMATE REPORT
NATIONAL WEATHER SERVICE SAN DIEGO, CA
620 AM PST MON MAR 2 2015


...................................

...THE CAMPO ASOS CA CLIMATE SUMMARY FOR MARCH 1 2015...

CLIMATE NORMAL PERIOD 1981 TO 2010
CLIMATE RECORD PERIOD 1948 TO 2015


WEATHER ITEM   OBSERVED TIME   RECORD YEAR NORMAL DEPARTURE LAST
                VALUE   (LST)  VALUE       VALUE  FROM      YEAR
                                                  NORMAL
..................................................................
TEMPERATURE (F)
 YESTERDAY
  MAXIMUM         49    139 PM  84    1967  65    -16       54
  MINIMUM         43   1137 PM  21    1956  36      7       46
  AVERAGE         46                        50     -4       50

PRECIPITATION (IN)
  YESTERDAY        1.00          3.72 1991   0.11   0.89     0.62
  MONTH TO DATE    1.00                      0.11   0.89     0.62
  SINCE OCT 1      5.90                     10.54  -4.64     4.19
  SINCE JAN 1      2.03                      6.32  -4.29     1.94

SNOWFALL (IN)
  YESTERDAY       MM
  MONTH TO DATE   MM
  SINCE JAN 1      0.0
  SINCE JUL 1      0.0
  SNOW DEPTH       0

DEGREE DAYS
 HEATING
  YESTERDAY       19                        15      4       15
  MONTH TO DATE   19                        15      4       15
  SINCE MAR 1     19                        15      4       15
  SINCE JUL 1   1655                      2066   -411     1885

 COOLING
  YESTERDAY        0                         0      0        0
  MONTH TO DATE    0                         0      0        0
  SINCE MAR 1      0                         0      0        0
  SINCE JAN 1      0                         0      0        0
..................................................................


WIND (MPH)
  RESULTANT WIND SPEED   2   RESULTANT WIND DIRECTION  NW (310)
  HIGHEST WIND SPEED    13   HIGHEST WIND DIRECTION    NW (300)
  HIGHEST GUST SPEED    26   HIGHEST GUST DIRECTION     E (80)
  AVERAGE WIND SPEED     4.1


SKY COVER
  POSSIBLE SUNSHINE  MM
  AVERAGE SKY COVER 0.0



RELATIVE HUMIDITY (PERCENT)
 HIGHEST   100           500 AM
 LOWEST     80           200 PM
 AVERAGE    90

..........................................................


THE CAMPO ASOS CA CLIMATE NORMALS FOR TODAY
                         NORMAL    RECORD    YEAR
 MAXIMUM TEMPERATURE (F)   66        84      1999
 MINIMUM TEMPERATURE (F)   36        18      1977


SUNRISE AND SUNSET
MARCH  2 2015.........SUNRISE   613 AM PST   SUNSET   544 PM PST
MARCH  3 2015.........SUNRISE   611 AM PST   SUNSET   545 PM PST


-  INDICATES NEGATIVE NUMBERS.
R  INDICATES RECORD WAS SET OR TIED.
MM INDICATES DATA IS MISSING.
T  INDICATES TRACE AMOUNT.




$$
