000
CDUS46 KSGX 061522
CLICZZ


CLIMATE REPORT
NATIONAL WEATHER SERVICE SAN DIEGO, CA
721 AM PST TUE DEC 6 2016


...................................

...THE CAMPO ASOS CA CLIMATE SUMMARY FOR DECEMBER 5 2016...

CLIMATE NORMAL PERIOD 1981 TO 2010
CLIMATE RECORD PERIOD 1948 TO 2016


WEATHER ITEM   OBSERVED TIME   RECORD YEAR NORMAL DEPARTURE LAST
                VALUE   (LST)  VALUE       VALUE  FROM      YEAR
                                                  NORMAL
..................................................................
TEMPERATURE (F)
 YESTERDAY
  MAXIMUM         64   1256 PM  86    1989  64      0       66
  MINIMUM         31    234 AM  21    2011  33     -2       35
                                      1953
  AVERAGE         48                        48      0       51

PRECIPITATION (IN)
  YESTERDAY        0.00          1.09 1951   0.06  -0.06     0.00
  MONTH TO DATE    0.00                      0.30  -0.30     0.00
  SINCE OCT 1      0.94                      2.25  -1.31     1.70
  SINCE JAN 1      8.32                     13.76  -5.44     8.54

DEGREE DAYS
 HEATING
  YESTERDAY       17                        17      0       14
  MONTH TO DATE   88                        82      6       74
  SINCE DEC 1     88                        82      6       74
  SINCE JUL 1    506                       652   -146      490

 COOLING
  YESTERDAY        0                         0      0        0
  MONTH TO DATE    0                         0      0        0
  SINCE DEC 1      0                         0      0        0
  SINCE JAN 1    955                       841    114      983
..................................................................


WIND (MPH)
  RESULTANT WIND SPEED   1   RESULTANT WIND DIRECTION   S (200)
  HIGHEST WIND SPEED    17   HIGHEST WIND DIRECTION    SW (220)
  HIGHEST GUST SPEED    20   HIGHEST GUST DIRECTION    SW (220)
  AVERAGE WIND SPEED     6.7


SKY COVER
  POSSIBLE SUNSHINE  MM
  AVERAGE SKY COVER 0.0



RELATIVE HUMIDITY (PERCENT)
 HIGHEST    89          1000 PM
 LOWEST     19          1100 AM
 AVERAGE    54

..........................................................


THE CAMPO ASOS CA CLIMATE NORMALS FOR TODAY
                         NORMAL    RECORD    YEAR
 MAXIMUM TEMPERATURE (F)   64        80      2015
                                             1995
 MINIMUM TEMPERATURE (F)   33        20      1978


SUNRISE AND SUNSET
DECEMBER  6 2016......SUNRISE   634 AM PST   SUNSET   440 PM PST
DECEMBER  7 2016......SUNRISE   635 AM PST   SUNSET   440 PM PST


-  INDICATES NEGATIVE NUMBERS.
R  INDICATES RECORD WAS SET OR TIED.
MM INDICATES DATA IS MISSING.
T  INDICATES TRACE AMOUNT.




$$
