000
CDUS46 KSGX 060016
CLICZZ


CLIMATE REPORT
NATIONAL WEATHER SERVICE SAN DIEGO, CA
516 PM PDT SUN JUL 5 2015


...................................

...THE CAMPO ASOS CA CLIMATE SUMMARY FOR JULY 5 2015...
VALID TODAY AS OF 0500 PM LOCAL TIME.

CLIMATE NORMAL PERIOD 1981 TO 2010
CLIMATE RECORD PERIOD 1948 TO 2015


WEATHER ITEM   OBSERVED TIME   RECORD YEAR NORMAL DEPARTURE LAST
                VALUE   (LST)  VALUE       VALUE  FROM      YEAR
                                                  NORMAL
..................................................................
TEMPERATURE (F)
 TODAY
  MAXIMUM         82   1252 PM 106    1989  93    -11       92
  MINIMUM         54    401 AM  36    1978  50      4       60
  AVERAGE         68                        71     -3       76

PRECIPITATION (IN)
  TODAY            0.00          0.19 2011   0.00   0.00     0.00
  MONTH TO DATE    0.01                      0.02  -0.01     0.13
  SINCE OCT 1      9.61                     14.39  -4.78     5.14
  SINCE JAN 1      5.74                     10.17  -4.43     2.89

SNOWFALL (IN)
  TODAY            0.0
  MONTH TO DATE    0.0
  SINCE JUN 1      0.0
  SINCE JUL 1      0.0
  SNOW DEPTH       0

DEGREE DAYS
 HEATING
  TODAY            0                         0      0        0
  MONTH TO DATE    0                         4     -4        0
  SINCE JUN 1     50                        60    -10       28
  SINCE JUL 1      0                         4     -4        0

 COOLING
  TODAY            3                         7     -4       11
  MONTH TO DATE   39                        31      8       52
  SINCE JUN 1    227                       123    104      112
  SINCE JAN 1    244                       153     91      164
..................................................................


WIND (MPH)
  RESULTANT WIND SPEED   7   RESULTANT WIND DIRECTION  SW (220)
  HIGHEST WIND SPEED    22   HIGHEST WIND DIRECTION    SW (210)
  HIGHEST GUST SPEED    26   HIGHEST GUST DIRECTION    SW (210)
  AVERAGE WIND SPEED     9.1


SKY COVER
  POSSIBLE SUNSHINE  MM
  AVERAGE SKY COVER 0.0



RELATIVE HUMIDITY (PERCENT)
 HIGHEST    93           200 AM
 LOWEST     47           100 PM
 AVERAGE    70

..........................................................


THE CAMPO ASOS CA CLIMATE NORMALS FOR TOMORROW
                         NORMAL    RECORD    YEAR
 MAXIMUM TEMPERATURE (F)   93       104      1976
 MINIMUM TEMPERATURE (F)   50        35      1977


SUNRISE AND SUNSET
JULY  5 2015..........SUNRISE   544 AM PDT   SUNSET   757 PM PDT
JULY  6 2015..........SUNRISE   544 AM PDT   SUNSET   757 PM PDT


-  INDICATES NEGATIVE NUMBERS.
R  INDICATES RECORD WAS SET OR TIED.
MM INDICATES DATA IS MISSING.
T  INDICATES TRACE AMOUNT.




$$
