000
CDUS46 KSGX 251417
CLICZZ


CLIMATE REPORT
NATIONAL WEATHER SERVICE SAN DIEGO, CA
617 AM PST SUN JAN 25 2015


...................................

...THE CAMPO ASOS CA CLIMATE SUMMARY FOR JANUARY 24 2015...

CLIMATE NORMAL PERIOD 1981 TO 2010
CLIMATE RECORD PERIOD 1948 TO 2015


WEATHER ITEM   OBSERVED TIME   RECORD YEAR NORMAL DEPARTURE LAST
                VALUE   (LST)  VALUE       VALUE  FROM      YEAR
                                                  NORMAL
..................................................................
TEMPERATURE (F)
 YESTERDAY
  MAXIMUM         63    328 PM  77    1975  63      0       63
  MINIMUM         54    716 AM  20    1991  35     19       57
  AVERAGE         59                        49     10       60

PRECIPITATION (IN)
  YESTERDAY        0.00          0.88 1969   0.09  -0.09     0.00
  MONTH TO DATE    0.22                      2.31  -2.09     0.00
  SINCE OCT 1      4.09                      6.53  -2.44     2.25
  SINCE JAN 1      0.22                      2.31  -2.09     0.00

SNOWFALL (IN)
  YESTERDAY        0.0
  MONTH TO DATE    0.0
  SINCE JAN 1      0.0
  SINCE JUL 1      0.0
  SNOW DEPTH       0

DEGREE DAYS
 HEATING
  YESTERDAY        6                        16    -10        5
  MONTH TO DATE  352                       395    -43      278
  SINCE DEC 1    862                       931    -69      772
  SINCE JUL 1   1243                      1501   -258     1401

 COOLING
  YESTERDAY        0                         0      0        0
  MONTH TO DATE    0                         0      0        0
  SINCE DEC 1      0                         0      0        2
  SINCE JAN 1      0                         0      0        0
..................................................................


WIND (MPH)
  RESULTANT WIND SPEED  24   RESULTANT WIND DIRECTION  NE (40)
  HIGHEST WIND SPEED    45   HIGHEST WIND DIRECTION    NE (40)
  HIGHEST GUST SPEED    58   HIGHEST GUST DIRECTION    NE (60)
  AVERAGE WIND SPEED    24.2


SKY COVER
  POSSIBLE SUNSHINE  MM
  AVERAGE SKY COVER 0.0



RELATIVE HUMIDITY (PERCENT)
 HIGHEST    21           700 PM
 LOWEST     10          1200 AM
 AVERAGE    16

..........................................................


THE CAMPO ASOS CA CLIMATE NORMALS FOR TODAY
                         NORMAL    RECORD    YEAR
 MAXIMUM TEMPERATURE (F)   63        82      1975
 MINIMUM TEMPERATURE (F)   35        19      1963


SUNRISE AND SUNSET
JANUARY 25 2015.......SUNRISE   645 AM PST   SUNSET   512 PM PST
JANUARY 26 2015.......SUNRISE   644 AM PST   SUNSET   513 PM PST


-  INDICATES NEGATIVE NUMBERS.
R  INDICATES RECORD WAS SET OR TIED.
MM INDICATES DATA IS MISSING.
T  INDICATES TRACE AMOUNT.




$$
