000
CDUS43 KUNR 010835
CLID07


CLIMATE REPORT
NATIONAL WEATHER SERVICE RAPID CITY SD
235 AM MDT SUN MAY 1 2016


...................................

...THE FAITH SD CLIMATE SUMMARY FOR APRIL 30 2016...

CLIMATE NORMAL PERIOD 1981 TO 2010
CLIMATE RECORD PERIOD 9999 TO 9999


WEATHER ITEM   OBSERVED TIME   NORMAL DEPARTURE LAST
                VALUE   (LST)  VALUE  FROM      YEAR
                                      NORMAL
......................................................
TEMPERATURE (F)
 YESTERDAY
  MAXIMUM         56    358 PM  63     -7       76
  MINIMUM         35   1159 PM  38     -3       44
  AVERAGE         46            50     -4       60

PRECIPITATION (IN)
  YESTERDAY        0.00          0.09  -0.09     0.00
  MONTH TO DATE    4.02          1.63   2.39     0.50
  SINCE MAR 1      4.85          2.61   2.24     0.65
  SINCE JAN 1      6.36          3.23   3.13     1.08

DEGREE DAYS
 HEATING
  YESTERDAY       19            15      4        5
  MONTH TO DATE  567           610    -43      541
  SINCE MAR 1   1337          1611   -274     1265
  SINCE JUL 1   6283          7299  -1016     6764

 COOLING
  YESTERDAY        0             0      0        0
  MONTH TO DATE    0             1     -1        0
  SINCE MAR 1      0             1     -1        2
  SINCE JAN 1      0             1     -1        2
......................................................


WIND (MPH)
  HIGHEST WIND SPEED    32   HIGHEST WIND DIRECTION    NE (50)
  HIGHEST GUST SPEED    38   HIGHEST GUST DIRECTION    NE (30)
  AVERAGE WIND SPEED    14.0




RELATIVE HUMIDITY (PERCENT)
 HIGHEST    92           300 AM
 LOWEST     32           400 PM
 AVERAGE    62

..........................................................




SUNRISE AND SUNSET
MAY  1 2016...........SUNRISE   537 AM MDT   SUNSET   754 PM MDT
MAY  2 2016...........SUNRISE   535 AM MDT   SUNSET   756 PM MDT


-  INDICATES NEGATIVE NUMBERS.
R  INDICATES RECORD WAS SET OR TIED.
MM INDICATES DATA IS MISSING.
T  INDICATES TRACE AMOUNT.




$$
