000
CDUS43 KUNR 310831
CLID07


CLIMATE REPORT
NATIONAL WEATHER SERVICE RAPID CITY SD
230 AM MDT FRI JUL 31 2015


...................................

...THE FAITH SD CLIMATE SUMMARY FOR JULY 30 2015...

CLIMATE NORMAL PERIOD 1981 TO 2010
CLIMATE RECORD PERIOD 9999 TO 9999


WEATHER ITEM   OBSERVED TIME   NORMAL DEPARTURE LAST
                VALUE   (LST)  VALUE  FROM      YEAR
                                      NORMAL
......................................................
TEMPERATURE (F)
 YESTERDAY
  MAXIMUM         91    413 PM  87      4       85
  MINIMUM         55    435 AM  60     -5       55
  AVERAGE         73            74     -1       70

PRECIPITATION (IN)
  YESTERDAY        0.00          0.06  -0.06     0.00
  MONTH TO DATE    0.58          2.74  -2.16     0.43
  SINCE JUN 1      3.22          5.83  -2.61     6.36
  SINCE JAN 1     10.46         12.13  -1.67    10.94

DEGREE DAYS
 HEATING
  YESTERDAY        0             0      0        0
  MONTH TO DATE    0             5     -5       17
  SINCE JUN 1     34            95    -61      122
  SINCE JUL 1      0             5     -5       17

 COOLING
  YESTERDAY        8             9     -1        5
  MONTH TO DATE  248           239      9      168
  SINCE JUN 1    343           327     16      190
  SINCE JAN 1    345           339      6      220
......................................................


WIND (MPH)
  HIGHEST WIND SPEED    20   HIGHEST WIND DIRECTION     W (270)
  HIGHEST GUST SPEED    24   HIGHEST GUST DIRECTION     W (260)
  AVERAGE WIND SPEED     8.3




RELATIVE HUMIDITY (PERCENT)
 HIGHEST    62           600 AM
 LOWEST     15           200 PM
 AVERAGE    39

..........................................................




SUNRISE AND SUNSET
JULY 31 2015..........SUNRISE   532 AM MDT   SUNSET   816 PM MDT
AUGUST  1 2015........SUNRISE   533 AM MDT   SUNSET   815 PM MDT


-  INDICATES NEGATIVE NUMBERS.
R  INDICATES RECORD WAS SET OR TIED.
MM INDICATES DATA IS MISSING.
T  INDICATES TRACE AMOUNT.




$$
