000
CDUS43 KUNR 250850
CLID07


CLIMATE REPORT
NATIONAL WEATHER SERVICE RAPID CITY SD
244 AM MDT THU MAY 25 2017


...................................

...THE FAITH SD CLIMATE SUMMARY FOR MAY 24 2017...

CLIMATE NORMAL PERIOD 1981 TO 2010
CLIMATE RECORD PERIOD 9999 TO 9999


WEATHER ITEM   OBSERVED TIME   NORMAL DEPARTURE LAST
                VALUE   (LST)  VALUE  FROM      YEAR
                                      NORMAL
......................................................
TEMPERATURE (F)
 YESTERDAY
  MAXIMUM         72    333 PM  69      3       76
  MINIMUM         35    354 AM  46    -11       44
  AVERAGE         54            57     -3       60

PRECIPITATION (IN)
  YESTERDAY        0.00          0.10  -0.10     0.01
  MONTH TO DATE    1.17          2.34  -1.17     0.36
  SINCE MAR 1      3.22          4.95  -1.73     5.21
  SINCE JAN 1      4.24          5.57  -1.33     6.72

DEGREE DAYS
 HEATING
  YESTERDAY       11             8      3        5
  MONTH TO DATE  230           269    -39      244
  SINCE MAR 1   1703          1880   -177     1581
  SINCE JUL 1   7054          7568   -514     6527

 COOLING
  YESTERDAY        0             0      0        0
  MONTH TO DATE   12             0     12        2
  SINCE MAR 1     12             1     11        2
  SINCE JAN 1     12             1     11        2
......................................................


WIND (MPH)
  HIGHEST WIND SPEED    33   HIGHEST WIND DIRECTION    SE (140)
  HIGHEST GUST SPEED    47   HIGHEST GUST DIRECTION    SE (130)
  AVERAGE WIND SPEED    21.9




RELATIVE HUMIDITY (PERCENT)
 HIGHEST   100           300 AM
 LOWEST     31           400 PM
 AVERAGE    66

..........................................................




SUNRISE AND SUNSET
MAY 25 2017...........SUNRISE   509 AM MDT   SUNSET   822 PM MDT
MAY 26 2017...........SUNRISE   508 AM MDT   SUNSET   823 PM MDT


-  INDICATES NEGATIVE NUMBERS.
R  INDICATES RECORD WAS SET OR TIED.
MM INDICATES DATA IS MISSING.
T  INDICATES TRACE AMOUNT.




$$
