000
CDUS43 KUNR 070831
CLID07


CLIMATE REPORT
NATIONAL WEATHER SERVICE RAPID CITY SD
231 AM MDT TUE JUL 7 2015


...................................

...THE FAITH SD CLIMATE SUMMARY FOR JULY 6 2015...

CLIMATE NORMAL PERIOD 1981 TO 2010
CLIMATE RECORD PERIOD 9999 TO 9999


WEATHER ITEM   OBSERVED TIME   NORMAL DEPARTURE LAST
                VALUE   (LST)  VALUE  FROM      YEAR
                                      NORMAL
......................................................
TEMPERATURE (F)
 YESTERDAY
  MAXIMUM         75    209 PM  85    -10       85
  MINIMUM         56   1159 PM  58     -2       63
  AVERAGE         66            71     -5       74

PRECIPITATION (IN)
  YESTERDAY        0.00          0.10  -0.10     0.00
  MONTH TO DATE    0.22          0.63  -0.41     0.02
  SINCE JUN 1      2.86          3.72  -0.86     5.95
  SINCE JAN 1     10.10         10.02   0.08    10.53

DEGREE DAYS
 HEATING
  YESTERDAY        0             0      0        0
  MONTH TO DATE    0             5     -5        6
  SINCE JUN 1     34            95    -61      111
  SINCE JUL 1      0             5     -5        6

 COOLING
  YESTERDAY        1             7     -6        9
  MONTH TO DATE   38            39     -1       29
  SINCE JUN 1    133           127      6       51
  SINCE JAN 1    135           139     -4       81
......................................................


WIND (MPH)
  HIGHEST WIND SPEED    15   HIGHEST WIND DIRECTION     N (340)
  HIGHEST GUST SPEED    18   HIGHEST GUST DIRECTION     N (340)
  AVERAGE WIND SPEED     8.4




RELATIVE HUMIDITY (PERCENT)
 HIGHEST    90          1200 AM
 LOWEST     47           200 PM
 AVERAGE    69

..........................................................




SUNRISE AND SUNSET
JULY  7 2015..........SUNRISE   509 AM MDT   SUNSET   837 PM MDT
JULY  8 2015..........SUNRISE   510 AM MDT   SUNSET   836 PM MDT


-  INDICATES NEGATIVE NUMBERS.
R  INDICATES RECORD WAS SET OR TIED.
MM INDICATES DATA IS MISSING.
T  INDICATES TRACE AMOUNT.




$$
