000
CDUS43 KUNR 020854
CLID07


CLIMATE REPORT
NATIONAL WEATHER SERVICE RAPID CITY SD
252 AM MDT TUE JUN 2 2015


...................................

...THE FAITH SD CLIMATE SUMMARY FOR JUNE 1 2015...

CLIMATE NORMAL PERIOD 1981 TO 2010
CLIMATE RECORD PERIOD 9999 TO 9999


WEATHER ITEM   OBSERVED TIME   NORMAL DEPARTURE LAST
                VALUE   (LST)  VALUE  FROM      YEAR
                                      NORMAL
......................................................
TEMPERATURE (F)
 YESTERDAY
  MAXIMUM         83    435 PM  72     11       71
  MINIMUM         48    449 AM  48      0       52
  AVERAGE         66            60      6       62

PRECIPITATION (IN)
  YESTERDAY        0.00          0.08  -0.08     0.72
  MONTH TO DATE    0.00          0.08  -0.08     0.72
  SINCE JUN 1      0.00          0.08  -0.08     0.72
  SINCE JAN 1      7.24          6.38   0.86     5.30

DEGREE DAYS
 HEATING
  YESTERDAY        0             6     -6        3
  MONTH TO DATE    0             6     -6        3
  SINCE JUN 1      0             6     -6        3
  SINCE JUL 1   7145          7625   -480     8156

 COOLING
  YESTERDAY        1             1      0        0
  MONTH TO DATE    1             1      0        0
  SINCE JUN 1      1             1      0        0
  SINCE JAN 1      3            13    -10       30
......................................................


WIND (MPH)
  HIGHEST WIND SPEED    23   HIGHEST WIND DIRECTION    SE (150)
  HIGHEST GUST SPEED    29   HIGHEST GUST DIRECTION    SE (150)
  AVERAGE WIND SPEED    13.7




RELATIVE HUMIDITY (PERCENT)
 HIGHEST    93           200 AM
 LOWEST     43           400 PM
 AVERAGE    68

..........................................................




SUNRISE AND SUNSET
JUNE  2 2015..........SUNRISE   504 AM MDT   SUNSET   828 PM MDT
JUNE  3 2015..........SUNRISE   504 AM MDT   SUNSET   829 PM MDT


-  INDICATES NEGATIVE NUMBERS.
R  INDICATES RECORD WAS SET OR TIED.
MM INDICATES DATA IS MISSING.
T  INDICATES TRACE AMOUNT.




$$
