000
CDUS43 KUNR 310843
CLID07


CLIMATE REPORT
NATIONAL WEATHER SERVICE RAPID CITY SD
243 AM MDT TUE MAY 31 2016


...................................

...THE FAITH SD CLIMATE SUMMARY FOR MAY 30 2016...

CLIMATE NORMAL PERIOD 1981 TO 2010
CLIMATE RECORD PERIOD 9999 TO 9999


WEATHER ITEM   OBSERVED TIME   NORMAL DEPARTURE LAST
                VALUE   (LST)  VALUE  FROM      YEAR
                                      NORMAL
......................................................
TEMPERATURE (F)
 YESTERDAY
  MAXIMUM         80    116 PM  71      9       60
  MINIMUM         49   1159 PM  47      2       37
  AVERAGE         65            59      6       49

PRECIPITATION (IN)
  YESTERDAY        0.04          0.11  -0.07     0.00
  MONTH TO DATE    0.49          2.96  -2.47     6.13
  SINCE MAR 1      5.34          5.57  -0.23     6.78
  SINCE JAN 1      6.85          6.19   0.66     7.21

DEGREE DAYS
 HEATING
  YESTERDAY        0             7     -7       16
  MONTH TO DATE  269           313    -44      373
  SINCE MAR 1   1606          1924   -318     1638
  SINCE JUL 1   6552          7612  -1060     7137

 COOLING
  YESTERDAY        0             1     -1        0
  MONTH TO DATE    2             4     -2        0
  SINCE MAR 1      2             5     -3        2
  SINCE JAN 1      2             5     -3        2
......................................................


WIND (MPH)
  HIGHEST WIND SPEED    38   HIGHEST WIND DIRECTION    NW (320)
  HIGHEST GUST SPEED    49   HIGHEST GUST DIRECTION    NW (320)
  AVERAGE WIND SPEED    15.9




RELATIVE HUMIDITY (PERCENT)
 HIGHEST    86           300 PM
 LOWEST     42           100 PM
 AVERAGE    64

..........................................................




SUNRISE AND SUNSET
MAY 31 2016...........SUNRISE   505 AM MDT   SUNSET   827 PM MDT
JUNE  1 2016..........SUNRISE   504 AM MDT   SUNSET   828 PM MDT


-  INDICATES NEGATIVE NUMBERS.
R  INDICATES RECORD WAS SET OR TIED.
MM INDICATES DATA IS MISSING.
T  INDICATES TRACE AMOUNT.




$$
