035
CDUS43 KUNR 210832
CLID07


CLIMATE REPORT
NATIONAL WEATHER SERVICE RAPID CITY SD
132 AM MST TUE FEB 21 2017


...................................

...THE FAITH SD CLIMATE SUMMARY FOR FEBRUARY 20 2017...

CLIMATE NORMAL PERIOD 1981 TO 2010
CLIMATE RECORD PERIOD 9999 TO 9999


WEATHER ITEM   OBSERVED TIME   NORMAL DEPARTURE LAST
                VALUE   (LST)  VALUE  FROM      YEAR
                                      NORMAL
......................................................
TEMPERATURE (F)
 YESTERDAY
  MAXIMUM         59    326 PM  35     24       46
  MINIMUM         40   1047 PM  15     25       24
  AVERAGE         50            25     25       35

PRECIPITATION (IN)
  YESTERDAY        0.05          0.02   0.03     0.00
  MONTH TO DATE    0.13          0.34  -0.21     0.79
  SINCE DEC 1      1.12          0.94   0.18     1.58
  SINCE JAN 1      0.68          0.54   0.14     1.05

DEGREE DAYS
 HEATING
  YESTERDAY       15            40    -25       30
  MONTH TO DATE  771           849    -78      662
  SINCE DEC 1   3828          3595    233     3298
  SINCE JUL 1   5079          5378   -299     4684

 COOLING
  YESTERDAY        0             0      0        0
  MONTH TO DATE    0             0      0        0
  SINCE DEC 1      0             0      0        0
  SINCE JAN 1      0             0      0        0
......................................................


WIND (MPH)
  HIGHEST WIND SPEED    29   HIGHEST WIND DIRECTION    NW (320)
  HIGHEST GUST SPEED    36   HIGHEST GUST DIRECTION    NW (310)
  AVERAGE WIND SPEED    15.2




RELATIVE HUMIDITY (PERCENT)
 HIGHEST    93           500 AM
 LOWEST     28           300 PM
 AVERAGE    61

..........................................................




SUNRISE AND SUNSET
FEBRUARY 21 2017......SUNRISE   639 AM MST   SUNSET   525 PM MST
FEBRUARY 22 2017......SUNRISE   637 AM MST   SUNSET   526 PM MST


-  INDICATES NEGATIVE NUMBERS.
R  INDICATES RECORD WAS SET OR TIED.
MM INDICATES DATA IS MISSING.
T  INDICATES TRACE AMOUNT.




$$
