000
CDUS43 KUNR 270831
CLID07


CLIMATE REPORT
NATIONAL WEATHER SERVICE RAPID CITY SD
231 AM MDT SAT AUG 27 2016


...................................

...THE FAITH SD CLIMATE SUMMARY FOR AUGUST 26 2016...

CLIMATE NORMAL PERIOD 1981 TO 2010
CLIMATE RECORD PERIOD 9999 TO 9999


WEATHER ITEM   OBSERVED TIME   NORMAL DEPARTURE LAST
                VALUE   (LST)  VALUE  FROM      YEAR
                                      NORMAL
......................................................
TEMPERATURE (F)
 YESTERDAY
  MAXIMUM         67   1224 PM  84    -17       MM
  MINIMUM         48    338 AM  56     -8       MM
  AVERAGE         58            70    -12       MM

PRECIPITATION (IN)
  YESTERDAY        0.01          0.04  -0.03     0.00
  MONTH TO DATE    1.23          1.36  -0.13     2.51
  SINCE JUN 1      4.77          7.25  -2.48     5.73
  SINCE JAN 1     11.62         13.55  -1.93    12.97

DEGREE DAYS
 HEATING
  YESTERDAY        7             1      6       MM
  MONTH TO DATE   26            10     16       29
  SINCE JUN 1     44           112    -68       63
  SINCE JUL 1     29            22      7       29

 COOLING
  YESTERDAY        0             6     -6       MM
  MONTH TO DATE  191           204    -13      188
  SINCE JUN 1    648           537    111      540
  SINCE JAN 1    650           549    101      542
......................................................


WIND (MPH)
  HIGHEST WIND SPEED    23   HIGHEST WIND DIRECTION     S (160)
  HIGHEST GUST SPEED    30   HIGHEST GUST DIRECTION     S (160)
  AVERAGE WIND SPEED    12.4




RELATIVE HUMIDITY (PERCENT)
 HIGHEST   100           700 AM
 LOWEST     63          1200 PM
 AVERAGE    82

..........................................................




SUNRISE AND SUNSET
AUGUST 27 2016........SUNRISE   605 AM MDT   SUNSET   733 PM MDT
AUGUST 28 2016........SUNRISE   606 AM MDT   SUNSET   731 PM MDT


-  INDICATES NEGATIVE NUMBERS.
R  INDICATES RECORD WAS SET OR TIED.
MM INDICATES DATA IS MISSING.
T  INDICATES TRACE AMOUNT.




$$
