000
CDUS43 KUNR 250835
CLID07


CLIMATE REPORT
NATIONAL WEATHER SERVICE RAPID CITY SD
234 AM MDT TUE JUL 25 2017


...................................

...THE FAITH SD CLIMATE SUMMARY FOR JULY 24 2017...

CLIMATE NORMAL PERIOD 1981 TO 2010
CLIMATE RECORD PERIOD 9999 TO 9999


WEATHER ITEM   OBSERVED TIME   NORMAL DEPARTURE LAST
                VALUE   (LST)  VALUE  FROM      YEAR
                                      NORMAL
......................................................
TEMPERATURE (F)
 YESTERDAY
  MAXIMUM         96    433 PM  87      9       87
  MINIMUM         64    532 AM  60      4       55
  AVERAGE         80            73      7       71

PRECIPITATION (IN)
  YESTERDAY        0.01          0.06  -0.05     0.01
  MONTH TO DATE    0.51          2.40  -1.89     0.77
  SINCE JUN 1      2.99          5.49  -2.50     2.46
  SINCE JAN 1      7.27         11.79  -4.52     9.31

DEGREE DAYS
 HEATING
  YESTERDAY        0             0      0        0
  MONTH TO DATE    0             5     -5        3
  SINCE JUN 1     30            95    -65       18
  SINCE JUL 1      0             5     -5        3

 COOLING
  YESTERDAY       15             9      6        6
  MONTH TO DATE  316           185    131      224
  SINCE JUN 1    442           273    169      399
  SINCE JAN 1    454           285    169      401
......................................................


WIND (MPH)
  HIGHEST WIND SPEED    32   HIGHEST WIND DIRECTION     E (110)
  HIGHEST GUST SPEED    41   HIGHEST GUST DIRECTION    SE (120)
  AVERAGE WIND SPEED    11.7




RELATIVE HUMIDITY (PERCENT)
 HIGHEST    87           600 AM
 LOWEST     24           400 PM
 AVERAGE    56

..........................................................




SUNRISE AND SUNSET
JULY 25 2017..........SUNRISE   526 AM MDT   SUNSET   823 PM MDT
JULY 26 2017..........SUNRISE   527 AM MDT   SUNSET   822 PM MDT


-  INDICATES NEGATIVE NUMBERS.
R  INDICATES RECORD WAS SET OR TIED.
MM INDICATES DATA IS MISSING.
T  INDICATES TRACE AMOUNT.




$$
