000
CDUS43 KUNR 050849
CLID07


CLIMATE REPORT
NATIONAL WEATHER SERVICE RAPID CITY SD
146 AM MST THU MAR 5 2015


...................................

...THE FAITH SD CLIMATE SUMMARY FOR MARCH 4 2015...

CLIMATE NORMAL PERIOD 1981 TO 2010
CLIMATE RECORD PERIOD 9999 TO 9999


WEATHER ITEM   OBSERVED TIME   NORMAL DEPARTURE LAST
                VALUE   (LST)  VALUE  FROM      YEAR
                                      NORMAL
......................................................
TEMPERATURE (F)
 YESTERDAY
  MAXIMUM         16    326 PM  38    -22       14
  MINIMUM         -3   1136 PM  19    -22       -1
  AVERAGE          7            28    -21        7

PRECIPITATION (IN)
  YESTERDAY        0.00          0.02  -0.02     0.07
  MONTH TO DATE    0.00          0.06  -0.06     0.19
  SINCE MAR 1      0.00          0.06  -0.06     0.19
  SINCE JAN 1      0.43          0.68  -0.25     1.09

DEGREE DAYS
 HEATING
  YESTERDAY       58            37     21       58
  MONTH TO DATE  189           149     40      271
  SINCE MAR 1    189           149     40      271
  SINCE JUL 1   5688          5837   -149     6357

 COOLING
  YESTERDAY        0             0      0        0
  MONTH TO DATE    0             0      0        0
  SINCE MAR 1      0             0      0        0
  SINCE JAN 1      0             0      0        0
......................................................


WIND (MPH)
  HIGHEST WIND SPEED    26   HIGHEST WIND DIRECTION    NW (320)
  HIGHEST GUST SPEED    34   HIGHEST GUST DIRECTION    NW (310)
  AVERAGE WIND SPEED    13.2




RELATIVE HUMIDITY (PERCENT)
 HIGHEST    79           500 AM
 LOWEST     36           400 PM
 AVERAGE    58

..........................................................




SUNRISE AND SUNSET
MARCH  5 2015.........SUNRISE   619 AM MST   SUNSET   541 PM MST
MARCH  6 2015.........SUNRISE   617 AM MST   SUNSET   542 PM MST


-  INDICATES NEGATIVE NUMBERS.
R  INDICATES RECORD WAS SET OR TIED.
MM INDICATES DATA IS MISSING.
T  INDICATES TRACE AMOUNT.




$$
