000
CDUS43 KUNR 230848
CLID07


CLIMATE REPORT
NATIONAL WEATHER SERVICE RAPID CITY SD
244 AM MDT WED JUL 23 2014


...................................

...THE FAITH SD CLIMATE SUMMARY FOR JULY 22 2014...

CLIMATE NORMAL PERIOD 1981 TO 2010
CLIMATE RECORD PERIOD 9999 TO 9999


WEATHER ITEM   OBSERVED TIME   NORMAL DEPARTURE LAST
                VALUE   (LST)  VALUE  FROM      YEAR
                                      NORMAL
......................................................
TEMPERATURE (F)
 YESTERDAY
  MAXIMUM         84    343 PM  87     -3       86
  MINIMUM         58    452 AM  60     -2       59
  AVERAGE         71            73     -2       73

PRECIPITATION (IN)
  YESTERDAY        0.16          0.07   0.09     0.04
  MONTH TO DATE    0.43          2.27  -1.84     0.78
  SINCE JUN 1      6.36          5.36   1.00     2.04
  SINCE JAN 1     10.94         11.66  -0.72     9.68

DEGREE DAYS
 HEATING
  YESTERDAY        0             0      0        0
  MONTH TO DATE   17             5     12        3
  SINCE JUN 1    122            95     27       76
  SINCE JUL 1     17             5     12        3

 COOLING
  YESTERDAY        6             9     -3        8
  MONTH TO DATE  120           167    -47      229
  SINCE JUN 1    142           255   -113      311
  SINCE JAN 1    172           267    -95      324
......................................................


WIND (MPH)
  HIGHEST WIND SPEED    41   HIGHEST WIND DIRECTION     N (10)
  HIGHEST GUST SPEED    54   HIGHEST GUST DIRECTION     N (10)
  AVERAGE WIND SPEED     9.0




RELATIVE HUMIDITY (PERCENT)
 HIGHEST    93           100 AM
 LOWEST     43           300 PM
 AVERAGE    68

..........................................................




SUNRISE AND SUNSET
JULY 23 2014..........SUNRISE   524 AM MDT   SUNSET   825 PM MDT
JULY 24 2014..........SUNRISE   525 AM MDT   SUNSET   824 PM MDT


-  INDICATES NEGATIVE NUMBERS.
R  INDICATES RECORD WAS SET OR TIED.
MM INDICATES DATA IS MISSING.
T  INDICATES TRACE AMOUNT.




$$
