000
CDUS42 KMLB 200627
CLIDAB


CLIMATE REPORT
NATIONAL WEATHER SERVICE MELBOURNE FL
126 AM EST MON NOV 20 2017


...................................

...THE DAYTONA BEACH CLIMATE SUMMARY FOR NOVEMBER 19 2017...

CLIMATE NORMAL PERIOD 1981 TO 2010
CLIMATE RECORD PERIOD 1923 TO 2017


WEATHER ITEM   OBSERVED TIME   RECORD YEAR NORMAL DEPARTURE LAST
                VALUE   (LST)  VALUE       VALUE  FROM      YEAR
                                                  NORMAL
..................................................................
TEMPERATURE (F)
 YESTERDAY
  MAXIMUM         76    345 PM  88    1948  75      1       78
  MINIMUM         54   1159 PM  34    1951  56     -2       53
  AVERAGE         65                        66     -1       66

PRECIPITATION (IN)
  YESTERDAY        0.00          1.00 1986   0.08  -0.08     0.00
  MONTH TO DATE    0.17                      1.79  -1.62     0.10
  SINCE SEP 1     17.64                     12.96   4.68    16.31
  SINCE JAN 1     47.31                     46.09   1.22    43.94

SNOWFALL (IN)
  YESTERDAY        0.0
  MONTH TO DATE    0.0
  SINCE JUL 1      0.0

DEGREE DAYS
 HEATING
  YESTERDAY        0                         3     -3        0
  MONTH TO DATE    1                        30    -29       11
  SINCE SEP 1     23                        38    -15       12
  SINCE JUL 1     23                        38    -15       12

 COOLING
  YESTERDAY        0                         3     -3        1
  MONTH TO DATE  107                        85     22       74
  SINCE SEP 1    951                       807    144      881
  SINCE JAN 1   3378                      2881    497     3346
..................................................................


WIND (MPH)
  HIGHEST WIND SPEED    20   HIGHEST WIND DIRECTION     W (250)
  HIGHEST GUST SPEED    27   HIGHEST GUST DIRECTION    SW (220)
  AVERAGE WIND SPEED     8.9


SKY COVER
  AVERAGE SKY COVER 0.4


WEATHER CONDITIONS
 THE FOLLOWING WEATHER WAS RECORDED YESTERDAY.
  FOG


RELATIVE HUMIDITY (PERCENT)
 HIGHEST   100           100 AM
 LOWEST     57          1000 PM
 AVERAGE    79

..........................................................


THE DAYTONA BEACH CLIMATE NORMALS FOR TODAY
                         NORMAL    RECORD    YEAR
 MAXIMUM TEMPERATURE (F)   75        88      1988
 MINIMUM TEMPERATURE (F)   56        37      1949


SUNRISE AND SUNSET
NOVEMBER 20 2017......SUNRISE   652 AM EST   SUNSET   527 PM EST
NOVEMBER 21 2017......SUNRISE   653 AM EST   SUNSET   527 PM EST


-  INDICATES NEGATIVE NUMBERS.
R  INDICATES RECORD WAS SET OR TIED.
MM INDICATES DATA IS MISSING.
T  INDICATES TRACE AMOUNT.




$$
