000
CDUS42 KMLB 270626
CLIDAB


CLIMATE REPORT
NATIONAL WEATHER SERVICE MELBOURNE FL
126 AM EST MON FEB 27 2017


...................................

...THE DAYTONA BEACH CLIMATE SUMMARY FOR FEBRUARY 26 2017...

CLIMATE NORMAL PERIOD 1981 TO 2010
CLIMATE RECORD PERIOD 1923 TO 2017


WEATHER ITEM   OBSERVED TIME   RECORD YEAR NORMAL DEPARTURE LAST
                VALUE   (LST)  VALUE       VALUE  FROM      YEAR
                                                  NORMAL
..................................................................
TEMPERATURE (F)
 YESTERDAY
  MAXIMUM         68    349 PM  89    1939  72     -4       62
  MINIMUM         51    630 AM  28    1967  52     -1       43
  AVERAGE         60                        62     -2       53

PRECIPITATION (IN)
  YESTERDAY        0.00          2.70 1958   0.11  -0.11     0.00
  MONTH TO DATE    2.03                      2.56  -0.53     3.66
  SINCE DEC 1      4.71                      7.93  -3.22    11.28
  SINCE JAN 1      4.01                      5.30  -1.29    10.71

SNOWFALL (IN)
  YESTERDAY        0.0
  MONTH TO DATE    0.0
  SINCE JUL 1      0.0

DEGREE DAYS
 HEATING
  YESTERDAY        5                         5      0       12
  MONTH TO DATE   55                       156   -101      160
  SINCE DEC 1    269                       599   -330      428
  SINCE JUL 1    306                       673   -367      440

 COOLING
  YESTERDAY        0                         2     -2        0
  MONTH TO DATE   45                        29     16       37
  SINCE DEC 1    220                       109    111      259
  SINCE JAN 1    112                        58     54       50
..................................................................


WIND (MPH)
  HIGHEST WIND SPEED    20   HIGHEST WIND DIRECTION    NE (30)
  HIGHEST GUST SPEED    23   HIGHEST GUST DIRECTION    NE (30)
  AVERAGE WIND SPEED     9.4


SKY COVER
  AVERAGE SKY COVER 0.0


WEATHER CONDITIONS
 THE FOLLOWING WEATHER WAS RECORDED YESTERDAY.
  NO SIGNIFICANT WEATHER WAS OBSERVED.


RELATIVE HUMIDITY (PERCENT)
 HIGHEST   100           100 AM
 LOWEST     42          1000 AM
 AVERAGE    71

..........................................................


THE DAYTONA BEACH CLIMATE NORMALS FOR TODAY
                         NORMAL    RECORD    YEAR
 MAXIMUM TEMPERATURE (F)   72        87      1971
 MINIMUM TEMPERATURE (F)   52        28      1980


SUNRISE AND SUNSET
FEBRUARY 27 2017......SUNRISE   651 AM EST   SUNSET   623 PM EST
FEBRUARY 28 2017......SUNRISE   650 AM EST   SUNSET   623 PM EST


-  INDICATES NEGATIVE NUMBERS.
R  INDICATES RECORD WAS SET OR TIED.
MM INDICATES DATA IS MISSING.
T  INDICATES TRACE AMOUNT.




$$
