960
CDUS42 KMLB 260626
CLIDAB


CLIMATE REPORT
NATIONAL WEATHER SERVICE MELBOURNE FL
225 AM EDT WED APR 26 2017


...................................

...THE DAYTONA BEACH CLIMATE SUMMARY FOR APRIL 25 2017...

CLIMATE NORMAL PERIOD 1981 TO 2010
CLIMATE RECORD PERIOD 1923 TO 2017


WEATHER ITEM   OBSERVED TIME   RECORD YEAR NORMAL DEPARTURE LAST
                VALUE   (LST)  VALUE       VALUE  FROM      YEAR
                                                  NORMAL
..................................................................
TEMPERATURE (F)
 YESTERDAY
  MAXIMUM         84    313 PM  93    1945  81      3       80
  MINIMUM         53    535 AM  45    2005  60     -7       63
                                      1986
  AVERAGE         69                        71     -2       72

PRECIPITATION (IN)
  YESTERDAY        0.00          1.04 1979   0.06  -0.06     0.00
  MONTH TO DATE    1.22                      1.91  -0.69     2.05
  SINCE MAR 1      2.29                      6.15  -3.86     3.48
  SINCE JAN 1      6.30                     11.67  -5.37    14.19

SNOWFALL (IN)
  YESTERDAY        0.0
  MONTH TO DATE    0.0
  SINCE JUL 1      0.0

DEGREE DAYS
 HEATING
  YESTERDAY        0                         0      0        0
  MONTH TO DATE   13                        27    -14        5
  SINCE MAR 1     95                       124    -29       43
  SINCE JUL 1    401                       806   -405      508

 COOLING
  YESTERDAY        4                         6     -2        7
  MONTH TO DATE  161                       113     48      151
  SINCE MAR 1    282                       190     92      331
  SINCE JAN 1    402                       255    147      381
..................................................................


WIND (MPH)
  HIGHEST WIND SPEED    20   HIGHEST WIND DIRECTION     W (270)
  HIGHEST GUST SPEED    25   HIGHEST GUST DIRECTION    NW (300)
  AVERAGE WIND SPEED     7.9


SKY COVER
  AVERAGE SKY COVER 0.3


WEATHER CONDITIONS
 THE FOLLOWING WEATHER WAS RECORDED YESTERDAY.
  NO SIGNIFICANT WEATHER WAS OBSERVED.


RELATIVE HUMIDITY (PERCENT)
 HIGHEST    93           400 AM
 LOWEST     37           200 PM
 AVERAGE    65

..........................................................


THE DAYTONA BEACH CLIMATE NORMALS FOR TODAY
                         NORMAL    RECORD    YEAR
 MAXIMUM TEMPERATURE (F)   81        93      1967
 MINIMUM TEMPERATURE (F)   60        49      1986
                                             1983


SUNRISE AND SUNSET
APRIL 26 2017.........SUNRISE   647 AM EDT   SUNSET   757 PM EDT
APRIL 27 2017.........SUNRISE   646 AM EDT   SUNSET   758 PM EDT


-  INDICATES NEGATIVE NUMBERS.
R  INDICATES RECORD WAS SET OR TIED.
MM INDICATES DATA IS MISSING.
T  INDICATES TRACE AMOUNT.




$$
