000
CDUS42 KMLB 240627
CLIDAB


CLIMATE REPORT
NATIONAL WEATHER SERVICE MELBOURNE FL
127 AM EST WED JAN 24 2018


...................................

...THE DAYTONA BEACH CLIMATE SUMMARY FOR JANUARY 23 2018...

CLIMATE NORMAL PERIOD 1981 TO 2010
CLIMATE RECORD PERIOD 1923 TO 2018


WEATHER ITEM   OBSERVED TIME   RECORD YEAR NORMAL DEPARTURE LAST
                VALUE   (LST)  VALUE       VALUE  FROM      YEAR
                                                  NORMAL
..................................................................
TEMPERATURE (F)
 YESTERDAY
  MAXIMUM         82    131 PM  85    2002  69     13       70
                                      1937
  MINIMUM         59   1141 PM  25    1985  47     12       57
  AVERAGE         71                        58     13       64

PRECIPITATION (IN)
  YESTERDAY        0.17          2.06 1956   0.09   0.08      T
  MONTH TO DATE    5.07                      2.01   3.06     1.76
  SINCE DEC 1      6.26                      4.64   1.62     2.46
  SINCE JAN 1      5.07                      2.01   3.06     1.76

SNOWFALL (IN)
  YESTERDAY        0.0
  MONTH TO DATE    0.0
  SINCE JUL 1      0.0

DEGREE DAYS
 HEATING
  YESTERDAY        0                         8     -8        1
  MONTH TO DATE  267                       184     83       65
  SINCE DEC 1    398                       376     22      144
  SINCE JUL 1    432                       450    -18      181

 COOLING
  YESTERDAY        6                         1      5        0
  MONTH TO DATE   20                        23     -3       61
  SINCE DEC 1     89                        74     15      169
  SINCE JAN 1     20                        23     -3       61
..................................................................


WIND (MPH)
  HIGHEST WIND SPEED    21   HIGHEST WIND DIRECTION    SW (240)
  HIGHEST GUST SPEED    25   HIGHEST GUST DIRECTION    SW (230)
  AVERAGE WIND SPEED     7.5


SKY COVER
  AVERAGE SKY COVER 0.6


WEATHER CONDITIONS
 THE FOLLOWING WEATHER WAS RECORDED YESTERDAY.
  HEAVY RAIN
  LIGHT RAIN
  FOG


RELATIVE HUMIDITY (PERCENT)
 HIGHEST   100           300 AM
 LOWEST     67          1200 PM
 AVERAGE    84

..........................................................


THE DAYTONA BEACH CLIMATE NORMALS FOR TODAY
                         NORMAL    RECORD    YEAR
 MAXIMUM TEMPERATURE (F)   69        83      2002
 MINIMUM TEMPERATURE (F)   48        25      2003


SUNRISE AND SUNSET
JANUARY 24 2018.......SUNRISE   717 AM EST   SUNSET   556 PM EST
JANUARY 25 2018.......SUNRISE   716 AM EST   SUNSET   557 PM EST


-  INDICATES NEGATIVE NUMBERS.
R  INDICATES RECORD WAS SET OR TIED.
MM INDICATES DATA IS MISSING.
T  INDICATES TRACE AMOUNT.




$$
