340
CDUS42 KMLB 240644
CLIDAB


CLIMATE REPORT
NATIONAL WEATHER SERVICE MELBOURNE FL
233 AM EDT FRI MAR 24 2017


...................................

...THE DAYTONA BEACH CLIMATE SUMMARY FOR MARCH 23 2017...

CLIMATE NORMAL PERIOD 1981 TO 2010
CLIMATE RECORD PERIOD 1923 TO 2017


WEATHER ITEM   OBSERVED TIME   RECORD YEAR NORMAL DEPARTURE LAST
                VALUE   (LST)  VALUE       VALUE  FROM      YEAR
                                                  NORMAL
..................................................................
TEMPERATURE (F)
 YESTERDAY
  MAXIMUM         75   1232 PM  92    1935  76     -1       78
  MINIMUM         65    631 AM  37    1963  55     10       50
  AVERAGE         70                        65      5       64

PRECIPITATION (IN)
  YESTERDAY        0.20          1.90 1932   0.14   0.06     0.00
  MONTH TO DATE    1.07                      3.16  -2.09     0.62
  SINCE MAR 1      1.07                      3.16  -2.09     0.62
  SINCE JAN 1      5.08                      8.68  -3.60    11.33

SNOWFALL (IN)
  YESTERDAY        0.0
  MONTH TO DATE    0.0
  SINCE JUL 1      0.0

DEGREE DAYS
 HEATING
  YESTERDAY        0                         2     -2        1
  MONTH TO DATE   82                        80      2       38
  SINCE MAR 1     82                        80      2       38
  SINCE JUL 1    388                       762   -374      503

 COOLING
  YESTERDAY        5                         3      2        0
  MONTH TO DATE   64                        54     10      111
  SINCE MAR 1     64                        54     10      111
  SINCE JAN 1    184                       119     65      161
..................................................................


WIND (MPH)
  HIGHEST WIND SPEED    24   HIGHEST WIND DIRECTION     E (80)
  HIGHEST GUST SPEED    31   HIGHEST GUST DIRECTION     E (80)
  AVERAGE WIND SPEED    12.7


SKY COVER
  AVERAGE SKY COVER 0.5


WEATHER CONDITIONS
 THE FOLLOWING WEATHER WAS RECORDED YESTERDAY.
  THUNDERSTORM
  RAIN
  LIGHT RAIN
  FOG


RELATIVE HUMIDITY (PERCENT)
 HIGHEST    93           300 AM
 LOWEST     61           500 PM
 AVERAGE    77

..........................................................


THE DAYTONA BEACH CLIMATE NORMALS FOR TODAY
                         NORMAL    RECORD    YEAR
 MAXIMUM TEMPERATURE (F)   76        92      1935
 MINIMUM TEMPERATURE (F)   55        35      1968


SUNRISE AND SUNSET
MARCH 24 2017.........SUNRISE   723 AM EDT   SUNSET   738 PM EDT
MARCH 25 2017.........SUNRISE   722 AM EDT   SUNSET   739 PM EDT


-  INDICATES NEGATIVE NUMBERS.
R  INDICATES RECORD WAS SET OR TIED.
MM INDICATES DATA IS MISSING.
T  INDICATES TRACE AMOUNT.




$$
