000
CDUS42 KMLB 110627
CLIDAB


CLIMATE REPORT
NATIONAL WEATHER SERVICE MELBOURNE FL
126 AM EST THU FEB 11 2016


...................................

...THE DAYTONA BEACH CLIMATE SUMMARY FOR FEBRUARY 10 2016...

CLIMATE NORMAL PERIOD 1981 TO 2010
CLIMATE RECORD PERIOD 1923 TO 2016


WEATHER ITEM   OBSERVED TIME   RECORD YEAR NORMAL DEPARTURE LAST
                VALUE   (LST)  VALUE       VALUE  FROM      YEAR
                                                  NORMAL
..................................................................
TEMPERATURE (F)
 YESTERDAY
  MAXIMUM         59    333 PM  86    1939  70    -11       63
  MINIMUM         35    720 AM  27    1947  50    -15       51
  AVERAGE         47                        60    -13       57

PRECIPITATION (IN)
  YESTERDAY        0.00          1.20 1934   0.10  -0.10      T
  MONTH TO DATE    2.85                      0.96   1.89     1.00
  SINCE DEC 1     10.47                      6.33   4.14     6.38
  SINCE JAN 1      9.90                      3.70   6.20     3.55

SNOWFALL (IN)
  YESTERDAY        0.0
  MONTH TO DATE    0.0
  SINCE JUL 1      0.0

DEGREE DAYS
 HEATING
  YESTERDAY       18                         6     12        8
  MONTH TO DATE   79                        69     10       61
  SINCE DEC 1    347                       512   -165      374
  SINCE JUL 1    359                       586   -227      503

 COOLING
  YESTERDAY        0                         1     -1        0
  MONTH TO DATE   21                        10     11        0
  SINCE DEC 1    243                        90    153      114
  SINCE JAN 1     34                        39     -5       31
..................................................................


WIND (MPH)
  HIGHEST WIND SPEED    28   HIGHEST WIND DIRECTION     W (260)
  HIGHEST GUST SPEED    35   HIGHEST GUST DIRECTION     W (280)
  AVERAGE WIND SPEED    10.6


SKY COVER
  AVERAGE SKY COVER 0.2


WEATHER CONDITIONS
 THE FOLLOWING WEATHER WAS RECORDED YESTERDAY.
  HAZE


RELATIVE HUMIDITY (PERCENT)
 HIGHEST    82           600 AM
 LOWEST     17           400 PM
 AVERAGE    50

..........................................................


THE DAYTONA BEACH CLIMATE NORMALS FOR TODAY
                         NORMAL    RECORD    YEAR
 MAXIMUM TEMPERATURE (F)   70        89      1939
 MINIMUM TEMPERATURE (F)   50        30      1971


SUNRISE AND SUNSET
FEBRUARY 11 2016......SUNRISE   707 AM EST   SUNSET   610 PM EST
FEBRUARY 12 2016......SUNRISE   706 AM EST   SUNSET   611 PM EST


-  INDICATES NEGATIVE NUMBERS.
R  INDICATES RECORD WAS SET OR TIED.
MM INDICATES DATA IS MISSING.
T  INDICATES TRACE AMOUNT.




$$
