000
CDUS42 KMLB 300632
CLIDAB


CLIMATE REPORT
NATIONAL WEATHER SERVICE MELBOURNE FL
230 AM EDT SAT APR 30 2016


...................................

...THE DAYTONA BEACH CLIMATE SUMMARY FOR APRIL 29 2016...

CLIMATE NORMAL PERIOD 1981 TO 2010
CLIMATE RECORD PERIOD 1923 TO 2016


WEATHER ITEM   OBSERVED TIME   RECORD YEAR NORMAL DEPARTURE LAST
                VALUE   (LST)  VALUE       VALUE  FROM      YEAR
                                                  NORMAL
..................................................................
TEMPERATURE (F)
 YESTERDAY
  MAXIMUM         85   1106 AM  94    1968  82      3       88
  MINIMUM         68    613 AM  45    1928  61      7       69
  AVERAGE         77                        71      6       79

PRECIPITATION (IN)
  YESTERDAY        0.00          2.06 2014   0.05  -0.05      T
  MONTH TO DATE    2.16                      2.13   0.03     5.43
  SINCE MAR 1      3.59                      6.37  -2.78     6.29
  SINCE JAN 1     14.30                     11.89   2.41    11.72

SNOWFALL (IN)
  YESTERDAY        0.0
  MONTH TO DATE    0.0
  SINCE JUL 1      0.0

DEGREE DAYS
 HEATING
  YESTERDAY        0                         0      0        0
  MONTH TO DATE    5                        27    -22        0
  SINCE MAR 1     43                       124    -81       35
  SINCE JUL 1    508                       806   -298      682

 COOLING
  YESTERDAY       12                         7      5       14
  MONTH TO DATE  191                       138     53      310
  SINCE MAR 1    371                       215    156      500
  SINCE JAN 1    421                       280    141      540
..................................................................


WIND (MPH)
  HIGHEST WIND SPEED    13   HIGHEST WIND DIRECTION    NE (50)
  HIGHEST GUST SPEED    17   HIGHEST GUST DIRECTION    NE (50)
  AVERAGE WIND SPEED     4.2


SKY COVER
  AVERAGE SKY COVER 0.2


WEATHER CONDITIONS
 THE FOLLOWING WEATHER WAS RECORDED YESTERDAY.
  FOG


RELATIVE HUMIDITY (PERCENT)
 HIGHEST   100           700 AM
 LOWEST     61          1100 AM
 AVERAGE    81

..........................................................


THE DAYTONA BEACH CLIMATE NORMALS FOR TODAY
                         NORMAL    RECORD    YEAR
 MAXIMUM TEMPERATURE (F)   82        92      1953
 MINIMUM TEMPERATURE (F)   61        45      1940


SUNRISE AND SUNSET
APRIL 30 2016.........SUNRISE   643 AM EDT   SUNSET   800 PM EDT
MAY  1 2016...........SUNRISE   642 AM EDT   SUNSET   801 PM EDT


-  INDICATES NEGATIVE NUMBERS.
R  INDICATES RECORD WAS SET OR TIED.
MM INDICATES DATA IS MISSING.
T  INDICATES TRACE AMOUNT.




$$
