000
CDUS42 KMLB 290646
CLIDAB


CLIMATE REPORT
NATIONAL WEATHER SERVICE MELBOURNE FL
244 AM EDT FRI MAY 29 2015


...................................

...THE DAYTONA BEACH CLIMATE SUMMARY FOR MAY 28 2015...

CLIMATE NORMAL PERIOD 1981 TO 2010
CLIMATE RECORD PERIOD 1923 TO 2015


WEATHER ITEM   OBSERVED TIME   RECORD YEAR NORMAL DEPARTURE LAST
                VALUE   (LST)  VALUE       VALUE  FROM      YEAR
                                                  NORMAL
..................................................................
TEMPERATURE (F)
 YESTERDAY
  MAXIMUM         84   1154 AM  99    2000  87     -3       88
  MINIMUM         72   1059 PM  53    1935  69      3       68
  AVERAGE         78                        78      0       78

PRECIPITATION (IN)
  YESTERDAY        T             2.70 1934   0.15  -0.15     0.00
  MONTH TO DATE    2.60                      2.64  -0.04     2.68
  SINCE MAR 1      8.89                      9.06  -0.17    11.74
  SINCE JAN 1     14.32                     14.58  -0.26    18.32

SNOWFALL (IN)
  YESTERDAY        0.0
  MONTH TO DATE    0.0
  SINCE JUL 1      0.0

DEGREE DAYS
 HEATING
  YESTERDAY        0                         0      0        0
  MONTH TO DATE    0                         0      0        0
  SINCE MAR 1     35                       125    -90       89
  SINCE JUL 1    682                       807   -125      602

 COOLING
  YESTERDAY       13                        13      0       13
  MONTH TO DATE  329                       274     55      291
  SINCE MAR 1    834                       496    338      542
  SINCE JAN 1    874                       561    313      626
..................................................................


WIND (MPH)
  HIGHEST WIND SPEED    18   HIGHEST WIND DIRECTION    NE (60)
  HIGHEST GUST SPEED    23   HIGHEST GUST DIRECTION     E (70)
  AVERAGE WIND SPEED     7.8


SKY COVER
  AVERAGE SKY COVER 0.4


WEATHER CONDITIONS
 THE FOLLOWING WEATHER WAS RECORDED YESTERDAY.
  LIGHT RAIN
  HAZE


RELATIVE HUMIDITY (PERCENT)
 HIGHEST    74           100 AM
 LOWEST     51          1100 AM
 AVERAGE    63

..........................................................


THE DAYTONA BEACH CLIMATE NORMALS FOR TODAY
                         NORMAL    RECORD    YEAR
 MAXIMUM TEMPERATURE (F)   87        95      1990
                                             1973
                                             1924
 MINIMUM TEMPERATURE (F)   69        53      1935


SUNRISE AND SUNSET
MAY 29 2015...........SUNRISE   626 AM EDT   SUNSET   817 PM EDT
MAY 30 2015...........SUNRISE   626 AM EDT   SUNSET   818 PM EDT


-  INDICATES NEGATIVE NUMBERS.
R  INDICATES RECORD WAS SET OR TIED.
MM INDICATES DATA IS MISSING.
T  INDICATES TRACE AMOUNT.




$$
