000
CDUS41 KRNK 270525
CLIDAN


CLIMATE REPORT
NATIONAL WEATHER SERVICE BLACKSBURG VA
124 AM EDT FRI MAR 27 2015


...................................

...THE DANVILLE VA CLIMATE SUMMARY FOR MARCH 26 2015...

CLIMATE NORMAL PERIOD 1981 TO 2010
CLIMATE RECORD PERIOD 1948 TO 2015


WEATHER ITEM   OBSERVED TIME   RECORD YEAR NORMAL DEPARTURE LAST
                VALUE   (LST)  VALUE       VALUE  FROM      YEAR
                                                  NORMAL
..................................................................
TEMPERATURE (F)
 YESTERDAY
  MAXIMUM         75    407 PM  80    2003  63     12       45
  MINIMUM         50    659 AM  25    1983  41      9       27
  AVERAGE         63                        52     11

PRECIPITATION (IN)
  YESTERDAY        0.11          1.00 1965   0.17  -0.06     0.00
  MONTH TO DATE    1.65                      3.29  -1.64     3.01
  SINCE MAR 1      1.65                      3.29  -1.64     3.01
  SINCE JAN 1      5.44                      9.72  -4.28     8.13

SNOWFALL (IN)
  YESTERDAY        0.0
  MONTH TO DATE    T
  SINCE MAR 1      T
  SINCE JUL 1      9.8
  SNOW DEPTH       0

DEGREE DAYS
 HEATING
  YESTERDAY        2                        13    -11
  MONTH TO DATE  383                       448    -65
  SINCE MAR 1    383                       448    -65
  SINCE JUL 1   3477                      3449     28

 COOLING
  YESTERDAY        0                         0      0
  MONTH TO DATE    0                         0      0
  SINCE MAR 1      0                         0      0
  SINCE JAN 1      0                         0      0
..................................................................


WIND (MPH)
  HIGHEST WIND SPEED    21   HIGHEST WIND DIRECTION    SW (230)
  HIGHEST GUST SPEED    28   HIGHEST GUST DIRECTION    SW (230)
  AVERAGE WIND SPEED     5.8


SKY COVER
  POSSIBLE SUNSHINE  MM
  AVERAGE SKY COVER 0.6


WEATHER CONDITIONS
 THE FOLLOWING WEATHER WAS RECORDED YESTERDAY.
  RAIN
  LIGHT RAIN
  FOG
  FOG W/VISIBILITY <= 1/4 MILE


RELATIVE HUMIDITY (PERCENT)
 HIGHEST   100           900 AM
 LOWEST     50           400 PM
 AVERAGE    75

..........................................................


THE DANVILLE VA CLIMATE NORMALS FOR TODAY
                         NORMAL    RECORD    YEAR
 MAXIMUM TEMPERATURE (F)   63        86      1950
 MINIMUM TEMPERATURE (F)   41        19      1955


SUNRISE AND SUNSET
MARCH 27 2015.........SUNRISE   711 AM EDT   SUNSET   735 PM EDT
MARCH 28 2015.........SUNRISE   710 AM EDT   SUNSET   736 PM EDT


-  INDICATES NEGATIVE NUMBERS.
R  INDICATES RECORD WAS SET OR TIED.
MM INDICATES DATA IS MISSING.
T  INDICATES TRACE AMOUNT.

REMARKS: DUE TO EQUIPMENT FAILURE RESULTING IN MISSING TEMPERATURE
DATA ON FEBRUARY 15...THE SEASONAL TOTAL AND DEPARTURE FROM NORMAL
FOR HDD WILL BE CALCULATED WITHOUT DATA FROM THIS DATE. ALSO...DUE
TO A TIPPING BUCKET FAILURE RESULTING IN MISSING PRECIPITATION DATA
ON MARCH 14 AND 19-20...ALL TOTALS AND DEPARTURES FROM NORMAL FOR
PRECIPITATION WILL BE CALCULATED WITHOUT DATA FROM THOSE DATES.

$$
