000
CDUS41 KRNK 240825
CLIDAN


CLIMATE REPORT
NATIONAL WEATHER SERVICE BLACKSBURG VA
424 AM EDT SUN SEP 24 2017


...................................

...THE DANVILLE VA CLIMATE SUMMARY FOR SEPTEMBER 23 2017...

CLIMATE NORMAL PERIOD 1981 TO 2010
CLIMATE RECORD PERIOD 1948 TO 2017


WEATHER ITEM   OBSERVED TIME   RECORD YEAR NORMAL DEPARTURE LAST
                VALUE   (LST)  VALUE       VALUE  FROM      YEAR
                                                  NORMAL
..................................................................
TEMPERATURE (F)
 YESTERDAY
  MAXIMUM         86    334 PM  98    1980  77      9       86
  MINIMUM         59    634 AM  38    1983  57      2       65
  AVERAGE         73                        67      6       76

PRECIPITATION (IN)
  YESTERDAY        0.00          2.62 2011   0.13  -0.13     0.01
  MONTH TO DATE    2.60                      3.03  -0.43     1.13
  SINCE SEP 1      2.60                      3.03  -0.43     1.13
  SINCE JAN 1     36.70                     33.32   3.38    37.39

SNOWFALL (IN)
  YESTERDAY        0.0                                       0.0
  MONTH TO DATE    0.0                                       0.0
  SINCE SEP 1      0.0                                       0.0
  SINCE JUL 1      0.0                                       0.0
  SNOW DEPTH       0

DEGREE DAYS
 HEATING
  YESTERDAY        0                         2     -2        0
  MONTH TO DATE   30                        11     19        0
  SINCE SEP 1     30                        11     19        0
  SINCE JUL 1     30                        11     19        0

 COOLING
  YESTERDAY        8                         4      4       11
  MONTH TO DATE  109                       155    -46      248
  SINCE SEP 1    109                       155    -46      248
  SINCE JAN 1   1283                      1382    -99     1553
..................................................................


WIND (MPH)
  HIGHEST WIND SPEED    12   HIGHEST WIND DIRECTION    NE (60)
  HIGHEST GUST SPEED    15   HIGHEST GUST DIRECTION    NE (30)
  AVERAGE WIND SPEED     2.1


SKY COVER
  AVERAGE SKY COVER 0.1


WEATHER CONDITIONS
 THE FOLLOWING WEATHER WAS RECORDED YESTERDAY.
  FOG


RELATIVE HUMIDITY (PERCENT)
 HIGHEST   100          1200 AM
 LOWEST     37           300 PM
 AVERAGE    69

..........................................................


THE DANVILLE VA CLIMATE NORMALS FOR TODAY
                         NORMAL    RECORD    YEAR
 MAXIMUM TEMPERATURE (F)   77        96      1980
 MINIMUM TEMPERATURE (F)   57        38      1983


SUNRISE AND SUNSET
SEPTEMBER 24 2017.....SUNRISE   707 AM EDT   SUNSET   711 PM EDT
SEPTEMBER 25 2017.....SUNRISE   708 AM EDT   SUNSET   709 PM EDT


-  INDICATES NEGATIVE NUMBERS.
R  INDICATES RECORD WAS SET OR TIED.
MM INDICATES DATA IS MISSING.
T  INDICATES TRACE AMOUNT.


REMARKS:
DUE TO MISSING RAINFALL ON AUGUST 21-24...ALL PRECIPITATION DATA
WILL BE CALCULATED WITHOUT DATA FROM THESE DATES.

$$
