000
CDUS41 KRNK 281018
CLIDAN


CLIMATE REPORT
NATIONAL WEATHER SERVICE BLACKSBURG VA
516 AM EST TUE FEB 28 2017


...................................

...THE DANVILLE VA CLIMATE SUMMARY FOR FEBRUARY 27 2017...

CLIMATE NORMAL PERIOD 1981 TO 2010
CLIMATE RECORD PERIOD 1948 TO 2017


WEATHER ITEM   OBSERVED TIME   RECORD YEAR NORMAL DEPARTURE LAST
                VALUE   (LST)  VALUE       VALUE  FROM      YEAR
                                                  NORMAL
..................................................................
TEMPERATURE (F)
 YESTERDAY
  MAXIMUM         63    217 PM  85    1977  53     10       53
  MINIMUM         27    330 AM   8    1963  34     -7       22
  AVERAGE         45                        44      1       38

PRECIPITATION (IN)
  YESTERDAY        0.00          1.33 1958   0.10  -0.10     0.00
  MONTH TO DATE    0.89                      2.91  -2.02     4.31
  SINCE DEC 1      6.39                      9.60  -3.21    12.41
  SINCE JAN 1      4.77                      6.33  -1.56     6.85

SNOWFALL (IN)
  YESTERDAY        0.0                                       0.0
  MONTH TO DATE    T                                         1.9
  SINCE DEC 1      8.8                                      11.1
  SINCE JUL 1      8.8                                      11.1
  SNOW DEPTH       0

DEGREE DAYS
 HEATING
  YESTERDAY       20                        21     -1       27
  MONTH TO DATE  436                       653   -217      620
  SINCE DEC 1   1876                      2272   -396     1894
  SINCE JUL 1   2446                      2981   -535     2436

 COOLING
  YESTERDAY        0                         0      0        0
  MONTH TO DATE    5                         0      5        0
  SINCE DEC 1      5                         0      5       11
  SINCE JAN 1      5                         0      5        0
..................................................................


WIND (MPH)
  HIGHEST WIND SPEED    15   HIGHEST WIND DIRECTION    SW (230)
  HIGHEST GUST SPEED    20   HIGHEST GUST DIRECTION     S (200)
  AVERAGE WIND SPEED     3.5


SKY COVER
  AVERAGE SKY COVER 0.2


WEATHER CONDITIONS
 THE FOLLOWING WEATHER WAS RECORDED YESTERDAY.
  NO SIGNIFICANT WEATHER WAS OBSERVED.


RELATIVE HUMIDITY (PERCENT)
 HIGHEST    92           600 AM
 LOWEST     23           100 PM
 AVERAGE    58

..........................................................


THE DANVILLE VA CLIMATE NORMALS FOR TODAY
                         NORMAL    RECORD    YEAR
 MAXIMUM TEMPERATURE (F)   54        76      1962
 MINIMUM TEMPERATURE (F)   34        16      1968


SUNRISE AND SUNSET
FEBRUARY 28 2017......SUNRISE   649 AM EST   SUNSET   611 PM EST
MARCH  1 2017.........SUNRISE   648 AM EST   SUNSET   612 PM EST


-  INDICATES NEGATIVE NUMBERS.
R  INDICATES RECORD WAS SET OR TIED.
MM INDICATES DATA IS MISSING.
T  INDICATES TRACE AMOUNT.

$$

RAB
