000
CDUS41 KRNK 012123
CLIDAN


CLIMATE REPORT
NATIONAL WEATHER SERVICE BLACKSBURG VA
521 PM EDT SAT OCT 1 2016


...................................

...THE DANVILLE VA CLIMATE SUMMARY FOR OCTOBER 1 2016...
VALID TODAY AS OF 0500 PM LOCAL TIME.

CLIMATE NORMAL PERIOD 1981 TO 2010
CLIMATE RECORD PERIOD 1948 TO 2016


WEATHER ITEM   OBSERVED TIME   RECORD YEAR NORMAL DEPARTURE LAST
                VALUE   (LST)  VALUE       VALUE  FROM      YEAR
                                                  NORMAL
..................................................................
TEMPERATURE (F)
 TODAY
  MAXIMUM         80    254 PM  92    1954  74      6       68
  MINIMUM         64    658 AM  38    1993  54     10       56
  AVERAGE         72                        64      8       62

PRECIPITATION (IN)
  TODAY            T             3.38 1983   0.12  -0.12     0.09
  MONTH TO DATE    T                         0.12  -0.12     0.09
  SINCE SEP 1      2.91                      4.08  -1.17     7.87
  SINCE JAN 1     39.17                     34.37   4.80    36.17

SNOWFALL (IN)
  TODAY           MM                                         0.0
  MONTH TO DATE   MM                                         0.0
  SINCE SEP 1      0.0                                       0.0
  SINCE JUL 1      0.0                                       0.0
  SNOW DEPTH       0

DEGREE DAYS
 HEATING
  TODAY            0                         3     -3        3
  MONTH TO DATE    0                         3     -3        3
  SINCE SEP 1      0                        31    -31        9
  SINCE JUL 1      0                        31    -31        9

 COOLING
  TODAY            7                         2      5        0
  MONTH TO DATE    7                         2      5        0
  SINCE SEP 1    311                       178    133      226
  SINCE JAN 1   1616                      1405    211     1620
..................................................................


WIND (MPH)
  HIGHEST WIND SPEED    10   HIGHEST WIND DIRECTION    SW (230)
  HIGHEST GUST SPEED    15   HIGHEST GUST DIRECTION    SW (230)
  AVERAGE WIND SPEED     3.6


SKY COVER
  AVERAGE SKY COVER 0.7


WEATHER CONDITIONS
 THE FOLLOWING WEATHER WAS RECORDED TODAY.
  LIGHT RAIN
  FOG
  FOG W/VISIBILITY <= 1/4 MILE


RELATIVE HUMIDITY (PERCENT)
 HIGHEST   100           200 AM
 LOWEST     42           300 PM
 AVERAGE    71

..........................................................


THE DANVILLE VA CLIMATE NORMALS FOR TOMORROW
                         NORMAL    RECORD    YEAR
 MAXIMUM TEMPERATURE (F)   74        92      1986
 MINIMUM TEMPERATURE (F)   54        36      2003


SUNRISE AND SUNSET
OCTOBER  1 2016.......SUNRISE   713 AM EDT   SUNSET   700 PM EDT
OCTOBER  2 2016.......SUNRISE   714 AM EDT   SUNSET   659 PM EDT


-  INDICATES NEGATIVE NUMBERS.
R  INDICATES RECORD WAS SET OR TIED.
MM INDICATES DATA IS MISSING.
T  INDICATES TRACE AMOUNT.




$$
