180
CDUS41 KRNK 140645
CLIDAN


CLIMATE REPORT
NATIONAL WEATHER SERVICE BLACKSBURG VA
144 AM EST SUN FEB 14 2016


...................................

...THE DANVILLE VA CLIMATE SUMMARY FOR FEBRUARY 13 2016...

CLIMATE NORMAL PERIOD 1981 TO 2010
CLIMATE RECORD PERIOD 1948 TO 2016


WEATHER ITEM   OBSERVED TIME   RECORD YEAR NORMAL DEPARTURE LAST
                VALUE   (LST)  VALUE       VALUE  FROM      YEAR
                                                  NORMAL
..................................................................
TEMPERATURE (F)
 YESTERDAY
  MAXIMUM         37   1230 AM  76    1951  50    -13       36
  MINIMUM         17   1159 PM  11    1955  32    -15       19
  AVERAGE         27                        40    -13       28

PRECIPITATION (IN)
  YESTERDAY        0.00          1.45 1972   0.11  -0.11     0.00
  MONTH TO DATE    1.75                      1.44   0.31     1.09
  SINCE DEC 1      9.85                      8.13   1.72     5.27
  SINCE JAN 1      4.29                      4.86  -0.57     2.60

SNOWFALL (IN)
  YESTERDAY        0.0                                       0.0
  MONTH TO DATE    T                                         0.0
  SINCE DEC 1      9.2                                        T
  SINCE JUL 1      9.2                                        T
  SNOW DEPTH       0

DEGREE DAYS
 HEATING
  YESTERDAY       38                        25     13       37
  MONTH TO DATE  324                       332     -8      329
  SINCE DEC 1   1598                      1951   -353     1823
  SINCE JUL 1   2140                      2660   -520     2583

 COOLING
  YESTERDAY        0                         0      0        0
  MONTH TO DATE    0                         0      0        0
  SINCE DEC 1     11                         0     11        0
  SINCE JAN 1      0                         0      0        0
..................................................................


WIND (MPH)
  HIGHEST WIND SPEED    23   HIGHEST WIND DIRECTION    NW (310)
  HIGHEST GUST SPEED    33   HIGHEST GUST DIRECTION    NW (310)
  AVERAGE WIND SPEED    11.0


SKY COVER
  AVERAGE SKY COVER 0.2


WEATHER CONDITIONS
 THE FOLLOWING WEATHER WAS RECORDED YESTERDAY.
  NO SIGNIFICANT WEATHER WAS OBSERVED.


RELATIVE HUMIDITY (PERCENT)
 HIGHEST    47          1200 AM
 LOWEST     22           300 PM
 AVERAGE    35

..........................................................


THE DANVILLE VA CLIMATE NORMALS FOR TODAY
                         NORMAL    RECORD    YEAR
 MAXIMUM TEMPERATURE (F)   50        78      1949
 MINIMUM TEMPERATURE (F)   32        15      1986


SUNRISE AND SUNSET
FEBRUARY 14 2016......SUNRISE   707 AM EST   SUNSET   556 PM EST
FEBRUARY 15 2016......SUNRISE   706 AM EST   SUNSET   558 PM EST


-  INDICATES NEGATIVE NUMBERS.
R  INDICATES RECORD WAS SET OR TIED.
MM INDICATES DATA IS MISSING.
T  INDICATES TRACE AMOUNT.

$$

RAB
