000
CDUS41 KRNK 200859
CLIDAN


CLIMATE REPORT
NATIONAL WEATHER SERVICE BLACKSBURG VA
358 AM EST TUE FEB 20 2018


...................................

...THE DANVILLE VA CLIMATE SUMMARY FOR FEBRUARY 19 2018...

CLIMATE NORMAL PERIOD 1981 TO 2010
CLIMATE RECORD PERIOD 1948 TO 2018


WEATHER ITEM   OBSERVED TIME   RECORD YEAR NORMAL DEPARTURE LAST
                VALUE   (LST)  VALUE       VALUE  FROM      YEAR
                                                  NORMAL
..................................................................
TEMPERATURE (F)
 YESTERDAY
  MAXIMUM         50   1159 PM  73    1981  51     -1       70
  MINIMUM         40    756 AM   9    2015  32      8       41
  AVERAGE         45                        42      3       56

PRECIPITATION (IN)
  YESTERDAY        0.19          1.25 1962   0.11   0.08     0.00
  MONTH TO DATE    2.27                      2.13   0.14     0.69
  SINCE DEC 1      5.84                      8.82  -2.98     6.19
  SINCE JAN 1      5.10                      5.55  -0.45     4.57

SNOWFALL (IN)
  YESTERDAY        0.0                                       0.0
  MONTH TO DATE    T                                          T
  SINCE DEC 1     13.7                                       8.8
  SINCE JUL 1     13.7                                       8.8
  SNOW DEPTH       0

DEGREE DAYS
 HEATING
  YESTERDAY       20                        23     -3        9
  MONTH TO DATE  404                       475    -71      339
  SINCE DEC 1   1865                      2094   -229     1779
  SINCE JUL 1   2587                      2803   -216     2349

 COOLING
  YESTERDAY        0                         0      0        0
  MONTH TO DATE    0                         0      0        5
  SINCE DEC 1      0                         0      0        5
  SINCE JAN 1      0                         0      0        5
..................................................................


WIND (MPH)
  HIGHEST WIND SPEED     6   HIGHEST WIND DIRECTION    NE (40)
  HIGHEST GUST SPEED     7   HIGHEST GUST DIRECTION     E (70)
  AVERAGE WIND SPEED     1.9


SKY COVER
  AVERAGE SKY COVER 0.9


WEATHER CONDITIONS
 THE FOLLOWING WEATHER WAS RECORDED YESTERDAY.
  LIGHT RAIN
  FOG


RELATIVE HUMIDITY (PERCENT)
 HIGHEST   100           700 AM
 LOWEST     83           200 AM
 AVERAGE    92

..........................................................


THE DANVILLE VA CLIMATE NORMALS FOR TODAY
                         NORMAL    RECORD    YEAR
 MAXIMUM TEMPERATURE (F)   51        74      1971
 MINIMUM TEMPERATURE (F)   33         3      2015


SUNRISE AND SUNSET
FEBRUARY 20 2018......SUNRISE   659 AM EST   SUNSET   603 PM EST
FEBRUARY 21 2018......SUNRISE   658 AM EST   SUNSET   604 PM EST


-  INDICATES NEGATIVE NUMBERS.
R  INDICATES RECORD WAS SET OR TIED.
MM INDICATES DATA IS MISSING.
T  INDICATES TRACE AMOUNT.


REMARKS:
DUE TO MISSING DATA FROM JANUARY 4-9 AND 21-22...ALL INFORMATION
WILL BE CALCULATED WITHOUT DATA FROM THESE DATES.

$$
