000
CDUS41 KILN 190529
CLIDAY


CLIMATE REPORT
NATIONAL WEATHER SERVICE WILMINGTON OH
1227 AM EST SUN FEB 19 2017


...................................

...THE DAYTON OH CLIMATE SUMMARY FOR FEBRUARY 18 2017...

CLIMATE NORMAL PERIOD 1981 TO 2010
CLIMATE RECORD PERIOD 1869 TO 2017


WEATHER ITEM   OBSERVED TIME   RECORD YEAR NORMAL DEPARTURE LAST
                VALUE   (LST)  VALUE       VALUE  FROM      YEAR
                                                  NORMAL
..................................................................
TEMPERATURE (F)
 YESTERDAY
  MAXIMUM         66R   253 PM  64    1948  40     26       41
  MINIMUM         45    656 AM  -9    1936  24     21       23
                                      1900
  AVERAGE         56                        32     24       32

PRECIPITATION (IN)
  YESTERDAY        0.00          0.80 1914   0.07  -0.07     0.00
  MONTH TO DATE    1.00                      1.43  -0.43     1.46
  SINCE DEC 1      7.41                      7.26   0.15     7.35
  SINCE JAN 1      4.42                      4.14   0.28     2.96

SNOWFALL (IN)
  YESTERDAY        0.0           3.5  1908   0.2   -0.2      0.0
  MONTH TO DATE    1.2                       3.9   -2.7      4.1
  SINCE DEC 1      7.2                      16.3   -9.1      9.1
  SINCE JUL 1      7.2                      17.3  -10.1      9.1
  SNOW DEPTH       0

DEGREE DAYS
 HEATING
  YESTERDAY        9                        33    -24       33
  MONTH TO DATE  502                       634   -132      666
  SINCE DEC 1   2513                      2846   -333     2461
  SINCE JUL 1   3286                      3957   -671     3297

 COOLING
  YESTERDAY        0                         0      0        0
  MONTH TO DATE    0                         0      0        0
  SINCE DEC 1      0                         0      0        0
  SINCE JAN 1      0                         0      0        0
..................................................................


WIND (MPH)
  RESULTANT WIND SPEED  12   RESULTANT WIND DIRECTION  SW (210)
  HIGHEST WIND SPEED    20   HIGHEST WIND DIRECTION     S (200)
  HIGHEST GUST SPEED    25   HIGHEST GUST DIRECTION    SW (240)
  AVERAGE WIND SPEED    12.4



WEATHER CONDITIONS
 THE FOLLOWING WEATHER WAS RECORDED YESTERDAY.
  NO SIGNIFICANT WEATHER WAS OBSERVED.


RELATIVE HUMIDITY (PERCENT)
 HIGHEST    80          1000 PM
 LOWEST     37           200 PM
 AVERAGE    59

..........................................................


THE DAYTON OH CLIMATE NORMALS FOR TODAY
                         NORMAL    RECORD    YEAR
 MAXIMUM TEMPERATURE (F)   40        70      1939
 MINIMUM TEMPERATURE (F)   24       -11      1910


SUNRISE AND SUNSET
FEBRUARY 19 2017......SUNRISE   724 AM EST   SUNSET   618 PM EST
FEBRUARY 20 2017......SUNRISE   723 AM EST   SUNSET   619 PM EST


-  INDICATES NEGATIVE NUMBERS.
R  INDICATES RECORD WAS SET OR TIED.
MM INDICATES DATA IS MISSING.
T  INDICATES TRACE AMOUNT.




$$
