000
CDUS41 KILN 010609
CLIDAY


CLIMATE REPORT
NATIONAL WEATHER SERVICE WILMINGTON OH
207 AM EDT TUE SEP 1 2015


...................................

...THE DAYTON OH CLIMATE SUMMARY FOR AUGUST 31 2015...

CLIMATE NORMAL PERIOD 1981 TO 2010
CLIMATE RECORD PERIOD 1869 TO 2015


WEATHER ITEM   OBSERVED TIME   RECORD YEAR NORMAL DEPARTURE LAST
                VALUE   (LST)  VALUE       VALUE  FROM      YEAR
                                                  NORMAL
..................................................................
TEMPERATURE (F)
 YESTERDAY
  MAXIMUM         85    330 PM 100    1951  81      4       82
  MINIMUM         65    633 AM  42    1915  60      5       71
  AVERAGE         75                        71      4       77

PRECIPITATION (IN)
  YESTERDAY        0.08          1.29 1930   0.11  -0.03     0.25
  MONTH TO DATE    1.94                      2.99  -1.05     3.06
  SINCE JUN 1     14.42                     11.27   3.15     9.82
  SINCE JAN 1     29.74                     28.31   1.43    27.90

SNOWFALL (IN)
  YESTERDAY        0.0           0.0         0.0    0.0      0.0
  MONTH TO DATE    0.0                       0.0    0.0      0.0
  SINCE JUN 1      0.0                       0.0    0.0      0.0
  SINCE JUL 1      0.0                       0.0    0.0      0.0
  SNOW DEPTH       0

DEGREE DAYS
 HEATING
  YESTERDAY        0                         1     -1        0
  MONTH TO DATE    9                         2      7        3
  SINCE JUN 1     29                        24      5        9
  SINCE JUL 1      9                         2      7        7

 COOLING
  YESTERDAY       10                         6      4       12
  MONTH TO DATE  193                       243    -50      286
  SINCE JUN 1    726                       712     14      741
  SINCE JAN 1    901                       782    119      870
..................................................................


WIND (MPH)
  RESULTANT WIND SPEED   6   RESULTANT WIND DIRECTION  SW (220)
  HIGHEST WIND SPEED    15   HIGHEST WIND DIRECTION     N (340)
  HIGHEST GUST SPEED    19   HIGHEST GUST DIRECTION    NW (300)
  AVERAGE WIND SPEED     6.0



WEATHER CONDITIONS
 THE FOLLOWING WEATHER WAS RECORDED YESTERDAY.
  THUNDERSTORM
  LIGHT RAIN
  FOG
  HAZE


RELATIVE HUMIDITY (PERCENT)
 HIGHEST   100           500 AM
 LOWEST     59           300 PM
 AVERAGE    80

..........................................................


THE DAYTON OH CLIMATE NORMALS FOR TODAY
                         NORMAL    RECORD    YEAR
 MAXIMUM TEMPERATURE (F)   81        98      1932
 MINIMUM TEMPERATURE (F)   60        44      1967
                                             1963


SUNRISE AND SUNSET
SEPTEMBER  1 2015.....SUNRISE   704 AM EDT   SUNSET   809 PM EDT
SEPTEMBER  2 2015.....SUNRISE   705 AM EDT   SUNSET   807 PM EDT


-  INDICATES NEGATIVE NUMBERS.
R  INDICATES RECORD WAS SET OR TIED.
MM INDICATES DATA IS MISSING.
T  INDICATES TRACE AMOUNT.




$$
