000
CDUS41 KILN 050615
CLIDAY


CLIMATE REPORT
NATIONAL WEATHER SERVICE WILMINGTON OH
215 AM EDT WED AUG 5 2015


...................................

...THE DAYTON OH CLIMATE SUMMARY FOR AUGUST 4 2015...

CLIMATE NORMAL PERIOD 1981 TO 2010
CLIMATE RECORD PERIOD 1869 TO 2015


WEATHER ITEM   OBSERVED TIME   RECORD YEAR NORMAL DEPARTURE LAST
                VALUE   (LST)  VALUE       VALUE  FROM      YEAR
                                                  NORMAL
..................................................................
TEMPERATURE (F)
 YESTERDAY
  MAXIMUM         81    354 PM  98    1930  83     -2       87
  MINIMUM         61    531 AM  48    1912  64     -3       60
  AVERAGE         71                        74     -3       74

PRECIPITATION (IN)
  YESTERDAY        0.00          2.86 1959   0.10  -0.10     0.48
  MONTH TO DATE    0.66                      0.40   0.26     0.68
  SINCE JUN 1     13.14                      8.68   4.46     7.44
  SINCE JAN 1     28.46                     25.72   2.74    25.52

SNOWFALL (IN)
  YESTERDAY        0.0           0.0    MM   0.0    0.0      0.0
  MONTH TO DATE    0.0                       0.0    0.0      0.0
  SINCE JUN 1      0.0                       0.0    0.0      0.0
  SINCE JUL 1      0.0                       0.0    0.0      0.0
  SNOW DEPTH       0

DEGREE DAYS
 HEATING
  YESTERDAY        0                         0      0        0
  MONTH TO DATE    0                         0      0        0
  SINCE JUN 1     20                        22     -2        6
  SINCE JUL 1      0                         0      0        4

 COOLING
  YESTERDAY        6                         9     -3        9
  MONTH TO DATE   30                        36     -6       29
  SINCE JUN 1    563                       505     58      484
  SINCE JAN 1    738                       575    163      613
..................................................................


WIND (MPH)
  RESULTANT WIND SPEED   4   RESULTANT WIND DIRECTION   W (280)
  HIGHEST WIND SPEED    14   HIGHEST WIND DIRECTION    NW (300)
  HIGHEST GUST SPEED    19   HIGHEST GUST DIRECTION     W (270)
  AVERAGE WIND SPEED     5.3



WEATHER CONDITIONS
 THE FOLLOWING WEATHER WAS RECORDED YESTERDAY.
  NO SIGNIFICANT WEATHER WAS OBSERVED.


RELATIVE HUMIDITY (PERCENT)
 HIGHEST    90           400 AM
 LOWEST     42           100 PM
 AVERAGE    66

..........................................................


THE DAYTON OH CLIMATE NORMALS FOR TODAY
                         NORMAL    RECORD    YEAR
 MAXIMUM TEMPERATURE (F)   83       103      1918
 MINIMUM TEMPERATURE (F)   64        45      1972


SUNRISE AND SUNSET
AUGUST  5 2015........SUNRISE   639 AM EDT   SUNSET   846 PM EDT
AUGUST  6 2015........SUNRISE   640 AM EDT   SUNSET   845 PM EDT


-  INDICATES NEGATIVE NUMBERS.
R  INDICATES RECORD WAS SET OR TIED.
MM INDICATES DATA IS MISSING.
T  INDICATES TRACE AMOUNT.




$$
