000
CDUS41 KILN 232058
CLIDAY


CLIMATE REPORT
NATIONAL WEATHER SERVICE WILMINGTON OH
457 PM EDT SAT SEP 23 2017


...................................

...THE DAYTON OH CLIMATE SUMMARY FOR SEPTEMBER 23 2017...
VALID TODAY AS OF 0400 PM LOCAL TIME.

CLIMATE NORMAL PERIOD 1981 TO 2010
CLIMATE RECORD PERIOD 1869 TO 2017


WEATHER ITEM   OBSERVED TIME   RECORD YEAR NORMAL DEPARTURE LAST
                VALUE   (LST)  VALUE       VALUE  FROM      YEAR
                                                  NORMAL
..................................................................
TEMPERATURE (F)
 TODAY
  MAXIMUM         90    302 PM  93    2010  73     17       90
                                      1908
  MINIMUM         63    624 AM  32    1974  52     11       63
  AVERAGE         77                        62     15       77

PRECIPITATION (IN)
  TODAY            0.00          2.31 1955   0.11  -0.11     0.00
  MONTH TO DATE    2.16                      2.56  -0.40     1.90
  SINCE SEP 1      2.16                      2.56  -0.40     1.90
  SINCE JAN 1     39.27                     30.87   8.40    28.43

SNOWFALL (IN)
  TODAY            0.0          MM      MM   0.0    0.0      0.0
  MONTH TO DATE    0.0                       0.0    0.0      0.0
  SINCE SEP 1      0.0                       0.0    0.0      0.0
  SINCE JUL 1      0.0                       0.0    0.0      0.0
  SNOW DEPTH       0

DEGREE DAYS
 HEATING
  TODAY            0                         4     -4        0
  MONTH TO DATE   58                        48     10        0
  SINCE SEP 1     58                        48     10        0
  SINCE JUL 1     63                        50     13        3

 COOLING
  TODAY           12                         2     10       12
  MONTH TO DATE   81                        88     -7      164
  SINCE SEP 1     81                        88     -7      164
  SINCE JAN 1    830                       870    -40     1192
..................................................................


WIND (MPH)
  RESULTANT WIND SPEED   2   RESULTANT WIND DIRECTION   E (90)
  HIGHEST WIND SPEED    10   HIGHEST WIND DIRECTION    NE (60)
  HIGHEST GUST SPEED    13   HIGHEST GUST DIRECTION    NE (30)
  AVERAGE WIND SPEED     2.0


SKY COVER
  POSSIBLE SUNSHINE  MM
  AVERAGE SKY COVER 0.0


WEATHER CONDITIONS
 THE FOLLOWING WEATHER WAS RECORDED TODAY.
  FOG


RELATIVE HUMIDITY (PERCENT)
 HIGHEST    93           300 AM
 LOWEST     37           200 PM
 AVERAGE    65

..........................................................


THE DAYTON OH CLIMATE NORMALS FOR TOMORROW
                         NORMAL    RECORD    YEAR
 MAXIMUM TEMPERATURE (F)   73        94      1908
 MINIMUM TEMPERATURE (F)   52        33      1950


SUNRISE AND SUNSET
SEPTEMBER 23 2017.....SUNRISE   726 AM EDT   SUNSET   732 PM EDT
SEPTEMBER 24 2017.....SUNRISE   727 AM EDT   SUNSET   730 PM EDT


-  INDICATES NEGATIVE NUMBERS.
R  INDICATES RECORD WAS SET OR TIED.
MM INDICATES DATA IS MISSING.
T  INDICATES TRACE AMOUNT.




$$
