000
CDUS41 KILN 300547
CLIDAY


CLIMATE REPORT
NATIONAL WEATHER SERVICE WILMINGTON OH
142 AM EDT TUE AUG 30 2016


...................................

...THE DAYTON OH CLIMATE SUMMARY FOR AUGUST 29 2016...

CLIMATE NORMAL PERIOD 1981 TO 2010
CLIMATE RECORD PERIOD 1869 TO 2016


WEATHER ITEM   OBSERVED TIME   RECORD YEAR NORMAL DEPARTURE LAST
                VALUE   (LST)  VALUE       VALUE  FROM      YEAR
                                                  NORMAL
..................................................................
TEMPERATURE (F)
 YESTERDAY
  MAXIMUM         88    314 PM  96    1953  82      6       85
  MINIMUM         67    622 AM  41    1986  61      6       62
  AVERAGE         78                        71      7       74

PRECIPITATION (IN)
  YESTERDAY        0.00          1.06 2003   0.11  -0.11      T
  MONTH TO DATE    3.74                      2.78   0.96     1.75
  SINCE JUN 1     10.31                     11.06  -0.75    14.23
  SINCE JAN 1     26.53                     28.10  -1.57    29.55

SNOWFALL (IN)
  YESTERDAY        0.0           0.0         0.0    0.0      0.0
  MONTH TO DATE    0.0                       0.0    0.0      0.0
  SINCE JUN 1      0.0                       0.0    0.0      0.0
  SINCE JUL 1      0.0                       0.0    0.0      0.0
  SNOW DEPTH       0

DEGREE DAYS
 HEATING
  YESTERDAY        0                         0      0        0
  MONTH TO DATE    0                         0      0        9
  SINCE JUN 1      7                        22    -15       29
  SINCE JUL 1      3                         0      3        9

 COOLING
  YESTERDAY       13                         7      6        9
  MONTH TO DATE  348                       231    117      171
  SINCE JUN 1    925                       700    225      704
  SINCE JAN 1   1004                       770    234      879
..................................................................


WIND (MPH)
  RESULTANT WIND SPEED   5   RESULTANT WIND DIRECTION  NE (50)
  HIGHEST WIND SPEED    12   HIGHEST WIND DIRECTION    NE (50)
  HIGHEST GUST SPEED    31   HIGHEST GUST DIRECTION     N (340)
  AVERAGE WIND SPEED     5.6



WEATHER CONDITIONS
 THE FOLLOWING WEATHER WAS RECORDED YESTERDAY.
  NO SIGNIFICANT WEATHER WAS OBSERVED.


RELATIVE HUMIDITY (PERCENT)
 HIGHEST   100           300 AM
 LOWEST     53           300 PM
 AVERAGE    77

..........................................................


THE DAYTON OH CLIMATE NORMALS FOR TODAY
                         NORMAL    RECORD    YEAR
 MAXIMUM TEMPERATURE (F)   81        96      1953
                                             1898
 MINIMUM TEMPERATURE (F)   61        43      1986
                                             1976


SUNRISE AND SUNSET
AUGUST 30 2016........SUNRISE   703 AM EDT   SUNSET   810 PM EDT
AUGUST 31 2016........SUNRISE   704 AM EDT   SUNSET   809 PM EDT


-  INDICATES NEGATIVE NUMBERS.
R  INDICATES RECORD WAS SET OR TIED.
MM INDICATES DATA IS MISSING.
T  INDICATES TRACE AMOUNT.




$$
