000
CDUS43 KDVN 281009
CLIDBQ


CLIMATE REPORT
NATIONAL WEATHER SERVICE QUAD CITIES IA IL
408 AM CST WED JAN 28 2015


...................................

...THE DUBUQUE IA CLIMATE SUMMARY FOR JANUARY 27 2015...

CLIMATE NORMAL PERIOD 1981 TO 2010
CLIMATE RECORD PERIOD 1873 TO 2015


WEATHER ITEM   OBSERVED TIME   RECORD YEAR NORMAL DEPARTURE LAST
                VALUE   (LST)  VALUE       VALUE  FROM      YEAR
                                                  NORMAL
..................................................................
TEMPERATURE (F)
 YESTERDAY
  MAXIMUM         32    243 AM  62    1944  27      5       -2
  MINIMUM         25   1159 PM -19    1904  11     14      -17
  AVERAGE         29                        19     10       -9

PRECIPITATION (IN)
  YESTERDAY        0.00          1.34 1949   0.04  -0.04     0.00
  MONTH TO DATE    0.57                      1.01  -0.44     0.88
  SINCE DEC 1      1.50                      2.85  -1.35     2.12
  SINCE JAN 1      0.57                      1.01  -0.44     0.88

SNOWFALL (IN)
  YESTERDAY        0.0          MM      MM   0.3   -0.3      0.0
  MONTH TO DATE    7.9                       8.6   -0.7     13.0
  SINCE DEC 1      7.9                      20.4  -12.5     31.4
  SINCE JUL 1     11.4                      23.2  -11.8     35.3
  SNOW DEPTH       2

DEGREE DAYS
 HEATING
  YESTERDAY       36                        46    -10       74
  MONTH TO DATE 1247                      1242      5     1479
  SINCE DEC 1   2391                      2552   -161     3005
  SINCE JUL 1   4173                      4052    121     4604

 COOLING
  YESTERDAY        0                         0      0        0
  MONTH TO DATE    0                         0      0        0
  SINCE DEC 1      0                         0      0        0
  SINCE JAN 1      0                         0      0        0
..................................................................


WIND (MPH)
  HIGHEST WIND SPEED    20   HIGHEST WIND DIRECTION    NE (30)
  HIGHEST GUST SPEED    24   HIGHEST GUST DIRECTION    NE (30)
  AVERAGE WIND SPEED     9.5


SKY COVER
  POSSIBLE SUNSHINE  MM
  AVERAGE SKY COVER 1.0


WEATHER CONDITIONS
 THE FOLLOWING WEATHER WAS RECORDED YESTERDAY.
  FOG
  HAZE


RELATIVE HUMIDITY (PERCENT)
 HIGHEST    92           100 AM
 LOWEST     75           800 AM
 AVERAGE    84

..........................................................


THE DUBUQUE IA CLIMATE NORMALS FOR TODAY
                         NORMAL    RECORD    YEAR
 MAXIMUM TEMPERATURE (F)   27        53      1914
 MINIMUM TEMPERATURE (F)   12       -22      1915
                                             1885


SUNRISE AND SUNSET
JANUARY 28 2015.......SUNRISE   721 AM CST   SUNSET   511 PM CST
JANUARY 29 2015.......SUNRISE   720 AM CST   SUNSET   513 PM CST


-  INDICATES NEGATIVE NUMBERS.
R  INDICATES RECORD WAS SET OR TIED.
MM INDICATES DATA IS MISSING.
T  INDICATES TRACE AMOUNT.




$$
