000
CDUS43 KDVN 292124
CLIDBQ


CLIMATE REPORT
NATIONAL WEATHER SERVICE QUAD CITIES IA IL
422 PM CDT FRI JUL 29 2016


...................................

...THE DUBUQUE IA CLIMATE SUMMARY FOR JULY 29 2016...
VALID TODAY AS OF 0400 PM LOCAL TIME.

CLIMATE NORMAL PERIOD 1981 TO 2010
CLIMATE RECORD PERIOD 1873 TO 2016


WEATHER ITEM   OBSERVED TIME   RECORD YEAR NORMAL DEPARTURE LAST
                VALUE   (LST)  VALUE       VALUE  FROM      YEAR
                                                  NORMAL
..................................................................
TEMPERATURE (F)
 TODAY
  MAXIMUM         70    249 PM 100    1941  81    -11       82
                                      1916
  MINIMUM         65    706 AM  45    1971  62      3       64
  AVERAGE         68                        72     -4       73

PRECIPITATION (IN)
  TODAY            0.22          1.53 1987   0.14   0.08      T
  MONTH TO DATE    6.58                      4.03   2.55     1.20
  SINCE JUN 1     13.87                      8.43   5.44     9.54
  SINCE JAN 1     24.82                     21.30   3.52    20.31

SNOWFALL (IN)
  TODAY            0.0          MM      MM   0.0    0.0      0.0
  MONTH TO DATE    0.0                       0.0    0.0      0.0
  SINCE JUN 1      0.0                       0.0    0.0       T
  SINCE JUL 1      0.0                       0.0    0.0      0.0
  SNOW DEPTH       0

DEGREE DAYS
 HEATING
  TODAY            0                         0      0        0
  MONTH TO DATE    5                         0      5       13
  SINCE JUN 1     18                        40    -22       36
  SINCE JUL 1      5                         0      5       13

 COOLING
  TODAY            3                         7     -4        8
  MONTH TO DATE  219                       204     15      177
  SINCE JUN 1    393                       343     50      296
  SINCE JAN 1    444                       380     64      332
..................................................................


WIND (MPH)
  HIGHEST WIND SPEED    15   HIGHEST WIND DIRECTION    NE (40)
  HIGHEST GUST SPEED    20   HIGHEST GUST DIRECTION     N (350)
  AVERAGE WIND SPEED     8.1


SKY COVER
  POSSIBLE SUNSHINE  MM
  AVERAGE SKY COVER 1.0


WEATHER CONDITIONS
 THE FOLLOWING WEATHER WAS RECORDED TODAY.
  THUNDERSTORM
  HEAVY RAIN
  RAIN
  LIGHT RAIN
  FOG


RELATIVE HUMIDITY (PERCENT)
 HIGHEST    93           200 AM
 LOWEST     87           300 AM
 AVERAGE    90

..........................................................


THE DUBUQUE IA CLIMATE NORMALS FOR TOMORROW
                         NORMAL    RECORD    YEAR
 MAXIMUM TEMPERATURE (F)   81       100      1916
                                             1913
 MINIMUM TEMPERATURE (F)   62        44      1971


SUNRISE AND SUNSET
JULY 29 2016..........SUNRISE   553 AM CDT   SUNSET   825 PM CDT
JULY 30 2016..........SUNRISE   554 AM CDT   SUNSET   824 PM CDT


-  INDICATES NEGATIVE NUMBERS.
R  INDICATES RECORD WAS SET OR TIED.
MM INDICATES DATA IS MISSING.
T  INDICATES TRACE AMOUNT.




$$
