000
CDUS43 KDVN 262139
CLIDBQ


CLIMATE REPORT
NATIONAL WEATHER SERVICE QUAD CITIES IA IL
439 PM CDT WED APR 26 2017


...................................

...THE DUBUQUE IA CLIMATE SUMMARY FOR APRIL 26 2017...
VALID TODAY AS OF 0400 PM LOCAL TIME.

CLIMATE NORMAL PERIOD 1981 TO 2010
CLIMATE RECORD PERIOD 1873 TO 2017


WEATHER ITEM   OBSERVED TIME   RECORD YEAR NORMAL DEPARTURE LAST
                VALUE   (LST)  VALUE       VALUE  FROM      YEAR
                                                  NORMAL
..................................................................
TEMPERATURE (F)
 TODAY
  MAXIMUM         62   1202 AM  83    1990  63     -1       55
                                      1962
  MINIMUM         50    259 PM  28    1956  42      8       43
  AVERAGE         56                        52      4       49

PRECIPITATION (IN)
  TODAY            0.15          1.35 1954   0.14   0.01     0.00
  MONTH TO DATE    3.92                      3.12   0.80     1.62
  SINCE MAR 1      6.05                      5.53   0.52     4.64
  SINCE JAN 1      9.86                      8.14   1.72     5.72

SNOWFALL (IN)
  TODAY            0.0          MM      MM   0.0    0.0      0.0
  MONTH TO DATE    T                         1.9   -1.9      0.5
  SINCE MAR 1      4.5                       8.2   -3.7      3.3
  SINCE JUL 1     27.1                      41.8  -14.7     34.8
  SNOW DEPTH       0

DEGREE DAYS
 HEATING
  TODAY            9                        13     -4       16
  MONTH TO DATE  323                       461   -138      434
  SINCE MAR 1   1212                      1379   -167     1179
  SINCE JUL 1   5693                      6772  -1079     5656

 COOLING
  TODAY            0                         0      0        0
  MONTH TO DATE    5                         0      5        3
  SINCE MAR 1      5                         0      5        3
  SINCE JAN 1      5                         0      5        3
..................................................................


WIND (MPH)
  HIGHEST WIND SPEED    22   HIGHEST WIND DIRECTION     W (250)
  HIGHEST GUST SPEED    24   HIGHEST GUST DIRECTION     W (250)
  AVERAGE WIND SPEED    12.3


SKY COVER
  POSSIBLE SUNSHINE  MM
  AVERAGE SKY COVER 0.8


WEATHER CONDITIONS
 THE FOLLOWING WEATHER WAS RECORDED TODAY.
  HEAVY RAIN
  RAIN
  LIGHT RAIN
  FOG


RELATIVE HUMIDITY (PERCENT)
 HIGHEST   100           800 AM
 LOWEST     78           100 AM
 AVERAGE    89

..........................................................


THE DUBUQUE IA CLIMATE NORMALS FOR TOMORROW
                         NORMAL    RECORD    YEAR
 MAXIMUM TEMPERATURE (F)   63        82      1981
                                             1977
                                             1962
 MINIMUM TEMPERATURE (F)   42        28      1958


SUNRISE AND SUNSET
APRIL 26 2017.........SUNRISE   605 AM CDT   SUNSET   757 PM CDT
APRIL 27 2017.........SUNRISE   603 AM CDT   SUNSET   758 PM CDT


-  INDICATES NEGATIVE NUMBERS.
R  INDICATES RECORD WAS SET OR TIED.
MM INDICATES DATA IS MISSING.
T  INDICATES TRACE AMOUNT.




$$
