000
CDUS43 KDVN 051010
CLIDBQ


CLIMATE REPORT
NATIONAL WEATHER SERVICE QUAD CITIES IA IL
409 AM CST THU MAR 5 2015


...................................

...THE DUBUQUE IA CLIMATE SUMMARY FOR MARCH 4 2015...

CLIMATE NORMAL PERIOD 1981 TO 2010
CLIMATE RECORD PERIOD 1873 TO 2015


WEATHER ITEM   OBSERVED TIME   RECORD YEAR NORMAL DEPARTURE LAST
                VALUE   (LST)  VALUE       VALUE  FROM      YEAR
                                                  NORMAL
..................................................................
TEMPERATURE (F)
 YESTERDAY
  MAXIMUM         15        MM  67    1983  38    -23       22
  MINIMUM          2        MM -13    2002  22    -20        3
  AVERAGE          9                        30    -21       13

PRECIPITATION (IN)
  YESTERDAY        0.00          2.08 1976   0.07  -0.07     0.11
  MONTH TO DATE    0.18                      0.27  -0.09     0.36
  SINCE MAR 1      0.18                      0.27  -0.09     0.36
  SINCE JAN 1      2.47                      2.88  -0.41     2.84

SNOWFALL (IN)
  YESTERDAY        0.0          MM      MM   0.3   -0.3      2.0
  MONTH TO DATE    1.1                       1.0    0.1      5.5
  SINCE MAR 1      1.1                       1.0    0.1      5.5
  SINCE JUL 1     30.7                      34.6   -3.9     57.2
  SNOW DEPTH       5

DEGREE DAYS
 HEATING
  YESTERDAY       56                        35     21       52
  MONTH TO DATE  159                       142     17      238
  SINCE MAR 1    159                       142     17      238
  SINCE JUL 1   6007                      5535    472     6614

 COOLING
  YESTERDAY        0                         0      0        0
  MONTH TO DATE    0                         0      0        0
  SINCE MAR 1      0                         0      0        0
  SINCE JAN 1      0                         0      0        0
..................................................................


WIND (MPH)
  HIGHEST WIND SPEED    17   HIGHEST WIND DIRECTION    NW (330)
  HIGHEST GUST SPEED    24   HIGHEST GUST DIRECTION    NW (330)
  AVERAGE WIND SPEED    12.6


SKY COVER
  POSSIBLE SUNSHINE  MM
  AVERAGE SKY COVER 0.1


WEATHER CONDITIONS
 THE FOLLOWING WEATHER WAS RECORDED YESTERDAY.
  NO SIGNIFICANT WEATHER WAS OBSERVED.


RELATIVE HUMIDITY (PERCENT)
 HIGHEST    91          1000 AM
 LOWEST     46           200 PM
 AVERAGE    69

..........................................................


THE DUBUQUE IA CLIMATE NORMALS FOR TODAY
                         NORMAL    RECORD    YEAR
 MAXIMUM TEMPERATURE (F)   39        69      1921
 MINIMUM TEMPERATURE (F)   22        -9      1978


SUNRISE AND SUNSET
MARCH  5 2015.........SUNRISE   632 AM CST   SUNSET   557 PM CST
MARCH  6 2015.........SUNRISE   630 AM CST   SUNSET   558 PM CST


-  INDICATES NEGATIVE NUMBERS.
R  INDICATES RECORD WAS SET OR TIED.
MM INDICATES DATA IS MISSING.
T  INDICATES TRACE AMOUNT.




$$
