000
CDUS43 KDVN 172129
CLIDBQ


CLIMATE REPORT
NATIONAL WEATHER SERVICE QUAD CITIES IA IL
427 PM CDT TUE OCT 17 2017


...................................

...THE DUBUQUE IA CLIMATE SUMMARY FOR OCTOBER 17 2017...
VALID TODAY AS OF 0400 PM LOCAL TIME.

CLIMATE NORMAL PERIOD 1981 TO 2010
CLIMATE RECORD PERIOD 1873 TO 2017


WEATHER ITEM   OBSERVED TIME   RECORD YEAR NORMAL DEPARTURE LAST
                VALUE   (LST)  VALUE       VALUE  FROM      YEAR
                                                  NORMAL
..................................................................
TEMPERATURE (F)
 TODAY
  MAXIMUM         70    259 PM  86    1950  60     10       82
  MINIMUM         45    642 AM  22    2004  40      5       69
  AVERAGE         58                        50      8       76

PRECIPITATION (IN)
  TODAY            0.00          2.24 1905   0.08  -0.08     0.00
  MONTH TO DATE    6.04                      1.45   4.59     1.42
  SINCE SEP 1      7.06                      4.91   2.15     6.59
  SINCE JAN 1     34.48                     30.89   3.59    35.75

SNOWFALL (IN)
  TODAY            0.0          MM      MM   0.0    0.0      0.0
  MONTH TO DATE    0.0                       0.0    0.0      0.0
  SINCE SEP 1      0.0                       0.0    0.0      0.0
  SINCE JUL 1      0.0                       0.0    0.0      0.0
  SNOW DEPTH       0

DEGREE DAYS
 HEATING
  TODAY            7                        15     -8        0
  MONTH TO DATE  118                       218   -100      117
  SINCE SEP 1    207                       369   -162      168
  SINCE JUL 1    233                       396   -163      175

 COOLING
  TODAY            0                         0      0       11
  MONTH TO DATE    9                         4      5       14
  SINCE SEP 1    111                        65     46      101
  SINCE JAN 1    566                       641    -75      781
..................................................................


WIND (MPH)
  HIGHEST WIND SPEED    22   HIGHEST WIND DIRECTION    SW (230)
  HIGHEST GUST SPEED    28   HIGHEST GUST DIRECTION     W (250)
  AVERAGE WIND SPEED    14.3


SKY COVER
  POSSIBLE SUNSHINE  MM
  AVERAGE SKY COVER 0.0


WEATHER CONDITIONS
 THE FOLLOWING WEATHER WAS RECORDED TODAY.
  HAZE


RELATIVE HUMIDITY (PERCENT)
 HIGHEST    76           300 AM
 LOWEST     40           200 PM
 AVERAGE    58

..........................................................


THE DUBUQUE IA CLIMATE NORMALS FOR TOMORROW
                         NORMAL    RECORD    YEAR
 MAXIMUM TEMPERATURE (F)   59        87      1950
 MINIMUM TEMPERATURE (F)   39        16      1952


SUNRISE AND SUNSET
OCTOBER 17 2017.......SUNRISE   718 AM CDT   SUNSET   617 PM CDT
OCTOBER 18 2017.......SUNRISE   720 AM CDT   SUNSET   616 PM CDT


-  INDICATES NEGATIVE NUMBERS.
R  INDICATES RECORD WAS SET OR TIED.
MM INDICATES DATA IS MISSING.
T  INDICATES TRACE AMOUNT.




$$
