000
CDUS43 KDVN 221018
CLIDBQ


CLIMATE REPORT
NATIONAL WEATHER SERVICE QUAD CITIES IA IL
415 AM CST MON DEC 22 2014


...................................

...THE DUBUQUE IA CLIMATE SUMMARY FOR DECEMBER 21 2014...

CLIMATE NORMAL PERIOD 1981 TO 2010
CLIMATE RECORD PERIOD 1873 TO 2014


WEATHER ITEM   OBSERVED TIME   RECORD YEAR NORMAL DEPARTURE LAST
                VALUE   (LST)  VALUE       VALUE  FROM      YEAR
                                                  NORMAL
..................................................................
TEMPERATURE (F)
 YESTERDAY
  MAXIMUM         37    128 PM  61    1877  28      9       26
  MINIMUM         31    222 AM -21    1989  14     17       22
  AVERAGE         34                        21     13       24

PRECIPITATION (IN)
  YESTERDAY        T             0.51 2006   0.06  -0.06     0.02
  MONTH TO DATE    0.47                      1.37  -0.90     0.48
  SINCE DEC 1      0.47                      1.37  -0.90     0.48
  SINCE JAN 1     36.99                     35.82   1.17    37.29

SNOWFALL (IN)
  YESTERDAY        0.0          MM      MM   0.4   -0.4      0.2
  MONTH TO DATE    T                         8.0   -8.0      6.6
  SINCE DEC 1      T                         8.0   -8.0      6.6
  SINCE JUL 1      3.5                      10.8   -7.3     10.5
  SNOW DEPTH       0

DEGREE DAYS
 HEATING
  YESTERDAY       31                        44    -13       41
  MONTH TO DATE  760                       860   -100      988
  SINCE DEC 1    760                       860   -100      988
  SINCE JUL 1   2542                      2360    182     2587

 COOLING
  YESTERDAY        0                         0      0        0
  MONTH TO DATE    0                         0      0        0
  SINCE DEC 1      0                         0      0        0
  SINCE JAN 1    526                       643   -117      640
..................................................................


WIND (MPH)
  HIGHEST WIND SPEED    23   HIGHEST WIND DIRECTION     S (160)
  HIGHEST GUST SPEED    29   HIGHEST GUST DIRECTION     S (170)
  AVERAGE WIND SPEED    15.6


SKY COVER
  POSSIBLE SUNSHINE  MM
  AVERAGE SKY COVER 1.0


WEATHER CONDITIONS
 THE FOLLOWING WEATHER WAS RECORDED YESTERDAY.
  LIGHT RAIN
  FOG
  FOG W/VISIBILITY <= 1/4 MILE


RELATIVE HUMIDITY (PERCENT)
 HIGHEST   100           100 AM
 LOWEST     85          1200 PM
 AVERAGE    93

..........................................................


THE DUBUQUE IA CLIMATE NORMALS FOR TODAY
                         NORMAL    RECORD    YEAR
 MAXIMUM TEMPERATURE (F)   28        56      1877
                                             1875
 MINIMUM TEMPERATURE (F)   13       -19      1983


SUNRISE AND SUNSET
DECEMBER 22 2014......SUNRISE   729 AM CST   SUNSET   434 PM CST
DECEMBER 23 2014......SUNRISE   730 AM CST   SUNSET   434 PM CST


-  INDICATES NEGATIVE NUMBERS.
R  INDICATES RECORD WAS SET OR TIED.
MM INDICATES DATA IS MISSING.
T  INDICATES TRACE AMOUNT.




$$
