000
CDUS41 KLWX 290522
CLIDCA


CLIMATE REPORT
NATIONAL WEATHER SERVICE BALTIMORE MD/WASHINGTON DC
120 AM EDT FRI AUG 29 2014


...................................

...THE WASHINGTON NATIONAL DC CLIMATE SUMMARY FOR AUGUST 28 2014...

CLIMATE NORMAL PERIOD 1981 TO 2010
CLIMATE RECORD PERIOD 1871 TO 2014


WEATHER ITEM   OBSERVED TIME   RECORD YEAR NORMAL DEPARTURE LAST
                VALUE   (LST)  VALUE       VALUE  FROM      YEAR
                                                  NORMAL
..................................................................
TEMPERATURE (F)
 YESTERDAY
  MAXIMUM         86    433 PM  99    1948  85      1       83
  MINIMUM         71   1156 PM  50    1874  68      3       75
  AVERAGE         79                        77      2       79

PRECIPITATION (IN)
  YESTERDAY        0.00          3.09 1914   0.08  -0.08     0.01
  MONTH TO DATE    3.12                      2.66   0.46     1.34
  SINCE JUN 1     11.11                     10.17   0.94    15.74
  SINCE JAN 1     33.40                     26.13   7.27    28.32

SNOWFALL (IN)
  YESTERDAY        0.0          MM      MM   0.0    0.0
  MONTH TO DATE    0.0                       0.0    0.0
  SINCE JUL 1      0.0                       0.0    0.0
  SNOW DEPTH       0

DEGREE DAYS
 HEATING
  YESTERDAY        0                         0      0        0
  MONTH TO DATE    0                         0      0        0
  SINCE JUN 1      0                         6     -6        0
  SINCE JUL 1      0                         0      0        0

 COOLING
  YESTERDAY       14                        12      2       14
  MONTH TO DATE  354                       372    -18      334
  SINCE JUN 1   1179                      1143     36     1196
  SINCE JAN 1   1348                      1277     71     1381
..................................................................


WIND (MPH)
  HIGHEST WIND SPEED    18   HIGHEST WIND DIRECTION    NW (330)
  HIGHEST GUST SPEED    23   HIGHEST GUST DIRECTION    NW (330)
  AVERAGE WIND SPEED    10.3


SKY COVER
  POSSIBLE SUNSHINE  MM
  AVERAGE SKY COVER 0.3


WEATHER CONDITIONS
 THE FOLLOWING WEATHER WAS RECORDED YESTERDAY.
  NO SIGNIFICANT WEATHER WAS OBSERVED.


RELATIVE HUMIDITY (PERCENT)
 HIGHEST    79           500 AM
 LOWEST     34           600 PM
 AVERAGE    57

..........................................................


THE WASHINGTON NATIONAL DC CLIMATE NORMALS FOR TODAY
                         NORMAL    RECORD    YEAR
 MAXIMUM TEMPERATURE (F)   85        98      1973
                                             1953
 MINIMUM TEMPERATURE (F)   68        49      1986


SUNRISE AND SUNSET
AUGUST 29 2014........SUNRISE   634 AM EDT   SUNSET   743 PM EDT
AUGUST 30 2014........SUNRISE   635 AM EDT   SUNSET   741 PM EDT


-  INDICATES NEGATIVE NUMBERS.
R  INDICATES RECORD WAS SET OR TIED.
MM INDICATES DATA IS MISSING.
T  INDICATES TRACE AMOUNT.




$$
