000
CDUS41 KLWX 280525
CLIDCA


CLIMATE REPORT
NATIONAL WEATHER SERVICE BALTIMORE MD/WASHINGTON DC
125 AM EDT THU APR 28 2016


...................................

...THE WASHINGTON NATIONAL DC CLIMATE SUMMARY FOR APRIL 27 2016...

CLIMATE NORMAL PERIOD 1981 TO 2010
CLIMATE RECORD PERIOD 1871 TO 2016


WEATHER ITEM   OBSERVED TIME   RECORD YEAR NORMAL DEPARTURE LAST
                VALUE   (LST)  VALUE       VALUE  FROM      YEAR
                                                  NORMAL
..................................................................
TEMPERATURE (F)
 YESTERDAY
  MAXIMUM         71   1227 AM  95    1915  70      1       62
  MINIMUM         53   1141 PM  38    1933  51      2       47
                                      1892
                                      1876
  AVERAGE         62                        60      2       55

PRECIPITATION (IN)
  YESTERDAY        0.03          1.64 1954   0.10  -0.07      T
  MONTH TO DATE    1.44                      2.74  -1.30     2.87
  SINCE MAR 1      2.60                      6.22  -3.62     6.91
  SINCE JAN 1      9.07                     11.65  -2.58    12.32

SNOWFALL (IN)
  YESTERDAY        0.0           0.0  2001   0.0    0.0
  MONTH TO DATE    T                         0.0    0.0
  SINCE JUL 1     22.2                      15.4    6.8
  SNOW DEPTH       0

DEGREE DAYS
 HEATING
  YESTERDAY        3                         6     -3       10
  MONTH TO DATE  233                       253    -20      176
  SINCE MAR 1    584                       821   -237      779
  SINCE JUL 1   3185                      3929   -744     3903

 COOLING
  YESTERDAY        0                         1     -1        0
  MONTH TO DATE   33                        18     15       20
  SINCE MAR 1     36                        20     16       20
  SINCE JAN 1     36                        20     16       20
..................................................................


WIND (MPH)
  HIGHEST WIND SPEED    21   HIGHEST WIND DIRECTION    NE (50)
  HIGHEST GUST SPEED    24   HIGHEST GUST DIRECTION    NE (60)
  AVERAGE WIND SPEED     7.9


SKY COVER
  POSSIBLE SUNSHINE  MM
  AVERAGE SKY COVER 1.0


WEATHER CONDITIONS
 THE FOLLOWING WEATHER WAS RECORDED YESTERDAY.
  LIGHT RAIN
  FOG


RELATIVE HUMIDITY (PERCENT)
 HIGHEST    93           900 AM
 LOWEST     68          1200 AM
 AVERAGE    81

..........................................................


THE WASHINGTON NATIONAL DC CLIMATE NORMALS FOR TODAY
                         NORMAL    RECORD    YEAR
 MAXIMUM TEMPERATURE (F)   71        92      1957
 MINIMUM TEMPERATURE (F)   51        33      1898


SUNRISE AND SUNSET
APRIL 28 2016.........SUNRISE   613 AM EDT   SUNSET   758 PM EDT
APRIL 29 2016.........SUNRISE   612 AM EDT   SUNSET   759 PM EDT


-  INDICATES NEGATIVE NUMBERS.
R  INDICATES RECORD WAS SET OR TIED.
MM INDICATES DATA IS MISSING.
T  INDICATES TRACE AMOUNT.




$$
