000
CDUS41 KLWX 080525
CLIDCA


CLIMATE REPORT
NATIONAL WEATHER SERVICE BALTIMORE MD/WASHINGTON DC
1224 AM EST MON FEB 8 2016


...................................

...THE WASHINGTON NATIONAL DC CLIMATE SUMMARY FOR FEBRUARY 7 2016...

CLIMATE NORMAL PERIOD 1981 TO 2010
CLIMATE RECORD PERIOD 1871 TO 2016


WEATHER ITEM   OBSERVED TIME   RECORD YEAR NORMAL DEPARTURE LAST
                VALUE   (LST)  VALUE       VALUE  FROM      YEAR
                                                  NORMAL
..................................................................
TEMPERATURE (F)
 YESTERDAY
  MAXIMUM         46    256 PM  64    2008  45      1       50
                                      1887
  MINIMUM         30    544 AM   3    1907  30      0       26
  AVERAGE         38                        38      0       38

PRECIPITATION (IN)
  YESTERDAY        0.00          1.29 1951   0.09  -0.09     0.00
  MONTH TO DATE    0.68                      0.66   0.02     0.13
  SINCE DEC 1      8.20                      6.52   1.68     7.36
  SINCE JAN 1      3.36                      3.47  -0.11     3.86

SNOWFALL (IN)
  YESTERDAY        0.0          14.4  1936   0.3   -0.3
  MONTH TO DATE    T                         1.7   -1.7
  SINCE JUL 1     18.8                      10.1    8.7
  SNOW DEPTH       0

DEGREE DAYS
 HEATING
  YESTERDAY       27                        27      0       27
  MONTH TO DATE  146                       195    -49      207
  SINCE DEC 1   1490                      1880   -390     1760
  SINCE JUL 1   2025                      2575   -550     2367

 COOLING
  YESTERDAY        0                         0      0        0
  MONTH TO DATE    0                         0      0        0
  SINCE DEC 1      1                         0      1        0
  SINCE JAN 1      0                         0      0        0
..................................................................


WIND (MPH)
  HIGHEST WIND SPEED    16   HIGHEST WIND DIRECTION    NE (40)
  HIGHEST GUST SPEED    18   HIGHEST GUST DIRECTION    NE (30)
  AVERAGE WIND SPEED     7.4


SKY COVER
  POSSIBLE SUNSHINE  MM
  AVERAGE SKY COVER 0.8


WEATHER CONDITIONS
 THE FOLLOWING WEATHER WAS RECORDED YESTERDAY.
  NO SIGNIFICANT WEATHER WAS OBSERVED.


RELATIVE HUMIDITY (PERCENT)
 HIGHEST    78           500 AM
 LOWEST     37           300 PM
 AVERAGE    58

..........................................................


THE WASHINGTON NATIONAL DC CLIMATE NORMALS FOR TODAY
                         NORMAL    RECORD    YEAR
 MAXIMUM TEMPERATURE (F)   46        68      2015
                                             1900
 MINIMUM TEMPERATURE (F)   30         0      1895


SUNRISE AND SUNSET
FEBRUARY  8 2016......SUNRISE   708 AM EST   SUNSET   537 PM EST
FEBRUARY  9 2016......SUNRISE   707 AM EST   SUNSET   538 PM EST


-  INDICATES NEGATIVE NUMBERS.
R  INDICATES RECORD WAS SET OR TIED.
MM INDICATES DATA IS MISSING.
T  INDICATES TRACE AMOUNT.




$$
