000
CDUS41 KLWX 260524
CLIDCA


CLIMATE REPORT
NATIONAL WEATHER SERVICE BALTIMORE MD/WASHINGTON DC
124 AM EDT FRI AUG 26 2016


...................................

...THE WASHINGTON NATIONAL DC CLIMATE SUMMARY FOR AUGUST 25 2016...

CLIMATE NORMAL PERIOD 1981 TO 2010
CLIMATE RECORD PERIOD 1871 TO 2016


WEATHER ITEM   OBSERVED TIME   RECORD YEAR NORMAL DEPARTURE LAST
                VALUE   (LST)  VALUE       VALUE  FROM      YEAR
                                                  NORMAL
..................................................................
TEMPERATURE (F)
 YESTERDAY
  MAXIMUM         89    251 PM  97    1998  86      3       85
                                      1968
  MINIMUM         71    557 AM  54    1942  69      2       69
                                      1935
                                      1927
  AVERAGE         80                        77      3       77

PRECIPITATION (IN)
  YESTERDAY        0.00          3.92 1905   0.09  -0.09     0.00
  MONTH TO DATE    2.79                      2.40   0.39     1.16
  SINCE JUN 1      9.60                      9.91  -0.31    18.11
  SINCE JAN 1     24.93                     25.87  -0.94    32.89

SNOWFALL (IN)
  YESTERDAY        0.0          MM      MM   0.0    0.0
  MONTH TO DATE    0.0                       0.0    0.0
  SINCE JUL 1      0.0                       0.0    0.0
  SNOW DEPTH       0

DEGREE DAYS
 HEATING
  YESTERDAY        0                         0      0        0
  MONTH TO DATE    0                         0      0        0
  SINCE JUN 1      0                         6     -6        6
  SINCE JUL 1      0                         0      0        0

 COOLING
  YESTERDAY       15                        12      3       12
  MONTH TO DATE  445                       336    109      380
  SINCE JUN 1   1347                      1107    240     1307
  SINCE JAN 1   1475                      1241    234     1605
..................................................................


WIND (MPH)
  HIGHEST WIND SPEED    16   HIGHEST WIND DIRECTION     S (170)
  HIGHEST GUST SPEED    18   HIGHEST GUST DIRECTION    SW (210)
  AVERAGE WIND SPEED     9.8


SKY COVER
  POSSIBLE SUNSHINE  MM
  AVERAGE SKY COVER 0.6


WEATHER CONDITIONS
 THE FOLLOWING WEATHER WAS RECORDED YESTERDAY.
  HAZE


RELATIVE HUMIDITY (PERCENT)
 HIGHEST    85           800 PM
 LOWEST     63           100 PM
 AVERAGE    74

..........................................................


THE WASHINGTON NATIONAL DC CLIMATE NORMALS FOR TODAY
                         NORMAL    RECORD    YEAR
 MAXIMUM TEMPERATURE (F)   85        97      1948
 MINIMUM TEMPERATURE (F)   69        51      1942


SUNRISE AND SUNSET
AUGUST 26 2016........SUNRISE   632 AM EDT   SUNSET   747 PM EDT
AUGUST 27 2016........SUNRISE   633 AM EDT   SUNSET   745 PM EDT


-  INDICATES NEGATIVE NUMBERS.
R  INDICATES RECORD WAS SET OR TIED.
MM INDICATES DATA IS MISSING.
T  INDICATES TRACE AMOUNT.




$$
