000
CDUS41 KALY 220628
CLIDDH


CLIMATE REPORT
NATIONAL WEATHER SERVICE ALBANY NY
127 AM EST WED NOV 22 2017


...................................

...THE BENNINGTON VT CLIMATE SUMMARY FOR NOVEMBER 21 2017...

CLIMATE NORMAL PERIOD 1981 TO 2010
CLIMATE RECORD PERIOD 9999 TO 9999


WEATHER ITEM   OBSERVED TIME   NORMAL DEPARTURE LAST
                VALUE   (LST)  VALUE  FROM      YEAR
                                      NORMAL
......................................................
TEMPERATURE (F)
 YESTERDAY
  MAXIMUM         56   1239 PM  45     11       29
  MINIMUM         23    615 AM  29     -6       26
  AVERAGE         40            37      3       28

PRECIPITATION (IN)
  YESTERDAY        0.00          0.10  -0.10     0.06
  MONTH TO DATE    1.22          2.16  -0.94     1.75
  SINCE SEP 1      6.98          9.42  -2.44     8.35
  SINCE JAN 1     39.33         36.96   2.37    29.66

DEGREE DAYS
 HEATING
  YESTERDAY       25            28     -3       37
  MONTH TO DATE  540           525     15      501
  SINCE SEP 1    974          1274   -300     1078
  SINCE JUL 1   1041          1346   -305     1100

 COOLING
  YESTERDAY        0             0      0        0
  MONTH TO DATE    0             0      0        0
  SINCE SEP 1     88            25     63       49
  SINCE JAN 1    395           313     82      488
......................................................


WIND (MPH)
  HIGHEST WIND SPEED    18   HIGHEST WIND DIRECTION     S (190)
  HIGHEST GUST SPEED    27   HIGHEST GUST DIRECTION     S (200)
  AVERAGE WIND SPEED     6.9


SKY COVER
  AVERAGE SKY COVER 0.0



RELATIVE HUMIDITY (PERCENT)
 HIGHEST    88           600 AM
 LOWEST     27           100 PM
 AVERAGE    58

..........................................................


THE BENNINGTON VT CLIMATE NORMALS FOR TODAY
                         NORMAL
 MAXIMUM TEMPERATURE (F)   45
 MINIMUM TEMPERATURE (F)   29


SUNRISE AND SUNSET
NOVEMBER 22 2017......SUNRISE   654 AM EST   SUNSET   424 PM EST
NOVEMBER 23 2017......SUNRISE   655 AM EST   SUNSET   423 PM EST


-  INDICATES NEGATIVE NUMBERS.
R  INDICATES RECORD WAS SET OR TIED.
MM INDICATES DATA IS MISSING.
T  INDICATES TRACE AMOUNT.




$$
