000
CDUS41 KALY 020622
CLIDDH


CLIMATE REPORT
NATIONAL WEATHER SERVICE ALBANY NY
222 AM EDT THU OCT 2 2014


...................................

...THE BENNINGTON VT CLIMATE SUMMARY FOR OCTOBER 1 2014...

CLIMATE NORMAL PERIOD 1981 TO 2010
CLIMATE RECORD PERIOD 9999 TO 9999


WEATHER ITEM   OBSERVED TIME   NORMAL DEPARTURE LAST
                VALUE   (LST)  VALUE  FROM      YEAR
                                      NORMAL
......................................................
TEMPERATURE (F)
 YESTERDAY
  MAXIMUM         63   1200 PM  64     -1       75
  MINIMUM         55    108 AM  41     14       40
  AVERAGE         59            53      6       58

PRECIPITATION (IN)
  YESTERDAY        0.15          0.13   0.02     0.00
  MONTH TO DATE    0.15          0.13   0.02     0.00
  SINCE SEP 1      1.17          3.70  -2.53     4.03
  SINCE JAN 1     27.13         31.24  -4.11    35.75

DEGREE DAYS
 HEATING
  YESTERDAY        6            12     -6        7
  MONTH TO DATE    6            12     -6        7
  SINCE SEP 1    200           218    -18      266
  SINCE JUL 1    253           290    -37      329

 COOLING
  YESTERDAY        0             0      0        0
  MONTH TO DATE    0             0      0        0
  SINCE SEP 1     44            23     21       44
  SINCE JAN 1    297           311    -14      503
......................................................


WIND (MPH)
  HIGHEST WIND SPEED     7   HIGHEST WIND DIRECTION    NE (50)
  HIGHEST GUST SPEED    10   HIGHEST GUST DIRECTION     N (350)
  AVERAGE WIND SPEED     1.9


SKY COVER
  AVERAGE SKY COVER 1.0



RELATIVE HUMIDITY (PERCENT)
 HIGHEST    93          1200 AM
 LOWEST     78          1200 PM
 AVERAGE    86

..........................................................


THE BENNINGTON VT CLIMATE NORMALS FOR TODAY
                         NORMAL
 MAXIMUM TEMPERATURE (F)   64
 MINIMUM TEMPERATURE (F)   41


SUNRISE AND SUNSET
OCTOBER  2 2014.......SUNRISE   651 AM EDT   SUNSET   633 PM EDT
OCTOBER  3 2014.......SUNRISE   652 AM EDT   SUNSET   631 PM EDT


-  INDICATES NEGATIVE NUMBERS.
R  INDICATES RECORD WAS SET OR TIED.
MM INDICATES DATA IS MISSING.
T  INDICATES TRACE AMOUNT.




$$
