000
CDUS41 KALY 210636
CLIDDH


CLIMATE REPORT
NATIONAL WEATHER SERVICE ALBANY NY
134 AM EST TUE FEB 21 2017


...................................

...THE BENNINGTON VT CLIMATE SUMMARY FOR FEBRUARY 20 2017...

CLIMATE NORMAL PERIOD 1981 TO 2010
CLIMATE RECORD PERIOD 9999 TO 9999


WEATHER ITEM   OBSERVED TIME   NORMAL DEPARTURE LAST
                VALUE   (LST)  VALUE  FROM      YEAR
                                      NORMAL
......................................................
TEMPERATURE (F)
 YESTERDAY
  MAXIMUM         44   1201 AM  36      8       59
  MINIMUM         21   1151 PM  16      5       34
  AVERAGE         33            26      7       47

PRECIPITATION (IN)
  YESTERDAY        0.00          0.09  -0.09     0.02
  MONTH TO DATE    1.25          1.49  -0.24     1.83
  SINCE DEC 1      5.05          7.03  -1.98     6.69
  SINCE JAN 1      2.96          4.24  -1.28     2.94

DEGREE DAYS
 HEATING
  YESTERDAY       32            39     -7       18
  MONTH TO DATE  766           818    -52      762
  SINCE DEC 1   2990          3336   -346     2724
  SINCE JUL 1   4360          4949   -589     4067

 COOLING
  YESTERDAY        0             0      0        0
  MONTH TO DATE    0             0      0        0
  SINCE DEC 1      0             0      0        0
  SINCE JAN 1      0             0      0        0
......................................................


WIND (MPH)
  HIGHEST WIND SPEED    17   HIGHEST WIND DIRECTION     N (350)
  HIGHEST GUST SPEED    24   HIGHEST GUST DIRECTION     N (340)
  AVERAGE WIND SPEED     6.8


SKY COVER
  AVERAGE SKY COVER 0.1



RELATIVE HUMIDITY (PERCENT)
 HIGHEST    70           300 AM
 LOWEST     27           400 PM
 AVERAGE    49

..........................................................


THE BENNINGTON VT CLIMATE NORMALS FOR TODAY
                         NORMAL
 MAXIMUM TEMPERATURE (F)   36
 MINIMUM TEMPERATURE (F)   17


SUNRISE AND SUNSET
FEBRUARY 21 2017......SUNRISE   641 AM EST   SUNSET   533 PM EST
FEBRUARY 22 2017......SUNRISE   640 AM EST   SUNSET   534 PM EST


-  INDICATES NEGATIVE NUMBERS.
R  INDICATES RECORD WAS SET OR TIED.
MM INDICATES DATA IS MISSING.
T  INDICATES TRACE AMOUNT.




$$
