000
CDUS41 KALY 280625
CLIDDH


CLIMATE REPORT
NATIONAL WEATHER SERVICE ALBANY NY
123 AM EST SUN DEC 28 2014


...................................

...THE BENNINGTON VT CLIMATE SUMMARY FOR DECEMBER 27 2014...

CLIMATE NORMAL PERIOD 1981 TO 2010
CLIMATE RECORD PERIOD 9999 TO 9999


WEATHER ITEM   OBSERVED TIME   NORMAL DEPARTURE LAST
                VALUE   (LST)  VALUE  FROM      YEAR
                                      NORMAL
......................................................
TEMPERATURE (F)
 YESTERDAY
  MAXIMUM         49   1158 PM  32     17       31
  MINIMUM         24    219 AM  15      9       23
  AVERAGE         37            24     13       27

PRECIPITATION (IN)
  YESTERDAY        0.00          0.09  -0.09     0.00
  MONTH TO DATE    3.35          2.48   0.87     1.98
  SINCE DEC 1      3.35          2.48   0.87     1.98
  SINCE JAN 1     36.40         40.39  -3.99    43.88

DEGREE DAYS
 HEATING
  YESTERDAY       28            41    -13       38
  MONTH TO DATE  869           992   -123      973
  SINCE DEC 1    869           992   -123      973
  SINCE JUL 1   2362          2605   -243     2504

 COOLING
  YESTERDAY        0             0      0        0
  MONTH TO DATE    0             0      0        0
  SINCE DEC 1      0             0      0        0
  SINCE JAN 1    308           313     -5      503
......................................................


WIND (MPH)
  HIGHEST WIND SPEED    10   HIGHEST WIND DIRECTION     S (200)
  HIGHEST GUST SPEED    14   HIGHEST GUST DIRECTION     S (200)
  AVERAGE WIND SPEED     1.3


SKY COVER
  AVERAGE SKY COVER 0.6



RELATIVE HUMIDITY (PERCENT)
 HIGHEST    92          1200 AM
 LOWEST     60           200 PM
 AVERAGE    76

..........................................................


THE BENNINGTON VT CLIMATE NORMALS FOR TODAY
                         NORMAL
 MAXIMUM TEMPERATURE (F)   32
 MINIMUM TEMPERATURE (F)   14


SUNRISE AND SUNSET
DECEMBER 28 2014......SUNRISE   723 AM EST   SUNSET   426 PM EST
DECEMBER 29 2014......SUNRISE   723 AM EST   SUNSET   427 PM EST


-  INDICATES NEGATIVE NUMBERS.
R  INDICATES RECORD WAS SET OR TIED.
MM INDICATES DATA IS MISSING.
T  INDICATES TRACE AMOUNT.




$$
