000
CDUS41 KALY 250622
CLIDDH


CLIMATE REPORT
NATIONAL WEATHER SERVICE ALBANY NY
222 AM EDT SAT OCT 25 2014


...................................

...THE BENNINGTON VT CLIMATE SUMMARY FOR OCTOBER 24 2014...

CLIMATE NORMAL PERIOD 1981 TO 2010
CLIMATE RECORD PERIOD 9999 TO 9999


WEATHER ITEM   OBSERVED TIME   NORMAL DEPARTURE LAST
                VALUE   (LST)  VALUE  FROM      YEAR
                                      NORMAL
......................................................
TEMPERATURE (F)
 YESTERDAY
  MAXIMUM         47    923 PM  56     -9       47
  MINIMUM         39   1154 PM  34      5       34
  AVERAGE         43            45     -2       41

PRECIPITATION (IN)
  YESTERDAY        0.22          0.11   0.11     0.01
  MONTH TO DATE    3.67          2.97   0.70     2.79
  SINCE SEP 1      4.69          6.54  -1.85     6.82
  SINCE JAN 1     30.65         34.08  -3.43    38.54

DEGREE DAYS
 HEATING
  YESTERDAY       22            20      2       24
  MONTH TO DATE  287           394   -107      259
  SINCE SEP 1    481           600   -119      518
  SINCE JUL 1    534           672   -138      581

 COOLING
  YESTERDAY        0             0      0        0
  MONTH TO DATE   11             0     11        0
  SINCE SEP 1     55            23     32       44
  SINCE JAN 1    308           311     -3      503
......................................................


WIND (MPH)
  HIGHEST WIND SPEED    14   HIGHEST WIND DIRECTION    NW (330)
  HIGHEST GUST SPEED    20   HIGHEST GUST DIRECTION    NW (320)
  AVERAGE WIND SPEED     6.4


SKY COVER
  AVERAGE SKY COVER 0.9



RELATIVE HUMIDITY (PERCENT)
 HIGHEST    96           200 AM
 LOWEST     76           900 PM
 AVERAGE    86

..........................................................


THE BENNINGTON VT CLIMATE NORMALS FOR TODAY
                         NORMAL
 MAXIMUM TEMPERATURE (F)   55
 MINIMUM TEMPERATURE (F)   34


SUNRISE AND SUNSET
OCTOBER 25 2014.......SUNRISE   718 AM EDT   SUNSET   555 PM EDT
OCTOBER 26 2014.......SUNRISE   720 AM EDT   SUNSET   554 PM EDT


-  INDICATES NEGATIVE NUMBERS.
R  INDICATES RECORD WAS SET OR TIED.
MM INDICATES DATA IS MISSING.
T  INDICATES TRACE AMOUNT.




$$
