000
CDUS41 KALY 230623
CLIDDH


CLIMATE REPORT
NATIONAL WEATHER SERVICE ALBANY NY
223 AM EDT FRI JUN 23 2017


...................................

...THE BENNINGTON VT CLIMATE SUMMARY FOR JUNE 22 2017...

CLIMATE NORMAL PERIOD 1981 TO 2010
CLIMATE RECORD PERIOD 9999 TO 9999


WEATHER ITEM   OBSERVED TIME   NORMAL DEPARTURE LAST
                VALUE   (LST)  VALUE  FROM      YEAR
                                      NORMAL
......................................................
TEMPERATURE (F)
 YESTERDAY
  MAXIMUM         79    233 PM  77      2       72
  MINIMUM         49    311 AM  54     -5       45
  AVERAGE         64            66     -2       59

PRECIPITATION (IN)
  YESTERDAY        0.00          0.13  -0.13     0.10
  MONTH TO DATE    4.04          3.12   0.92     1.49
  SINCE JUN 1      4.04          3.12   0.92     1.49
  SINCE JAN 1     20.28         18.19   2.09    14.54

DEGREE DAYS
 HEATING
  YESTERDAY        1             2     -1        6
  MONTH TO DATE   79            86     -7       64
  SINCE JUN 1     79            86     -7       64
  SINCE JUL 1   6478          7225   -747     6100

 COOLING
  YESTERDAY        0             2     -2        0
  MONTH TO DATE   60            35     25       35
  SINCE JUN 1     60            35     25       35
  SINCE JAN 1     75            49     26       77
......................................................


WIND (MPH)
  HIGHEST WIND SPEED    12   HIGHEST WIND DIRECTION    SW (220)
  HIGHEST GUST SPEED    17   HIGHEST GUST DIRECTION    SW (220)
  AVERAGE WIND SPEED     2.5


SKY COVER
  AVERAGE SKY COVER 0.3



RELATIVE HUMIDITY (PERCENT)
 HIGHEST    96           100 AM
 LOWEST     47           300 PM
 AVERAGE    72

..........................................................


THE BENNINGTON VT CLIMATE NORMALS FOR TODAY
                         NORMAL
 MAXIMUM TEMPERATURE (F)   77
 MINIMUM TEMPERATURE (F)   55


SUNRISE AND SUNSET
JUNE 23 2017..........SUNRISE   515 AM EDT   SUNSET   836 PM EDT
JUNE 24 2017..........SUNRISE   515 AM EDT   SUNSET   836 PM EDT


-  INDICATES NEGATIVE NUMBERS.
R  INDICATES RECORD WAS SET OR TIED.
MM INDICATES DATA IS MISSING.
T  INDICATES TRACE AMOUNT.




$$
