000
CDUS41 KALY 170624
CLIDDH


CLIMATE REPORT
NATIONAL WEATHER SERVICE ALBANY NY
222 AM EDT THU AUG 17 2017


...................................

...THE BENNINGTON VT CLIMATE SUMMARY FOR AUGUST 16 2017...

CLIMATE NORMAL PERIOD 1981 TO 2010
CLIMATE RECORD PERIOD 9999 TO 9999


WEATHER ITEM   OBSERVED TIME   NORMAL DEPARTURE LAST
                VALUE   (LST)  VALUE  FROM      YEAR
                                      NORMAL
......................................................
TEMPERATURE (F)
 YESTERDAY
  MAXIMUM         79    403 PM  78      1       81
  MINIMUM         53   1159 PM  56     -3       62
  AVERAGE         66            67     -1       72

PRECIPITATION (IN)
  YESTERDAY        T             0.13  -0.13     0.12
  MONTH TO DATE    1.19          2.22  -1.03     2.97
  SINCE JUN 1     14.47         10.69   3.78     7.10
  SINCE JAN 1     30.71         25.76   4.95    20.15

DEGREE DAYS
 HEATING
  YESTERDAY        0             1     -1        0
  MONTH TO DATE    6            16    -10        0
  SINCE JUN 1    114           137    -23       79
  SINCE JUL 1     19            40    -21       10

 COOLING
  YESTERDAY        1             3     -2        7
  MONTH TO DATE   52            60     -8      120
  SINCE JUN 1    258           241     17      344
  SINCE JAN 1    273           255     18      386
......................................................


WIND (MPH)
  HIGHEST WIND SPEED    12   HIGHEST WIND DIRECTION     N (360)
  HIGHEST GUST SPEED    15   HIGHEST GUST DIRECTION    NW (330)
  AVERAGE WIND SPEED     2.6


SKY COVER
  AVERAGE SKY COVER 0.5



RELATIVE HUMIDITY (PERCENT)
 HIGHEST    97           300 AM
 LOWEST     54           400 PM
 AVERAGE    76

..........................................................


THE BENNINGTON VT CLIMATE NORMALS FOR TODAY
                         NORMAL
 MAXIMUM TEMPERATURE (F)   78
 MINIMUM TEMPERATURE (F)   55


SUNRISE AND SUNSET
AUGUST 17 2017........SUNRISE   602 AM EDT   SUNSET   752 PM EDT
AUGUST 18 2017........SUNRISE   603 AM EDT   SUNSET   750 PM EDT


-  INDICATES NEGATIVE NUMBERS.
R  INDICATES RECORD WAS SET OR TIED.
MM INDICATES DATA IS MISSING.
T  INDICATES TRACE AMOUNT.




$$
