000
CDUS43 KILX 040631
CLIDEC


CLIMATE REPORT
NATIONAL WEATHER SERVICE LINCOLN IL
131 AM CDT TUE AUG 4 2015


...................................

...THE DECATUR IL AIRPORT CLIMATE SUMMARY FOR AUGUST 3 2015...

CLIMATE NORMAL PERIOD 1981 TO 2010
CLIMATE RECORD PERIOD 9999 TO 9999


WEATHER ITEM   OBSERVED TIME   RECORD YEAR NORMAL DEPARTURE LAST
                VALUE   (LST)  VALUE       VALUE  FROM      YEAR
                                                  NORMAL
..................................................................
TEMPERATURE (F)
 YESTERDAY
  MAXIMUM         88    215 PM  MM      MM  85      3       84
  MINIMUM         65   1148 PM  MM      MM  64      1       57
  AVERAGE         77                        74      3       71

PRECIPITATION (IN)
  YESTERDAY        0.00         MM      MM   0.08  -0.08     0.05
  MONTH TO DATE    T                         0.25  -0.25     0.63
  SINCE JUN 1      9.92                      8.46   1.46     9.97
  SINCE JAN 1     20.62                     22.91  -2.29    19.63

DEGREE DAYS
 HEATING
  YESTERDAY        0                         0      0        0
  MONTH TO DATE    0                         0      0        0
  SINCE JUN 1      8                        18    -10        3
  SINCE JUL 1      1                         1      0        2

 COOLING
  YESTERDAY       12                        10      2        6
  MONTH TO DATE   37                        30      7       16
  SINCE JUN 1    596                       592      4      475
  SINCE JAN 1    740                       679     61      620
..................................................................


WIND (MPH)
  HIGHEST WIND SPEED    16   HIGHEST WIND DIRECTION     W (290)
  HIGHEST GUST SPEED    22   HIGHEST GUST DIRECTION    NW (300)
  AVERAGE WIND SPEED     8.2


SKY COVER
  POSSIBLE SUNSHINE  MM
  AVERAGE SKY COVER 0.1


WEATHER CONDITIONS
 THE FOLLOWING WEATHER WAS RECORDED YESTERDAY.
  NO SIGNIFICANT WEATHER WAS OBSERVED.


RELATIVE HUMIDITY (PERCENT)
 HIGHEST    84           100 AM
 LOWEST     43           200 PM
 AVERAGE    64

..........................................................


THE DECATUR IL AIRPORT CLIMATE NORMALS FOR TODAY
                         NORMAL    RECORD    YEAR
 MAXIMUM TEMPERATURE (F)   85        MM        MM
 MINIMUM TEMPERATURE (F)   64        MM        MM


SUNRISE AND SUNSET
AUGUST  4 2015........SUNRISE   557 AM CDT   SUNSET   806 PM CDT
AUGUST  5 2015........SUNRISE   558 AM CDT   SUNSET   805 PM CDT


-  INDICATES NEGATIVE NUMBERS.
R  INDICATES RECORD WAS SET OR TIED.
MM INDICATES DATA IS MISSING.
T  INDICATES TRACE AMOUNT.




$$
