000
CDUS43 KILX 312150
CLIDEC


CLIMATE REPORT
NATIONAL WEATHER SERVICE LINCOLN IL
437 PM CDT WED AUG 31 2016


...................................

...THE DECATUR IL AIRPORT CLIMATE SUMMARY FOR AUGUST 31 2016...
VALID TODAY AS OF 0400 PM LOCAL TIME.

CLIMATE NORMAL PERIOD 1981 TO 2010
CLIMATE RECORD PERIOD 9999 TO 9999


WEATHER ITEM   OBSERVED TIME   RECORD YEAR NORMAL DEPARTURE LAST
                VALUE   (LST)  VALUE       VALUE  FROM      YEAR
                                                  NORMAL
..................................................................
TEMPERATURE (F)
 TODAY
  MAXIMUM         86    233 PM  MM      MM  83      3       88
  MINIMUM         71    558 AM  MM      MM  61     10       67
  AVERAGE         79                        72      7       78

PRECIPITATION (IN)
  TODAY            0.00         MM      MM   0.14  -0.14     0.00
  MONTH TO DATE    5.13                      3.65   1.48     2.29
  SINCE JUN 1     12.06                     11.86   0.20    12.21
  SINCE JAN 1     22.92                     26.31  -3.39    22.91

DEGREE DAYS
 HEATING
  TODAY            0                         0      0        0
  MONTH TO DATE    0                         0      0        1
  SINCE JUN 1      5                        23    -18        9
  SINCE JUL 1      5                         6     -1        2

 COOLING
  TODAY           14                         7      7       13
  MONTH TO DATE  367                       269     98      256
  SINCE JUN 1   1050                       831    219      815
  SINCE JAN 1   1140                       918    222      959
..................................................................


WIND (MPH)
  HIGHEST WIND SPEED    14   HIGHEST WIND DIRECTION     N (20)
  HIGHEST GUST SPEED    18   HIGHEST GUST DIRECTION     N (20)
  AVERAGE WIND SPEED     5.0


SKY COVER
  POSSIBLE SUNSHINE  MM
  AVERAGE SKY COVER 0.2


WEATHER CONDITIONS
 THE FOLLOWING WEATHER WAS RECORDED TODAY.
  FOG


RELATIVE HUMIDITY (PERCENT)
 HIGHEST    93           400 AM
 LOWEST     61           100 PM
 AVERAGE    77

..........................................................


THE DECATUR IL AIRPORT CLIMATE NORMALS FOR TOMORROW
                         NORMAL    RECORD    YEAR
 MAXIMUM TEMPERATURE (F)   83        MM        MM
 MINIMUM TEMPERATURE (F)   60        MM        MM


SUNRISE AND SUNSET
AUGUST 31 2016........SUNRISE   623 AM CDT   SUNSET   727 PM CDT
SEPTEMBER  1 2016.....SUNRISE   624 AM CDT   SUNSET   726 PM CDT


-  INDICATES NEGATIVE NUMBERS.
R  INDICATES RECORD WAS SET OR TIED.
MM INDICATES DATA IS MISSING.
T  INDICATES TRACE AMOUNT.




$$
