000
CDUS43 KILX 080631
CLIDEC


CLIMATE REPORT
NATIONAL WEATHER SERVICE LINCOLN IL
1230 AM CST THU DEC 8 2016


...................................

...THE DECATUR IL AIRPORT CLIMATE SUMMARY FOR DECEMBER 7 2016...

CLIMATE NORMAL PERIOD 1981 TO 2010
CLIMATE RECORD PERIOD 9999 TO 9999


WEATHER ITEM   OBSERVED TIME   RECORD YEAR NORMAL DEPARTURE LAST
                VALUE   (LST)  VALUE       VALUE  FROM      YEAR
                                                  NORMAL
..................................................................
TEMPERATURE (F)
 YESTERDAY
  MAXIMUM         34    332 PM  MM      MM  41     -7       43
  MINIMUM         24   1159 PM  MM      MM  25     -1       36
  AVERAGE         29                        33     -4       40

PRECIPITATION (IN)
  YESTERDAY        0.00         MM      MM   0.08  -0.08     0.00
  MONTH TO DATE    T                         0.58  -0.58     0.14
  SINCE DEC 1      T                         0.58  -0.58     0.14
  SINCE JAN 1     31.64                     36.49  -4.85    31.05

DEGREE DAYS
 HEATING
  YESTERDAY       36                        32      4       25
  MONTH TO DATE  148                       214    -66      198
  SINCE DEC 1    148                       214    -66      198
  SINCE JUL 1    844                      1295   -451      980

 COOLING
  YESTERDAY        0                         0      0        0
  MONTH TO DATE    0                         0      0        0
  SINCE DEC 1      0                         0      0        0
  SINCE JAN 1   1434                      1048    386     1184
..................................................................


WIND (MPH)
  HIGHEST WIND SPEED    20   HIGHEST WIND DIRECTION    NW (300)
  HIGHEST GUST SPEED    27   HIGHEST GUST DIRECTION    NW (310)
  AVERAGE WIND SPEED    10.3


SKY COVER
  POSSIBLE SUNSHINE  MM
  AVERAGE SKY COVER 0.5


WEATHER CONDITIONS
 THE FOLLOWING WEATHER WAS RECORDED YESTERDAY.
  NO SIGNIFICANT WEATHER WAS OBSERVED.


RELATIVE HUMIDITY (PERCENT)
 HIGHEST    69          1200 AM
 LOWEST     51          1100 AM
 AVERAGE    60

..........................................................


THE DECATUR IL AIRPORT CLIMATE NORMALS FOR TODAY
                         NORMAL    RECORD    YEAR
 MAXIMUM TEMPERATURE (F)   41        MM        MM
 MINIMUM TEMPERATURE (F)   25        MM        MM


SUNRISE AND SUNSET
DECEMBER  8 2016......SUNRISE   705 AM CST   SUNSET   431 PM CST
DECEMBER  9 2016......SUNRISE   705 AM CST   SUNSET   431 PM CST


-  INDICATES NEGATIVE NUMBERS.
R  INDICATES RECORD WAS SET OR TIED.
MM INDICATES DATA IS MISSING.
T  INDICATES TRACE AMOUNT.




$$
