000
CDUS43 KILX 222237
CLIDEC


CLIMATE REPORT
NATIONAL WEATHER SERVICE LINCOLN IL
437 PM CST MON DEC 22 2014


...................................

...THE DECATUR IL AIRPORT CLIMATE SUMMARY FOR DECEMBER 22 2014...
VALID TODAY AS OF 0400 PM LOCAL TIME.

CLIMATE NORMAL PERIOD 1981 TO 2010
CLIMATE RECORD PERIOD 9999 TO 9999


WEATHER ITEM   OBSERVED TIME   RECORD YEAR NORMAL DEPARTURE LAST
                VALUE   (LST)  VALUE       VALUE  FROM      YEAR
                                                  NORMAL
..................................................................
TEMPERATURE (F)
 TODAY
  MAXIMUM         46    359 PM  MM      MM  37      9       36
  MINIMUM         34    833 AM  MM      MM  21     13       25
  AVERAGE         40                        29     11       31

PRECIPITATION (IN)
  TODAY            0.48         MM      MM   0.09   0.39     0.04
  MONTH TO DATE    1.35                      1.73  -0.38     1.54
  SINCE DEC 1      1.35                      1.73  -0.38     1.54
  SINCE JAN 1     36.23                     37.64  -1.41    33.56

DEGREE DAYS
 HEATING
  TODAY           25                        36    -11       34
  MONTH TO DATE  678                       729    -51      774
  SINCE DEC 1    678                       729    -51      774
  SINCE JUL 1   1951                      1810    141     1922

 COOLING
  TODAY            0                         0      0        0
  MONTH TO DATE    0                         0      0        0
  SINCE DEC 1      0                         0      0        0
  SINCE JAN 1   1011                      1048    -37     1079
..................................................................


WIND (MPH)
  HIGHEST WIND SPEED    20   HIGHEST WIND DIRECTION    SE (140)
  HIGHEST GUST SPEED    25   HIGHEST GUST DIRECTION    SE (140)
  AVERAGE WIND SPEED    12.1


SKY COVER
  POSSIBLE SUNSHINE  MM
  AVERAGE SKY COVER 1.0


WEATHER CONDITIONS
 THE FOLLOWING WEATHER WAS RECORDED TODAY.
  RAIN
  LIGHT RAIN
  FOG


RELATIVE HUMIDITY (PERCENT)
 HIGHEST   100          1100 AM
 LOWEST     82          1200 AM
 AVERAGE    91

..........................................................


THE DECATUR IL AIRPORT CLIMATE NORMALS FOR TOMORROW
                         NORMAL    RECORD    YEAR
 MAXIMUM TEMPERATURE (F)   37        MM        MM
 MINIMUM TEMPERATURE (F)   21        MM        MM


SUNRISE AND SUNSET
DECEMBER 22 2014......SUNRISE   714 AM CST   SUNSET   434 PM CST
DECEMBER 23 2014......SUNRISE   714 AM CST   SUNSET   435 PM CST


-  INDICATES NEGATIVE NUMBERS.
R  INDICATES RECORD WAS SET OR TIED.
MM INDICATES DATA IS MISSING.
T  INDICATES TRACE AMOUNT.




$$
