000
CDUS43 KILX 260632
CLIDEC


CLIMATE REPORT
NATIONAL WEATHER SERVICE LINCOLN IL
131 AM CDT TUE SEP 26 2017


...................................

...THE DECATUR IL AIRPORT CLIMATE SUMMARY FOR SEPTEMBER 25 2017...

CLIMATE NORMAL PERIOD 1981 TO 2010
CLIMATE RECORD PERIOD 9999 TO 9999


WEATHER ITEM   OBSERVED TIME   RECORD YEAR NORMAL DEPARTURE LAST
                VALUE   (LST)  VALUE       VALUE  FROM      YEAR
                                                  NORMAL
..................................................................
TEMPERATURE (F)
 YESTERDAY
  MAXIMUM         92    244 PM  MM      MM  75     17       90
  MINIMUM         60    547 AM  MM      MM  50     10       65
  AVERAGE         76                        62     14       78

PRECIPITATION (IN)
  YESTERDAY        0.00         MM      MM   0.07  -0.07     0.02
  MONTH TO DATE    0.88                      2.53  -1.65     2.38
  SINCE SEP 1      0.88                      2.53  -1.65     2.38
  SINCE JAN 1     27.05                     28.84  -1.79    25.30

DEGREE DAYS
 HEATING
  YESTERDAY        0                         4     -4        0
  MONTH TO DATE   31                        39     -8        0
  SINCE SEP 1     31                        39     -8        0
  SINCE JUL 1     32                        45    -13        5

 COOLING
  YESTERDAY       11                         2      9       13
  MONTH TO DATE  149                       101     48      227
  SINCE SEP 1    149                       101     48      227
  SINCE JAN 1   1055                      1019     36     1362
..................................................................


WIND (MPH)
  HIGHEST WIND SPEED    12   HIGHEST WIND DIRECTION     S (160)
  HIGHEST GUST SPEED    14   HIGHEST GUST DIRECTION    SE (150)
  AVERAGE WIND SPEED     3.7


SKY COVER
  POSSIBLE SUNSHINE  MM
  AVERAGE SKY COVER 0.1


WEATHER CONDITIONS
 THE FOLLOWING WEATHER WAS RECORDED YESTERDAY.
  NO SIGNIFICANT WEATHER WAS OBSERVED.


RELATIVE HUMIDITY (PERCENT)
 HIGHEST    97           600 AM
 LOWEST     32           300 PM
 AVERAGE    65

..........................................................


THE DECATUR IL AIRPORT CLIMATE NORMALS FOR TODAY
                         NORMAL    RECORD    YEAR
 MAXIMUM TEMPERATURE (F)   75        MM        MM
 MINIMUM TEMPERATURE (F)   49        MM        MM


SUNRISE AND SUNSET
SEPTEMBER 26 2017.....SUNRISE   647 AM CDT   SUNSET   645 PM CDT
SEPTEMBER 27 2017.....SUNRISE   648 AM CDT   SUNSET   644 PM CDT


-  INDICATES NEGATIVE NUMBERS.
R  INDICATES RECORD WAS SET OR TIED.
MM INDICATES DATA IS MISSING.
T  INDICATES TRACE AMOUNT.




$$
