000
CDUS43 KILX 210655
CLIDEC


CLIMATE REPORT
NATIONAL WEATHER SERVICE LINCOLN IL
150 AM CDT FRI JUL 21 2017


...................................

...THE DECATUR IL AIRPORT CLIMATE SUMMARY FOR JULY 20 2017...

CLIMATE NORMAL PERIOD 1981 TO 2010
CLIMATE RECORD PERIOD 9999 TO 9999


WEATHER ITEM   OBSERVED TIME   RECORD YEAR NORMAL DEPARTURE LAST
                VALUE   (LST)  VALUE       VALUE  FROM      YEAR
                                                  NORMAL
..................................................................
TEMPERATURE (F)
 YESTERDAY
  MAXIMUM         94    256 PM  MM      MM  87      7       88
  MINIMUM         74    228 AM  MM      MM  65      9       70
  AVERAGE         84                        76      8       79

PRECIPITATION (IN)
  YESTERDAY        0.01         MM      MM   0.13  -0.12     0.00
  MONTH TO DATE    2.54                      2.55  -0.01     2.01
  SINCE JUN 1      3.96                      6.90  -2.94     4.17
  SINCE JAN 1     22.89                     21.35   1.54    15.03

DEGREE DAYS
 HEATING
  YESTERDAY        0                         0      0        0
  MONTH TO DATE    0                         0      0        5
  SINCE JUN 1      4                        17    -13        5
  SINCE JUL 1      0                         0      0        5

 COOLING
  YESTERDAY       19                        11      8       14
  MONTH TO DATE  251                       220     31      208
  SINCE JUN 1    506                       449     57      531
  SINCE JAN 1    603                       536     67      621
..................................................................


WIND (MPH)
  HIGHEST WIND SPEED    20   HIGHEST WIND DIRECTION    SW (230)
  HIGHEST GUST SPEED    23   HIGHEST GUST DIRECTION    SW (220)
  AVERAGE WIND SPEED     8.1


SKY COVER
  POSSIBLE SUNSHINE  MM
  AVERAGE SKY COVER 0.0


WEATHER CONDITIONS
 THE FOLLOWING WEATHER WAS RECORDED YESTERDAY.
  LIGHT RAIN
  FOG


RELATIVE HUMIDITY (PERCENT)
 HIGHEST    94          1200 AM
 LOWEST     52           200 PM
 AVERAGE    73

..........................................................


THE DECATUR IL AIRPORT CLIMATE NORMALS FOR TODAY
                         NORMAL    RECORD    YEAR
 MAXIMUM TEMPERATURE (F)   87        MM        MM
 MINIMUM TEMPERATURE (F)   65        MM        MM


SUNRISE AND SUNSET
JULY 21 2017..........SUNRISE   545 AM CDT   SUNSET   818 PM CDT
JULY 22 2017..........SUNRISE   546 AM CDT   SUNSET   818 PM CDT


-  INDICATES NEGATIVE NUMBERS.
R  INDICATES RECORD WAS SET OR TIED.
MM INDICATES DATA IS MISSING.
T  INDICATES TRACE AMOUNT.




$$
