000
CDUS45 KBOU 270826
CLIDEN


CLIMATE REPORT
NATIONAL WEATHER SERVICE DENVER/BOULDER CO
126 AM MST MON FEB 27 2017


...................................

...THE DENVER CO CLIMATE SUMMARY FOR FEBRUARY 26 2017...

CLIMATE NORMAL PERIOD 1981 TO 2010
CLIMATE RECORD PERIOD 1872 TO 2017


WEATHER ITEM   OBSERVED TIME   RECORD YEAR NORMAL DEPARTURE LAST
                VALUE   (LST)  VALUE       VALUE  FROM      YEAR
                                                  NORMAL
..................................................................
TEMPERATURE (F)
 YESTERDAY
  MAXIMUM         42    400 PM  71    1950  49     -7       61
  MINIMUM         11    604 AM  -8    2002  21    -10       28
                                      1962
  AVERAGE         27                        35     -8       45

PRECIPITATION (IN)
  YESTERDAY        0.00          0.60 1884   0.02  -0.02     0.00
  MONTH TO DATE    0.21                      0.34  -0.13     0.48
  SINCE DEC 1      1.53                      1.10   0.43     1.69
  SINCE JAN 1      0.75                      0.75   0.00     0.98

SNOWFALL (IN)
  YESTERDAY        0.0
  MONTH TO DATE    1.6
  SINCE DEC 1     17.6
  SINCE JUL 1     19.3
  SNOW DEPTH       0


DEGREE DAYS
 HEATING
  YESTERDAY       38                        30      8       20
  MONTH TO DATE  619                       850   -231      729
  SINCE DEC 1   2840                      2999   -159     2847
  SINCE JUL 1   3736                      4381   -645     3937

 COOLING
  YESTERDAY        0                         0      0        0
  MONTH TO DATE    0                         0      0        0
  SINCE DEC 1      0                         0      0        0
  SINCE JAN 1      0                         0      0        0
..................................................................


WIND (MPH)
  HIGHEST WIND SPEED    17   HIGHEST WIND DIRECTION    SE (140)
  HIGHEST GUST SPEED    20   HIGHEST GUST DIRECTION    SE (140)
  AVERAGE WIND SPEED     7.9


SKY COVER **
  POSSIBLE SUNSHINE  MM
  AVERAGE SKY COVER 0.1


WEATHER CONDITIONS
 THE FOLLOWING WEATHER WAS RECORDED YESTERDAY.
  NO SIGNIFICANT WEATHER WAS OBSERVED.


RELATIVE HUMIDITY (PERCENT)
 HIGHEST    73           600 AM
 LOWEST     14           300 PM
 AVERAGE    44

..........................................................


THE DENVER CO CLIMATE NORMALS FOR TODAY
                         NORMAL    RECORD    YEAR
 MAXIMUM TEMPERATURE (F)   49        73      2006
                                             1904
 MINIMUM TEMPERATURE (F)   22       -13      1962


SUNRISE AND SUNSET
FEBRUARY 27 2017......SUNRISE   634 AM MST   SUNSET   549 PM MST
FEBRUARY 28 2017......SUNRISE   632 AM MST   SUNSET   550 PM MST


-  INDICATES NEGATIVE NUMBERS.
R  INDICATES RECORD WAS SET OR TIED.
MM INDICATES DATA IS MISSING.
T  INDICATES TRACE AMOUNT.

&&

** SUNSHINE DATA WILL NO LONGER BE AVAILABLE EFFECTIVE OCTOBER 1ST 2009.




$$
