000
CDUS45 KBOU 232333
CLIDEN


CLIMATE REPORT
NATIONAL WEATHER SERVICE DENVER/BOULDER CO
431 PM MST THU NOV 23 2017


...................................

...THE DENVER CO CLIMATE SUMMARY FOR NOVEMBER 23 2017...
VALID TODAY AS OF 0400 PM LOCAL TIME.

CLIMATE NORMAL PERIOD 1981 TO 2010
CLIMATE RECORD PERIOD 1872 TO 2017


WEATHER ITEM   OBSERVED TIME   RECORD YEAR NORMAL DEPARTURE LAST
                VALUE   (LST)  VALUE       VALUE  FROM      YEAR
                                                  NORMAL
..................................................................
TEMPERATURE (F)
 TODAY
  MAXIMUM         72    133 PM  73    1915  49     23       50
  MINIMUM         44    235 AM  -3    2003  21     23       23
  AVERAGE         58                        35     23       37

PRECIPITATION (IN)
  TODAY            0.00          0.42 1992   0.02  -0.02     0.00
  MONTH TO DATE    0.29                      0.50  -0.21     0.52
  SINCE SEP 1      2.51                      2.48   0.03     1.06
  SINCE JAN 1     11.48                     13.84  -2.36    11.07

DEGREE DAYS
 HEATING
  TODAY            7                        30    -23       28
  MONTH TO DATE  467                       579   -112      386
  SINCE SEP 1   1044                      1144   -100      681
  SINCE JUL 1   1052                      1160   -108      696

 COOLING
  TODAY            0                         0      0        0
  MONTH TO DATE    0                         0      0        0
  SINCE SEP 1    132                        81     51      116
  SINCE JAN 1    881                       769    112      878
..................................................................


WIND (MPH)
  HIGHEST WIND SPEED    20   HIGHEST WIND DIRECTION     W (270)
  HIGHEST GUST SPEED    22   HIGHEST GUST DIRECTION     W (280)
  AVERAGE WIND SPEED    11.4


SKY COVER
  POSSIBLE SUNSHINE  MM
  AVERAGE SKY COVER 0.6


WEATHER CONDITIONS
 THE FOLLOWING WEATHER WAS RECORDED TODAY.
  NO SIGNIFICANT WEATHER WAS OBSERVED.


RELATIVE HUMIDITY (PERCENT)
 HIGHEST    65           200 AM
 LOWEST     15           100 PM
 AVERAGE    40

..........................................................


THE DENVER CO CLIMATE NORMALS FOR TOMORROW
                         NORMAL    RECORD    YEAR
 MAXIMUM TEMPERATURE (F)   48        74      1990
 MINIMUM TEMPERATURE (F)   21        -8      1993


SUNRISE AND SUNSET
NOVEMBER 23 2017......SUNRISE   653 AM MST   SUNSET   437 PM MST
NOVEMBER 24 2017......SUNRISE   654 AM MST   SUNSET   437 PM MST


-  INDICATES NEGATIVE NUMBERS.
R  INDICATES RECORD WAS SET OR TIED.
MM INDICATES DATA IS MISSING.
T  INDICATES TRACE AMOUNT.




$$
