000
CDUS45 KBOU 300758
CLIDEN


CLIMATE REPORT
NATIONAL WEATHER SERVICE DENVER CO
156 AM MDT TUE JUN 30 2015


...................................

...THE DENVER CO CLIMATE SUMMARY FOR JUNE 29 2015...

CLIMATE NORMAL PERIOD 1981 TO 2010
CLIMATE RECORD PERIOD 1872 TO 2015


WEATHER ITEM   OBSERVED TIME   RECORD YEAR NORMAL DEPARTURE LAST
                VALUE   (LST)  VALUE       VALUE  FROM      YEAR
                                                  NORMAL
..................................................................
TEMPERATURE (F)
 YESTERDAY
  MAXIMUM         88    259 PM 102    1990  87      1       92
  MINIMUM         61    254 AM  47    2008  56      5       54
                                      1995
                                      1880
  AVERAGE         75                        72      3       73

PRECIPITATION (IN)
  YESTERDAY        0.00          0.90 1995   0.05  -0.05     0.00
  MONTH TO DATE    2.53                      1.92   0.61     1.82
  SINCE JUN 1      2.53                      1.92   0.61     1.82
  SINCE JAN 1     11.36                      7.45   3.91     8.53

SNOWFALL (IN)
  YESTERDAY        0.0
  MONTH TO DATE      0
  SINCE JUN 1        0
  SINCE JUL 1     57.8
  SNOW DEPTH       0


DEGREE DAYS
 HEATING
  YESTERDAY        0                         1     -1        0
  MONTH TO DATE   11                        62    -51       30
  SINCE JUN 1     11                        62    -51       30
  SINCE JUL 1   5583                      6058   -475     6004

 COOLING
  YESTERDAY       10                         7      3        8
  MONTH TO DATE  140                       124     16       97
  SINCE JUN 1    140                       124     16       97
  SINCE JAN 1    144                       146     -2      118
..................................................................


WIND (MPH)
  HIGHEST WIND SPEED    15   HIGHEST WIND DIRECTION    NE (30)
  HIGHEST GUST SPEED    21   HIGHEST GUST DIRECTION    NE (40)
  AVERAGE WIND SPEED     8.1


SKY COVER **
  POSSIBLE SUNSHINE  MM
  AVERAGE SKY COVER 0.5


WEATHER CONDITIONS
 THE FOLLOWING WEATHER WAS RECORDED YESTERDAY.
  NO SIGNIFICANT WEATHER WAS OBSERVED.


RELATIVE HUMIDITY (PERCENT)
 HIGHEST    78           300 AM
 LOWEST     24           300 PM
 AVERAGE    51

..........................................................


THE DENVER CO CLIMATE NORMALS FOR TODAY
                         NORMAL    RECORD    YEAR
 MAXIMUM TEMPERATURE (F)   87       102      1990
 MINIMUM TEMPERATURE (F)   56        40      1968


SUNRISE AND SUNSET
JUNE 30 2015..........SUNRISE   534 AM MST   SUNSET   831 PM MST
JULY  1 2015..........SUNRISE   534 AM MST   SUNSET   831 PM MST


-  INDICATES NEGATIVE NUMBERS.
R  INDICATES RECORD WAS SET OR TIED.
MM INDICATES DATA IS MISSING.
T  INDICATES TRACE AMOUNT.

&&

** SUNSHINE DATA WILL NO LONGER BE AVAILABLE EFFECTIVE OCTOBER 1ST 2009.




$$
