000
CDUS45 KBOU 281236
CLIDEN


CLIMATE REPORT
NATIONAL WEATHER SERVICE DENVER/BOULDER CO
635 AM MDT FRI JUL 28 2017


...................................

...THE DENVER CO CLIMATE SUMMARY FOR JULY 28 2017...
VALID AS OF 0600 AM LOCAL TIME.

CLIMATE NORMAL PERIOD 1981 TO 2010
CLIMATE RECORD PERIOD 1872 TO 2017


WEATHER ITEM   OBSERVED TIME   RECORD YEAR NORMAL DEPARTURE LAST
                VALUE   (LST)  VALUE       VALUE  FROM      YEAR
                                                  NORMAL
..................................................................
TEMPERATURE (F)
 TODAY
  MAXIMUM         71    156 AM  98    1876  90    -19       85
  MINIMUM         64    459 AM  49    1892  60      4       59
  AVERAGE         68                        75     -7       72

PRECIPITATION (IN)
  TODAY            0.00          2.21 1910   0.07  -0.07     0.00
  MONTH TO DATE    0.47                      1.92  -1.45     1.06
  SINCE JUN 1      0.80                      3.90  -3.10     2.68
  SINCE JAN 1      7.11                      9.43  -2.32     9.78

..................................................................


WIND (MPH)
  HIGHEST WIND SPEED    14   HIGHEST WIND DIRECTION    SW (210)
  HIGHEST GUST SPEED    17   HIGHEST GUST DIRECTION     S (200)
  AVERAGE WIND SPEED     8.6




RELATIVE HUMIDITY (PERCENT)
 HIGHEST    78           500 AM
 LOWEST     53           100 AM
 AVERAGE    66

..........................................................


THE DENVER CO CLIMATE NORMALS FOR TOMORROW
                         NORMAL    RECORD    YEAR
 MAXIMUM TEMPERATURE (F)   90        99      2005
                                             1995
                                             1877
 MINIMUM TEMPERATURE (F)   60        47      1971


SUNRISE AND SUNSET
JULY 28 2017..........SUNRISE   554 AM MDT   SUNSET   816 PM MDT
JULY 29 2017..........SUNRISE   555 AM MDT   SUNSET   815 PM MDT


-  INDICATES NEGATIVE NUMBERS.
R  INDICATES RECORD WAS SET OR TIED.
MM INDICATES DATA IS MISSING.
T  INDICATES TRACE AMOUNT.




$$
