000
CDUS45 KBOU 180750
CLIDEN


CLIMATE REPORT
NATIONAL WEATHER SERVICE DENVER/BOULDER CO
1250 AM MST SUN FEB 18 2018


...................................

...THE DENVER CO CLIMATE SUMMARY FOR FEBRUARY 17 2018...

CLIMATE NORMAL PERIOD 1981 TO 2010
CLIMATE RECORD PERIOD 1872 TO 2018


WEATHER ITEM   OBSERVED TIME   RECORD YEAR NORMAL DEPARTURE LAST
                VALUE   (LST)  VALUE       VALUE  FROM      YEAR
                                                  NORMAL
..................................................................
TEMPERATURE (F)
 YESTERDAY
  MAXIMUM         56    335 PM  72    1970  46     10       66
  MINIMUM         24    722 AM -10    2006  19      5       25
  AVERAGE         40                        33      7       46

PRECIPITATION (IN)
  YESTERDAY        0.00          0.72 1962   0.01  -0.01     0.00
  MONTH TO DATE    0.18                      0.21  -0.03      T
  SINCE DEC 1      0.93                      0.97  -0.04     1.32
  SINCE JAN 1      0.72                      0.62   0.10     0.54

SNOWFALL (IN)
  YESTERDAY        0.0
  MONTH TO DATE    2.4
  SINCE DEC 1     12.8
  SINCE JUL 1     15.6
  SNOW DEPTH       0

DEGREE DAYS
 HEATING
  YESTERDAY       25                        32     -7       19
  MONTH TO DATE  536                       570    -34      378
  SINCE DEC 1   2447                      2719   -272     2599
  SINCE JUL 1   3618                      4101   -483     3495

 COOLING
  YESTERDAY        0                         0      0        0
  MONTH TO DATE    0                         0      0        0
  SINCE DEC 1      0                         0      0        0
  SINCE JAN 1      0                         0      0        0
..................................................................


WIND (MPH)
  HIGHEST WIND SPEED    24   HIGHEST WIND DIRECTION     W (280)
  HIGHEST GUST SPEED    36   HIGHEST GUST DIRECTION     W (290)
  AVERAGE WIND SPEED    11.0


SKY COVER
  POSSIBLE SUNSHINE  MM
  AVERAGE SKY COVER 0.2


WEATHER CONDITIONS
 THE FOLLOWING WEATHER WAS RECORDED YESTERDAY.
  NO SIGNIFICANT WEATHER WAS OBSERVED.


RELATIVE HUMIDITY (PERCENT)
 HIGHEST    53           800 AM
 LOWEST     15           200 PM
 AVERAGE    34

..........................................................


THE DENVER CO CLIMATE NORMALS FOR TODAY
                         NORMAL    RECORD    YEAR
 MAXIMUM TEMPERATURE (F)   47        73      2016
 MINIMUM TEMPERATURE (F)   19       -13      2006


SUNRISE AND SUNSET
FEBRUARY 18 2018......SUNRISE   647 AM MST   SUNSET   538 PM MST
FEBRUARY 19 2018......SUNRISE   646 AM MST   SUNSET   539 PM MST


-  INDICATES NEGATIVE NUMBERS.
R  INDICATES RECORD WAS SET OR TIED.
MM INDICATES DATA IS MISSING.
T  INDICATES TRACE AMOUNT.




$$
