000
CDUS44 KSHV 192250
CLIDEQ


CLIMATE REPORT
NATIONAL WEATHER SERVICE SHREVEPORT, LA
450 PM CST FRI DEC 19 2014


...................................

...THE DE QUEEN CLIMATE SUMMARY FOR DECEMBER 19 2014...
VALID TODAY AS OF 0400 PM LOCAL TIME.

CLIMATE NORMAL PERIOD 1981 TO 2010
CLIMATE RECORD PERIOD 1902 TO 2014


WEATHER ITEM   OBSERVED TIME   RECORD YEAR NORMAL DEPARTURE LAST
                VALUE   (LST)  VALUE       VALUE  FROM      YEAR
                                                  NORMAL
..................................................................
TEMPERATURE (F)
 TODAY
  MAXIMUM         46    209 PM  77    1980  54     -8       67
  MINIMUM         43   1025 AM  11    1945  30     13       37
  AVERAGE         45                        42      3       52

PRECIPITATION (IN)
  TODAY            T             1.13 1998   0.14  -0.14     0.00
  MONTH TO DATE    1.65                      2.35  -0.70     0.80
  SINCE DEC 1      1.65                      2.35  -0.70     0.80
  SINCE JAN 1     42.39                     46.98  -4.59    33.59

SNOWFALL (IN)
  TODAY           MM
  MONTH TO DATE    0.0
  SINCE DEC 1      0.0
  SINCE JUL 1      0.5
  SNOW DEPTH       0

DEGREE DAYS
 HEATING
  TODAY           20                        23     -3       13
  MONTH TO DATE  335                       406    -71      427
  SINCE DEC 1    335                       406    -71      427
  SINCE JUL 1    957                       932     25     1040

 COOLING
  TODAY            0                         0      0        0
  MONTH TO DATE    0                         0      0        0
  SINCE DEC 1      0                         0      0        0
  SINCE JAN 1   1712                      1941   -229     2029
..................................................................


WIND (MPH)
  HIGHEST WIND SPEED    12   HIGHEST WIND DIRECTION     E (110)
  HIGHEST GUST SPEED    14   HIGHEST GUST DIRECTION    SE (120)
  AVERAGE WIND SPEED     6.0


SKY COVER
  POSSIBLE SUNSHINE  MM
  AVERAGE SKY COVER 1.0


WEATHER CONDITIONS
 THE FOLLOWING WEATHER WAS RECORDED TODAY.
  LIGHT RAIN
  FOG


RELATIVE HUMIDITY (PERCENT)
 HIGHEST   100           900 AM
 LOWEST     86           200 PM
 AVERAGE    93

..........................................................


THE DE QUEEN CLIMATE NORMALS FOR TOMORROW
                         NORMAL    RECORD    YEAR
 MAXIMUM TEMPERATURE (F)   54        75      1978
 MINIMUM TEMPERATURE (F)   30        10      1945


SUNRISE AND SUNSET
DECEMBER 19 2014......SUNRISE   718 AM CST   SUNSET   511 PM CST
DECEMBER 20 2014......SUNRISE   719 AM CST   SUNSET   512 PM CST


-  INDICATES NEGATIVE NUMBERS.
R  INDICATES RECORD WAS SET OR TIED.
MM INDICATES DATA IS MISSING.
T  INDICATES TRACE AMOUNT.




$$
