000
CDUS44 KSHV 060902
CLIDEQ


CLIMATE REPORT
NATIONAL WEATHER SERVICE SHREVEPORT, LA
302 AM CST FRI MAR 6 2015


...................................

...THE DE QUEEN CLIMATE SUMMARY FOR MARCH 5 2015...

CLIMATE NORMAL PERIOD 1981 TO 2010
CLIMATE RECORD PERIOD 1902 TO 2015


WEATHER ITEM   OBSERVED TIME   RECORD YEAR NORMAL DEPARTURE LAST
                VALUE   (LST)  VALUE       VALUE  FROM      YEAR
                                                  NORMAL
..................................................................
TEMPERATURE (F)
 YESTERDAY
  MAXIMUM         43    429 PM  82    1961  63    -20       53
  MINIMUM         26   1159 PM  14    2002  37    -11       23
  AVERAGE         35                        50    -15       38

PRECIPITATION (IN)
  YESTERDAY       MM             1.95 1959   0.11  MM        0.00
  MONTH TO DATE    T                         0.43  -0.43     1.71
  SINCE DEC 1      9.53                     11.79  -2.26     5.58
  SINCE JAN 1      7.81                      7.43   0.38     3.65

SNOWFALL (IN)
  YESTERDAY       MM
  MONTH TO DATE    T
  SINCE MAR 1      T
  SINCE JUL 1      4.8
  SNOW DEPTH       0

DEGREE DAYS
 HEATING
  YESTERDAY       30                        15     15       27
  MONTH TO DATE  121                        77     44      123
  SINCE MAR 1    121                        77     44      123
  SINCE JUL 1   2773                      2568    205     2895

 COOLING
  YESTERDAY        0                         0      0        0
  MONTH TO DATE    0                         0      0        0
  SINCE MAR 1      0                         0      0        0
  SINCE JAN 1      0                         2     -2        0
..................................................................


WIND (MPH)
  HIGHEST WIND SPEED    17   HIGHEST WIND DIRECTION    NE (30)
  HIGHEST GUST SPEED    24   HIGHEST GUST DIRECTION     N (20)
  AVERAGE WIND SPEED     6.5


SKY COVER
  POSSIBLE SUNSHINE  MM
  AVERAGE SKY COVER 0.3


WEATHER CONDITIONS
 THE FOLLOWING WEATHER WAS RECORDED YESTERDAY.
  HEAVY SNOW
  SNOW
  LIGHT SNOW
  FOG
  FOG W/VISIBILITY <= 1/4 MILE
  HAZE


RELATIVE HUMIDITY (PERCENT)
 HIGHEST    92           200 AM
 LOWEST     33           400 PM
 AVERAGE    63

..........................................................


THE DE QUEEN CLIMATE NORMALS FOR TODAY
                         NORMAL    RECORD    YEAR
 MAXIMUM TEMPERATURE (F)   64        87      1991
 MINIMUM TEMPERATURE (F)   38        21      1954


SUNRISE AND SUNSET
MARCH  6 2015.........SUNRISE   640 AM CST   SUNSET   618 PM CST
MARCH  7 2015.........SUNRISE   639 AM CST   SUNSET   619 PM CST


-  INDICATES NEGATIVE NUMBERS.
R  INDICATES RECORD WAS SET OR TIED.
MM INDICATES DATA IS MISSING.
T  INDICATES TRACE AMOUNT.




$$
