000
CDUS44 KSHV 242133
CLIDEQ


CLIMATE REPORT
NATIONAL WEATHER SERVICE SHREVEPORT, LA
432 PM CDT SAT JUN 24 2017


...................................

...THE DE QUEEN CLIMATE SUMMARY FOR JUNE 24 2017...
VALID TODAY AS OF 0400 PM LOCAL TIME.

CLIMATE NORMAL PERIOD 1981 TO 2010
CLIMATE RECORD PERIOD 1902 TO 2017


WEATHER ITEM   OBSERVED TIME   RECORD YEAR NORMAL DEPARTURE LAST
                VALUE   (LST)  VALUE       VALUE  FROM      YEAR
                                                  NORMAL
..................................................................
TEMPERATURE (F)
 TODAY
  MAXIMUM         82    240 PM 101    1988  90     -8       92
  MINIMUM         72    615 AM  55    1974  69      3       71
  AVERAGE         77                        80     -3       82

PRECIPITATION (IN)
  TODAY            0.00          2.09 1968   0.15  -0.15      T
  MONTH TO DATE    1.75                      3.67  -1.92     3.78
  SINCE DEC 1     24.21                     29.16  -4.95    32.63
  SINCE JAN 1     21.50                     24.80  -3.30    22.35

DEGREE DAYS
 HEATING
  TODAY            0                         0      0        0
  MONTH TO DATE    0                         0      0        0
  SINCE JUN 1      0                         0      0        0
  SINCE JUL 1   2101                      3042   -941     2322

 COOLING
  TODAY           12                        15     -3       17
  MONTH TO DATE  308                       287     21      339
  SINCE JUN 1    308                       287     21      339
  SINCE JAN 1    588                       504     84      536
..................................................................


WIND (MPH)
  HIGHEST WIND SPEED    12   HIGHEST WIND DIRECTION    NE (50)
  HIGHEST GUST SPEED    17   HIGHEST GUST DIRECTION    NE (60)
  AVERAGE WIND SPEED     4.0


SKY COVER
  POSSIBLE SUNSHINE  MM
  AVERAGE SKY COVER 0.9


WEATHER CONDITIONS
 THE FOLLOWING WEATHER WAS RECORDED TODAY.
  NO SIGNIFICANT WEATHER WAS OBSERVED.


RELATIVE HUMIDITY (PERCENT)
 HIGHEST   100          1200 AM
 LOWEST     58           200 PM
 AVERAGE    79

..........................................................


THE DE QUEEN CLIMATE NORMALS FOR TOMORROW
                         NORMAL    RECORD    YEAR
 MAXIMUM TEMPERATURE (F)   91       106      2012
 MINIMUM TEMPERATURE (F)   69        53      1974


SUNRISE AND SUNSET
JUNE 24 2017..........SUNRISE   607 AM CDT   SUNSET   833 PM CDT
JUNE 25 2017..........SUNRISE   608 AM CDT   SUNSET   833 PM CDT


-  INDICATES NEGATIVE NUMBERS.
R  INDICATES RECORD WAS SET OR TIED.
MM INDICATES DATA IS MISSING.
T  INDICATES TRACE AMOUNT.




$$
