000
CDUS44 KSHV 010750
CLIDEQ


CLIMATE REPORT
NATIONAL WEATHER SERVICE SHREVEPORT, LA
247 AM CDT FRI AUG 1 2014


...................................

...THE DE QUEEN CLIMATE SUMMARY FOR JULY 31 2014...

CLIMATE NORMAL PERIOD 1981 TO 2010
CLIMATE RECORD PERIOD 1902 TO 2014


WEATHER ITEM   OBSERVED TIME   RECORD YEAR NORMAL DEPARTURE LAST
                VALUE   (LST)  VALUE       VALUE  FROM      YEAR
                                                  NORMAL
..................................................................
TEMPERATURE (F)
 YESTERDAY
  MAXIMUM         69    324 PM 106    2011  93    -24       92
                                      1986
  MINIMUM         65    802 AM  53    1971  70     -5       73
  AVERAGE         67                        81    -14       83

PRECIPITATION (IN)
  YESTERDAY        3.02R         2.47 1996   0.11   2.91      T
  MONTH TO DATE    8.41                      3.78   4.63     5.97
  SINCE DEC 1     26.75                     33.78  -7.03    23.98
  SINCE JAN 1     24.82                     29.42  -4.60    19.93

SNOWFALL (IN)
  YESTERDAY        0.0
  MONTH TO DATE    0.0
  SINCE JUN 1      0.0
  SINCE JUL 1      0.0
  SNOW DEPTH       0

DEGREE DAYS
 HEATING
  YESTERDAY        0                         0      0        0
  MONTH TO DATE    0                         0      0        0
  SINCE JUN 1      0                         0      0        0
  SINCE JUL 1      0                         0      0        0

 COOLING
  YESTERDAY        2                        16    -14       18
  MONTH TO DATE  357                       497   -140      448
  SINCE JUN 1    679                       875   -196      836
  SINCE JAN 1    886                      1092   -206     1068
..................................................................


WIND (MPH)
  HIGHEST WIND SPEED    13   HIGHEST WIND DIRECTION     E (80)
  HIGHEST GUST SPEED    19   HIGHEST GUST DIRECTION    SE (130)
  AVERAGE WIND SPEED     7.1


SKY COVER
  POSSIBLE SUNSHINE  MM
  AVERAGE SKY COVER 1.0


WEATHER CONDITIONS
 THE FOLLOWING WEATHER WAS RECORDED YESTERDAY.
  THUNDERSTORM
  HEAVY RAIN
  RAIN
  LIGHT RAIN
  FOG


RELATIVE HUMIDITY (PERCENT)
 HIGHEST   100           200 AM
 LOWEST     87           100 PM
 AVERAGE    94

..........................................................


THE DE QUEEN CLIMATE NORMALS FOR TODAY
                         NORMAL    RECORD    YEAR
 MAXIMUM TEMPERATURE (F)   93       108      2011
                                             1986
 MINIMUM TEMPERATURE (F)   70        57      1971


SUNRISE AND SUNSET
AUGUST  1 2014........SUNRISE   629 AM CDT   SUNSET   818 PM CDT
AUGUST  2 2014........SUNRISE   630 AM CDT   SUNSET   818 PM CDT


-  INDICATES NEGATIVE NUMBERS.
R  INDICATES RECORD WAS SET OR TIED.
MM INDICATES DATA IS MISSING.
T  INDICATES TRACE AMOUNT.




$$
