000
CDUS44 KSHV 162204
CLIDEQ


CLIMATE REPORT
NATIONAL WEATHER SERVICE SHREVEPORT, LA
504 PM CDT WED AUG 16 2017


...................................

...THE DE QUEEN CLIMATE SUMMARY FOR AUGUST 16 2017...
VALID TODAY AS OF 0500 PM LOCAL TIME.

CLIMATE NORMAL PERIOD 1981 TO 2010
CLIMATE RECORD PERIOD 1902 TO 2017


WEATHER ITEM   OBSERVED TIME   RECORD YEAR NORMAL DEPARTURE LAST
                VALUE   (LST)  VALUE       VALUE  FROM      YEAR
                                                  NORMAL
..................................................................
TEMPERATURE (F)
 TODAY
  MAXIMUM         92    257 PM 108    1943  94     -2       80
  MINIMUM         74    510 AM  54    1992  69      5       72
  AVERAGE         83                        82      1       76

PRECIPITATION (IN)
  TODAY            0.00          1.80 2001   0.06  -0.06     0.14
  MONTH TO DATE    6.73                      1.10   5.63     3.35
  SINCE DEC 1     35.21                     34.88   0.33    37.05
  SINCE JAN 1     32.50                     30.52   1.98    26.77

DEGREE DAYS
 HEATING
  TODAY            0                         0      0        0
  MONTH TO DATE    0                         0      0        0
  SINCE JUN 1      0                         0      0        0
  SINCE JUL 1      0                         0      0        0

 COOLING
  TODAY           18                        17      1       11
  MONTH TO DATE  226                       268    -42      292
  SINCE JUN 1   1137                      1143     -6     1317
  SINCE JAN 1   1417                      1360     57     1514
..................................................................


WIND (MPH)
  HIGHEST WIND SPEED    16   HIGHEST WIND DIRECTION     S (190)
  HIGHEST GUST SPEED    22   HIGHEST GUST DIRECTION    SW (230)
  AVERAGE WIND SPEED     6.0


SKY COVER
  POSSIBLE SUNSHINE  MM
  AVERAGE SKY COVER 0.3


WEATHER CONDITIONS
 THE FOLLOWING WEATHER WAS RECORDED TODAY.
  FOG


RELATIVE HUMIDITY (PERCENT)
 HIGHEST   100          1200 AM
 LOWEST     60           300 PM
 AVERAGE    80

..........................................................


THE DE QUEEN CLIMATE NORMALS FOR TOMORROW
                         NORMAL    RECORD    YEAR
 MAXIMUM TEMPERATURE (F)   94       106      2011
                                             1956
 MINIMUM TEMPERATURE (F)   69        54      1992


SUNRISE AND SUNSET
AUGUST 16 2017........SUNRISE   640 AM CDT   SUNSET   803 PM CDT
AUGUST 17 2017........SUNRISE   641 AM CDT   SUNSET   802 PM CDT


-  INDICATES NEGATIVE NUMBERS.
R  INDICATES RECORD WAS SET OR TIED.
MM INDICATES DATA IS MISSING.
T  INDICATES TRACE AMOUNT.




$$
