000
CDUS44 KSHV 270752
CLIDEQ


CLIMATE REPORT
NATIONAL WEATHER SERVICE SHREVEPORT, LA
249 AM CDT WED MAY 27 2015


...................................

...THE DE QUEEN CLIMATE SUMMARY FOR MAY 26 2015...

CLIMATE NORMAL PERIOD 1981 TO 2010
CLIMATE RECORD PERIOD 1902 TO 2015


WEATHER ITEM   OBSERVED TIME   RECORD YEAR NORMAL DEPARTURE LAST
                VALUE   (LST)  VALUE       VALUE  FROM      YEAR
                                                  NORMAL
..................................................................
TEMPERATURE (F)
 YESTERDAY
  MAXIMUM         84    258 PM  92    1996  83      1       83
  MINIMUM         70    610 AM  45    1988  62      8       65
  AVERAGE         77                        72      5       74

PRECIPITATION (IN)
  YESTERDAY       MM             4.20 1968   0.12  MM        0.00
  MONTH TO DATE   10.85                      4.88   5.97     5.04
  SINCE DEC 1     28.79                     24.81   3.98    15.37
  SINCE JAN 1     27.07                     20.45   6.62    13.44

SNOWFALL (IN)
  YESTERDAY        0.0
  MONTH TO DATE    0.0
  SINCE MAR 1      2.6
  SINCE JUL 1      7.9
  SNOW DEPTH      MM

DEGREE DAYS
 HEATING
  YESTERDAY        0                         0      0        0
  MONTH TO DATE   10                        21    -11       51
  SINCE MAR 1    455                       551    -96      692
  SINCE JUL 1   3107                      3042     65     3464

 COOLING
  YESTERDAY       12                         8      4        9
  MONTH TO DATE  144                       129     15      126
  SINCE MAR 1    192                       174     18      164
  SINCE JAN 1    192                       176     16      164
..................................................................


WIND (MPH)
  HIGHEST WIND SPEED   109   HIGHEST WIND DIRECTION     E (90)
  HIGHEST GUST SPEED   127   HIGHEST GUST DIRECTION     E (90)
  AVERAGE WIND SPEED     6.8


SKY COVER
  POSSIBLE SUNSHINE  MM
  AVERAGE SKY COVER 0.1


WEATHER CONDITIONS
 THE FOLLOWING WEATHER WAS RECORDED YESTERDAY.
  THUNDERSTORM


RELATIVE HUMIDITY (PERCENT)
 HIGHEST    93          1100 PM
 LOWEST     69           500 PM
 AVERAGE    81

..........................................................


THE DE QUEEN CLIMATE NORMALS FOR TODAY
                         NORMAL    RECORD    YEAR
 MAXIMUM TEMPERATURE (F)   84        93      2012
 MINIMUM TEMPERATURE (F)   62         0      2004


SUNRISE AND SUNSET
MAY 27 2015...........SUNRISE   609 AM CDT   SUNSET   821 PM CDT
MAY 28 2015...........SUNRISE   609 AM CDT   SUNSET   821 PM CDT


-  INDICATES NEGATIVE NUMBERS.
R  INDICATES RECORD WAS SET OR TIED.
MM INDICATES DATA IS MISSING.
T  INDICATES TRACE AMOUNT.




$$
