000
CDUS44 KSHV 242136
CLIDEQ


CLIMATE REPORT
NATIONAL WEATHER SERVICE SHREVEPORT, LA
436 PM CDT THU APR 24 2014


...................................

...THE DE QUEEN CLIMATE SUMMARY FOR APRIL 24 2014...
VALID TODAY AS OF 0400 PM LOCAL TIME.

CLIMATE NORMAL PERIOD 1981 TO 2010
CLIMATE RECORD PERIOD 1902 TO 2014


WEATHER ITEM   OBSERVED TIME   RECORD YEAR NORMAL DEPARTURE LAST
                VALUE   (LST)  VALUE       VALUE  FROM      YEAR
                                                  NORMAL
..................................................................
TEMPERATURE (F)
 TODAY
  MAXIMUM         80    258 PM  88    1987  76      4       64
  MINIMUM         57    604 AM  35    2005  51      6       40
  AVERAGE         69                        64      5       52

PRECIPITATION (IN)
  TODAY            T             2.90 1953   0.15  -0.15     0.16
  MONTH TO DATE    3.31                      2.88   0.43     1.69
  SINCE DEC 1     10.33                     18.88  -8.55    11.24
  SINCE JAN 1      8.40                     14.52  -6.12     7.19

SNOWFALL (IN)
  TODAY            0.0
  MONTH TO DATE    0.0
  SINCE MAR 1      T
  SINCE JUL 1      1.2
  SNOW DEPTH       0

DEGREE DAYS
 HEATING
  TODAY            0                         3     -3       13
  MONTH TO DATE  157                       138     19      178
  SINCE MAR 1    618                       515    103      644
  SINCE JUL 1   3390                      3006    384     2959

 COOLING
  TODAY            4                         2      2        0
  MONTH TO DATE   24                        26     -2       49
  SINCE MAR 1     25                        35    -10       49
  SINCE JAN 1     25                        37    -12       53
..................................................................


WIND (MPH)
  HIGHEST WIND SPEED    20   HIGHEST WIND DIRECTION    SW (220)
  HIGHEST GUST SPEED    28   HIGHEST GUST DIRECTION    SW (220)
  AVERAGE WIND SPEED     6.7


SKY COVER
  POSSIBLE SUNSHINE  MM
  AVERAGE SKY COVER 0.8


WEATHER CONDITIONS
 THE FOLLOWING WEATHER WAS RECORDED TODAY.
  THUNDERSTORM
  LIGHT RAIN


RELATIVE HUMIDITY (PERCENT)
 HIGHEST    86           600 AM
 LOWEST     54           300 PM
 AVERAGE    70

..........................................................


THE DE QUEEN CLIMATE NORMALS FOR TOMORROW
                         NORMAL    RECORD    YEAR
 MAXIMUM TEMPERATURE (F)   76        88      1955
 MINIMUM TEMPERATURE (F)   52        34      2013


SUNRISE AND SUNSET
APRIL 24 2014.........SUNRISE   636 AM CDT   SUNSET   756 PM CDT
APRIL 25 2014.........SUNRISE   635 AM CDT   SUNSET   757 PM CDT


-  INDICATES NEGATIVE NUMBERS.
R  INDICATES RECORD WAS SET OR TIED.
MM INDICATES DATA IS MISSING.
T  INDICATES TRACE AMOUNT.




$$
