000
CDUS44 KSHV 290841
CLIDEQ


CLIMATE REPORT
NATIONAL WEATHER SERVICE SHREVEPORT, LA
239 AM CST SAT NOV 29 2014


...................................

...THE DE QUEEN CLIMATE SUMMARY FOR NOVEMBER 28 2014...

CLIMATE NORMAL PERIOD 1981 TO 2010
CLIMATE RECORD PERIOD 1902 TO 2014


WEATHER ITEM   OBSERVED TIME   RECORD YEAR NORMAL DEPARTURE LAST
                VALUE   (LST)  VALUE       VALUE  FROM      YEAR
                                                  NORMAL
..................................................................
TEMPERATURE (F)
 YESTERDAY
  MAXIMUM         65    315 PM  80    1989  60      5       51
  MINIMUM         28    734 AM  18    1969  34     -6       22
  AVERAGE         47                        47      0       37

PRECIPITATION (IN)
  YESTERDAY        0.00          1.90 1990   0.15  -0.15     0.00
  MONTH TO DATE    2.15                      4.62  -2.47     3.88
  SINCE DEC 1     42.67                     48.70  -6.03    36.84
  SINCE JAN 1     40.74                     44.34  -3.60    32.79

SNOWFALL (IN)
  YESTERDAY        0.0
  MONTH TO DATE    0.5
  SINCE SEP 1      0.5
  SINCE JUL 1      0.5
  SNOW DEPTH       0

DEGREE DAYS
 HEATING
  YESTERDAY       18                        18      0       28
  MONTH TO DATE  534                       355    179      424
  SINCE SEP 1    615                       488    127      568
  SINCE JUL 1    615                       488    127      568

 COOLING
  YESTERDAY        0                         0      0        0
  MONTH TO DATE    0                         5     -5        6
  SINCE SEP 1    380                       347     33      466
  SINCE JAN 1   1710                      1939   -229     2029
..................................................................


WIND (MPH)
  HIGHEST WIND SPEED    14   HIGHEST WIND DIRECTION    SW (230)
  HIGHEST GUST SPEED    19   HIGHEST GUST DIRECTION    SW (230)
  AVERAGE WIND SPEED     4.5


SKY COVER
  POSSIBLE SUNSHINE  MM
  AVERAGE SKY COVER 0.1


WEATHER CONDITIONS
 THE FOLLOWING WEATHER WAS RECORDED YESTERDAY.
  FOG


RELATIVE HUMIDITY (PERCENT)
 HIGHEST   100           200 AM
 LOWEST     43           200 PM
 AVERAGE    72

..........................................................


THE DE QUEEN CLIMATE NORMALS FOR TODAY
                         NORMAL    RECORD    YEAR
 MAXIMUM TEMPERATURE (F)   59        77      2006
 MINIMUM TEMPERATURE (F)   34         8      1976


SUNRISE AND SUNSET
NOVEMBER 29 2014......SUNRISE   703 AM CST   SUNSET   509 PM CST
NOVEMBER 30 2014......SUNRISE   704 AM CST   SUNSET   508 PM CST


-  INDICATES NEGATIVE NUMBERS.
R  INDICATES RECORD WAS SET OR TIED.
MM INDICATES DATA IS MISSING.
T  INDICATES TRACE AMOUNT.




$$
