000
CDUS44 KSHV 120741
CLIDEQ


CLIMATE REPORT
NATIONAL WEATHER SERVICE SHREVEPORT, LA
237 AM CDT SAT JUL 12 2014


...................................

...THE DE QUEEN CLIMATE SUMMARY FOR JULY 11 2014...

CLIMATE NORMAL PERIOD 1981 TO 2010
CLIMATE RECORD PERIOD 1902 TO 2014


WEATHER ITEM   OBSERVED TIME   RECORD YEAR NORMAL DEPARTURE LAST
                VALUE   (LST)  VALUE       VALUE  FROM      YEAR
                                                  NORMAL
..................................................................
TEMPERATURE (F)
 YESTERDAY
  MAXIMUM         92    535 PM 105    1978  92      0       99
  MINIMUM         72    612 AM  57    1947  70      2       71
  AVERAGE         82                        81      1       85

PRECIPITATION (IN)
  YESTERDAY        0.00          3.05 1999   0.12  -0.12     0.07
  MONTH TO DATE    1.36                      1.57  -0.21     0.11
  SINCE DEC 1     19.70                     31.57 -11.87    18.12
  SINCE JAN 1     17.77                     27.21  -9.44    14.07

SNOWFALL (IN)
  YESTERDAY        0.0
  MONTH TO DATE    0.0
  SINCE JUN 1      0.0
  SINCE JUL 1      0.0
  SNOW DEPTH       0

DEGREE DAYS
 HEATING
  YESTERDAY        0                         0      0        0
  MONTH TO DATE    0                         0      0        0
  SINCE JUN 1      0                         0      0        0
  SINCE JUL 1      0                         0      0        0

 COOLING
  YESTERDAY       17                        16      1       20
  MONTH TO DATE  151                       175    -24      148
  SINCE JUN 1    473                       553    -80      536
  SINCE JAN 1    680                       770    -90      768
..................................................................


WIND (MPH)
  HIGHEST WIND SPEED    10   HIGHEST WIND DIRECTION    SW (240)
  HIGHEST GUST SPEED    14   HIGHEST GUST DIRECTION    SW (240)
  AVERAGE WIND SPEED     2.6


SKY COVER
  POSSIBLE SUNSHINE  MM
  AVERAGE SKY COVER 0.0


WEATHER CONDITIONS
 THE FOLLOWING WEATHER WAS RECORDED YESTERDAY.
  NO SIGNIFICANT WEATHER WAS OBSERVED.


RELATIVE HUMIDITY (PERCENT)
 HIGHEST   100          1100 PM
 LOWEST     49           200 PM
 AVERAGE    75

..........................................................


THE DE QUEEN CLIMATE NORMALS FOR TODAY
                         NORMAL    RECORD    YEAR
 MAXIMUM TEMPERATURE (F)   92       103      1978
 MINIMUM TEMPERATURE (F)   70        60      1953


SUNRISE AND SUNSET
JULY 12 2014..........SUNRISE   616 AM CDT   SUNSET   831 PM CDT
JULY 13 2014..........SUNRISE   616 AM CDT   SUNSET   830 PM CDT


-  INDICATES NEGATIVE NUMBERS.
R  INDICATES RECORD WAS SET OR TIED.
MM INDICATES DATA IS MISSING.
T  INDICATES TRACE AMOUNT.




$$
