000
CDUS44 KSHV 010744
CLIDEQ


CLIMATE REPORT
NATIONAL WEATHER SERVICE SHREVEPORT, LA
239 AM CDT SUN MAY 1 2016


...................................

...THE DE QUEEN CLIMATE SUMMARY FOR APRIL 30 2016...

CLIMATE NORMAL PERIOD 1981 TO 2010
CLIMATE RECORD PERIOD 1902 TO 2016


WEATHER ITEM   OBSERVED TIME   RECORD YEAR NORMAL DEPARTURE LAST
                VALUE   (LST)  VALUE       VALUE  FROM      YEAR
                                                  NORMAL
..................................................................
TEMPERATURE (F)
 YESTERDAY
  MAXIMUM         81    451 PM  92    1990  77      4       81
  MINIMUM         64    601 AM  36    1996  53     11       45
  AVERAGE         73                        65      8       63

PRECIPITATION (IN)
  YESTERDAY        T             4.55 1956   0.19  -0.19     0.00
  MONTH TO DATE   10.64                      3.93   6.71     2.65
  SINCE DEC 1     27.48                     19.93   7.55    17.94
  SINCE JAN 1     17.20                     15.57   1.63    16.22

SNOWFALL (IN)
  YESTERDAY        0.0
  MONTH TO DATE    0.0
  SINCE MAR 1      0.0
  SINCE JUL 1      0.0
  SNOW DEPTH       0

DEGREE DAYS
 HEATING
  YESTERDAY        0                         2     -2        2
  MONTH TO DATE   89                       153    -64       98
  SINCE MAR 1    343                       530   -187      445
  SINCE JUL 1   2295                      3021   -726     3097

 COOLING
  YESTERDAY        8                         3      5        0
  MONTH TO DATE   42                        36      6       46
  SINCE MAR 1     50                        45      5       48
  SINCE JAN 1     50                        47      3       48
..................................................................


WIND (MPH)
  HIGHEST WIND SPEED    21   HIGHEST WIND DIRECTION    SE (120)
  HIGHEST GUST SPEED    31   HIGHEST GUST DIRECTION    SE (140)
  AVERAGE WIND SPEED     3.8


SKY COVER
  POSSIBLE SUNSHINE  MM
  AVERAGE SKY COVER 0.7


WEATHER CONDITIONS
 THE FOLLOWING WEATHER WAS RECORDED YESTERDAY.
  THUNDERSTORM
  LIGHT RAIN
  FOG


RELATIVE HUMIDITY (PERCENT)
 HIGHEST   100          1200 AM
 LOWEST     62           300 PM
 AVERAGE    81

..........................................................


THE DE QUEEN CLIMATE NORMALS FOR TODAY
                         NORMAL    RECORD    YEAR
 MAXIMUM TEMPERATURE (F)   78        90      1987
 MINIMUM TEMPERATURE (F)   54        32      1903


SUNRISE AND SUNSET
MAY  1 2016...........SUNRISE   628 AM CDT   SUNSET   802 PM CDT
MAY  2 2016...........SUNRISE   627 AM CDT   SUNSET   803 PM CDT


-  INDICATES NEGATIVE NUMBERS.
R  INDICATES RECORD WAS SET OR TIED.
MM INDICATES DATA IS MISSING.
T  INDICATES TRACE AMOUNT.




$$
