000
CDUS44 KSHV 222255
CLIDEQ


CLIMATE REPORT
NATIONAL WEATHER SERVICE SHREVEPORT, LA
454 PM CST WED FEB 22 2017


...................................

...THE DE QUEEN CLIMATE SUMMARY FOR FEBRUARY 22 2017...
VALID TODAY AS OF 0400 PM LOCAL TIME.

CLIMATE NORMAL PERIOD 1981 TO 2010
CLIMATE RECORD PERIOD 1902 TO 2017


WEATHER ITEM   OBSERVED TIME   RECORD YEAR NORMAL DEPARTURE LAST
                VALUE   (LST)  VALUE       VALUE  FROM      YEAR
                                                  NORMAL
..................................................................
TEMPERATURE (F)
 TODAY
  MAXIMUM         75    351 PM  88    1996  60     15       61
  MINIMUM         44    714 AM  14    1963  34     10       49
  AVERAGE         60                        47     13       55

PRECIPITATION (IN)
  TODAY            0.00          1.45 1994   0.11  -0.11     0.34
  MONTH TO DATE    1.09                      3.08  -1.99     0.44
  SINCE DEC 1      6.41                     10.76  -4.35    11.59
  SINCE JAN 1      3.70                      6.40  -2.70     1.31

SNOWFALL (IN)
  TODAY            0.0
  MONTH TO DATE    0.0
  SINCE DEC 1      0.3
  SINCE JUL 1      0.3
  SNOW DEPTH       0

DEGREE DAYS
 HEATING
  TODAY            5                        18    -13       10
  MONTH TO DATE  254                       454   -200      351
  SINCE DEC 1   1391                      1864   -473     1485
  SINCE JUL 1   1705                      2390   -685     1826

 COOLING
  TODAY            0                         0      0        0
  MONTH TO DATE    4                         0      4        0
  SINCE DEC 1      9                         1      8        3
  SINCE JAN 1      7                         1      6        0
..................................................................


WIND (MPH)
  HIGHEST WIND SPEED    10   HIGHEST WIND DIRECTION    SE (140)
  HIGHEST GUST SPEED    14   HIGHEST GUST DIRECTION     S (160)
  AVERAGE WIND SPEED     1.9


SKY COVER
  POSSIBLE SUNSHINE  MM
  AVERAGE SKY COVER 0.4


WEATHER CONDITIONS
 THE FOLLOWING WEATHER WAS RECORDED TODAY.
  FOG
  FOG W/VISIBILITY <= 1/4 MILE


RELATIVE HUMIDITY (PERCENT)
 HIGHEST   100          1200 AM
 LOWEST     57           200 PM
 AVERAGE    79

..........................................................


THE DE QUEEN CLIMATE NORMALS FOR TOMORROW
                         NORMAL    RECORD    YEAR
 MAXIMUM TEMPERATURE (F)   61        85      1982
 MINIMUM TEMPERATURE (F)   34        18      1967


SUNRISE AND SUNSET
FEBRUARY 22 2017......SUNRISE   654 AM CST   SUNSET   608 PM CST
FEBRUARY 23 2017......SUNRISE   653 AM CST   SUNSET   609 PM CST


-  INDICATES NEGATIVE NUMBERS.
R  INDICATES RECORD WAS SET OR TIED.
MM INDICATES DATA IS MISSING.
T  INDICATES TRACE AMOUNT.




$$
