000
CDUS44 KSHV 302216
CLIDEQ


CLIMATE REPORT
NATIONAL WEATHER SERVICE SHREVEPORT, LA
516 PM CDT SUN AUG 30 2015


...................................

...THE DE QUEEN CLIMATE SUMMARY FOR AUGUST 30 2015...
VALID TODAY AS OF 0500 PM LOCAL TIME.

CLIMATE NORMAL PERIOD 1981 TO 2010
CLIMATE RECORD PERIOD 1902 TO 2015


WEATHER ITEM   OBSERVED TIME   RECORD YEAR NORMAL DEPARTURE LAST
                VALUE   (LST)  VALUE       VALUE  FROM      YEAR
                                                  NORMAL
..................................................................
TEMPERATURE (F)
 TODAY
  MAXIMUM         95    251 PM 109    1954  93      2       90
  MINIMUM         67    542 AM  52    1986  67      0       70
  AVERAGE         81                        80      1       80

PRECIPITATION (IN)
  TODAY            0.00          3.12 1902   0.09  -0.09     0.00
  MONTH TO DATE    0.83                      2.09  -1.26     1.53
  SINCE DEC 1     38.36                     35.87   2.49    28.28
  SINCE JAN 1     36.64                     31.51   5.13    26.35

DEGREE DAYS
 HEATING
  TODAY            0                         0      0        0
  MONTH TO DATE    0                         0      0        0
  SINCE JUN 1      0                         0      0        0
  SINCE JUL 1      0                         0      0        0

 COOLING
  TODAY           16                        15      1       15
  MONTH TO DATE  467                       489    -22      428
  SINCE JUN 1   1444                      1364     80     1107
  SINCE JAN 1   1678                      1581     97     1314
..................................................................


WIND (MPH)
  HIGHEST WIND SPEED    16   HIGHEST WIND DIRECTION     S (180)
  HIGHEST GUST SPEED    21   HIGHEST GUST DIRECTION     S (190)
  AVERAGE WIND SPEED     3.9


SKY COVER
  POSSIBLE SUNSHINE  MM
  AVERAGE SKY COVER 0.2


WEATHER CONDITIONS
 THE FOLLOWING WEATHER WAS RECORDED TODAY.
  FOG
  FOG W/VISIBILITY <= 1/4 MILE
  HAZE


RELATIVE HUMIDITY (PERCENT)
 HIGHEST   100          1200 AM
 LOWEST     39           100 PM
 AVERAGE    70

..........................................................


THE DE QUEEN CLIMATE NORMALS FOR TOMORROW
                         NORMAL    RECORD    YEAR
 MAXIMUM TEMPERATURE (F)   92       107      2000
 MINIMUM TEMPERATURE (F)   67        53      1988


SUNRISE AND SUNSET
AUGUST 30 2015........SUNRISE   650 AM CDT   SUNSET   746 PM CDT
AUGUST 31 2015........SUNRISE   650 AM CDT   SUNSET   745 PM CDT


-  INDICATES NEGATIVE NUMBERS.
R  INDICATES RECORD WAS SET OR TIED.
MM INDICATES DATA IS MISSING.
T  INDICATES TRACE AMOUNT.




$$
