000
CDUS46 KOTX 230934
CLIDEW


CLIMATE REPORT
NATIONAL WEATHER SERVICE SPOKANE, WA
133 AM PST TUE JAN 23 2018


...................................

...THE DEER_PARK WA AIRPORT CLIMATE SUMMARY FOR JANUARY 22 2018...

CLIMATE NORMAL PERIOD 1981 TO 2010
CLIMATE RECORD PERIOD 9999 TO 9999


WEATHER ITEM   OBSERVED TIME   RECORD YEAR NORMAL DEPARTURE LAST
                VALUE   (LST)  VALUE       VALUE  FROM      YEAR
                                                  NORMAL
..................................................................
TEMPERATURE (F)
 YESTERDAY
  MAXIMUM         37    254 PM  MM      MM  34      3       42
  MINIMUM         21   1137 PM  MM      MM  22     -1       32
  AVERAGE         29                        28      1       37

PRECIPITATION (IN)
  YESTERDAY        0.00         MM      MM   0.07  -0.07     0.26
  MONTH TO DATE    1.81                      2.04  -0.23     1.94
  SINCE OCT 1     10.94                      9.86   1.08    13.38
  SINCE JAN 1      1.81                      2.04  -0.23     1.94

SNOWFALL (IN)
  YESTERDAY       MM

DEGREE DAYS
 HEATING
  YESTERDAY       36                        37     -1       28
  MONTH TO DATE  744                       842    -98     1080
  SINCE DEC 1   1997                      2066    -69     2441
  SINCE JUL 1   3789                      4069   -280     4082

 COOLING
  YESTERDAY        0                         0      0        0
  MONTH TO DATE    0                         0      0        0
  SINCE DEC 1      0                         0      0        0
  SINCE JAN 1      0                         0      0        0
..................................................................


WIND (MPH)
  HIGHEST WIND SPEED    13   HIGHEST WIND DIRECTION     S (190)
  HIGHEST GUST SPEED    16   HIGHEST GUST DIRECTION    SW (210)
  AVERAGE WIND SPEED     5.5


SKY COVER
  POSSIBLE SUNSHINE  MM
  AVERAGE SKY COVER 0.8


WEATHER CONDITIONS
 THE FOLLOWING WEATHER WAS RECORDED YESTERDAY.
  FOG
  FOG W/VISIBILITY <= 1/4 MILE


RELATIVE HUMIDITY (PERCENT)
 HIGHEST   100           300 AM
 LOWEST     76           300 PM
 AVERAGE    88

..........................................................


THE DEER_PARK WA AIRPORT CLIMATE NORMALS FOR TODAY
                         NORMAL    RECORD    YEAR
 MAXIMUM TEMPERATURE (F)   35        MM        MM
 MINIMUM TEMPERATURE (F)   22        MM        MM


SUNRISE AND SUNSET
JANUARY 23 2018.......SUNRISE   728 AM PST   SUNSET   436 PM PST
JANUARY 24 2018.......SUNRISE   727 AM PST   SUNSET   438 PM PST


-  INDICATES NEGATIVE NUMBERS.
R  INDICATES RECORD WAS SET OR TIED.
MM INDICATES DATA IS MISSING.
T  INDICATES TRACE AMOUNT.




$$
