000
CDUS44 KFWD 222134
CLIDFW


CLIMATE REPORT
NATIONAL WEATHER SERVICE FORT WORTH TX
433 PM CDT MON MAY 22 2017


...................................

...THE DALLAS FORT WORTH CLIMATE SUMMARY FOR MAY 22 2017...
VALID AS OF 0400 PM LOCAL TIME.

CLIMATE NORMAL PERIOD 1981 TO 2010
CLIMATE RECORD PERIOD 1898 TO 2017


WEATHER ITEM   OBSERVED TIME   RECORD YEAR NORMAL DEPARTURE LAST
                VALUE   (LST)  VALUE       VALUE  FROM      YEAR
                                                  NORMAL
..................................................................
TEMPERATURE (F)
 TODAY
  MAXIMUM         82    234 PM  99    2005  85     -3       86
  MINIMUM         62    556 AM  51    1931  66     -4       71
  AVERAGE         72

PRECIPITATION (IN)
  TODAY            0.18          1.62 1940   0.16   0.02     0.00
  MONTH TO DATE    0.48                      3.50  -3.02     2.75
  SINCE MAR 1      4.92                     10.06  -5.14    10.02
  SINCE JAN 1     11.64                     14.85  -3.21    13.26

..................................................................


WIND (MPH)
  HIGHEST WIND SPEED    14   HIGHEST WIND DIRECTION     E (110)
  HIGHEST GUST SPEED    18   HIGHEST GUST DIRECTION     E (110)
  AVERAGE WIND SPEED     5.8




..........................................................


THE DALLAS FORT WORTH CLIMATE NORMALS FOR TOMORROW
                         NORMAL    RECORD    YEAR
 MAXIMUM TEMPERATURE (F)   86        96      1996
                                             1962
 MINIMUM TEMPERATURE (F)   66        50      1917


SUNRISE AND SUNSET
MAY 22 2017...........SUNRISE   625 AM CDT   SUNSET   825 PM CDT
MAY 23 2017...........SUNRISE   624 AM CDT   SUNSET   826 PM CDT


-  INDICATES NEGATIVE NUMBERS.
R  INDICATES RECORD WAS SET OR TIED.
MM INDICATES DATA IS MISSING.
T  INDICATES TRACE AMOUNT.




$$
