000
CDUS44 KFWD 170716
CLIDFW


CLIMATE REPORT
NATIONAL WEATHER SERVICE FORT WORTH TX
116 AM CST WED JAN 17 2018


...................................

...THE DALLAS FORT WORTH CLIMATE SUMMARY FOR JANUARY 16 2018...

CLIMATE NORMAL PERIOD 1981 TO 2010
CLIMATE RECORD PERIOD 1898 TO 2018


WEATHER ITEM   OBSERVED TIME   RECORD YEAR NORMAL DEPARTURE LAST
                VALUE   (LST)  VALUE       VALUE  FROM      YEAR
                                                  NORMAL
..................................................................
TEMPERATURE (F)
 YESTERDAY
  MAXIMUM         32    454 PM  81    1935  56    -24       66
  MINIMUM         19   1159 PM  11    1930  35    -16       48
  AVERAGE         26                        46    -20       57

PRECIPITATION (IN)
  YESTERDAY        T             2.27 2004   0.07  -0.07     0.01
  MONTH TO DATE    0.18                      1.00  -0.82     3.96
  SINCE DEC 1      4.74                      3.55   1.19     4.56
  SINCE JAN 1      0.18                      1.00  -0.82     3.96

SNOWFALL (IN)
  YESTERDAY        T             4.3  1964   0.0    0.0      0.0
  MONTH TO DATE    T                         0.1   -0.1      0.1
  SINCE DEC 1      T                         0.4   -0.4      0.1
  SINCE JUL 1      T                         0.4   -0.4      0.1
  SNOW DEPTH       0

DEGREE DAYS
 HEATING
  YESTERDAY       39                        19     20        8
  MONTH TO DATE  376                       315     61      273
  SINCE DEC 1    852                       873    -21      757
  SINCE JUL 1   1055                      1227   -172      859

 COOLING
  YESTERDAY        0                         0      0        0
  MONTH TO DATE    0                         0      0        6
  SINCE DEC 1     12                         4      8       22
  SINCE JAN 1      0                         0      0        6
..................................................................


WIND (MPH)
  HIGHEST WIND SPEED    28   HIGHEST WIND DIRECTION     N (350)
  HIGHEST GUST SPEED    32   HIGHEST GUST DIRECTION     N (360)
  AVERAGE WIND SPEED    16.6


SKY COVER
  POSSIBLE SUNSHINE  MM
  AVERAGE SKY COVER 0.2


WEATHER CONDITIONS
 THE FOLLOWING WEATHER WAS RECORDED YESTERDAY.
  LIGHT SNOW


RELATIVE HUMIDITY (PERCENT)
 HIGHEST    52           900 AM
 LOWEST     25           500 PM
 AVERAGE    39

..........................................................


THE DALLAS FORT WORTH CLIMATE NORMALS FOR TODAY
                         NORMAL    RECORD    YEAR
 MAXIMUM TEMPERATURE (F)   56        79      1952
 MINIMUM TEMPERATURE (F)   35         2      1930


SUNRISE AND SUNSET
JANUARY 17 2018.......SUNRISE   730 AM CST   SUNSET   546 PM CST
JANUARY 18 2018.......SUNRISE   730 AM CST   SUNSET   547 PM CST


-  INDICATES NEGATIVE NUMBERS.
R  INDICATES RECORD WAS SET OR TIED.
MM INDICATES DATA IS MISSING.
T  INDICATES TRACE AMOUNT.




$$
