000
CDUS44 KFWD 260654
CLIDFW


CLIMATE REPORT
NATIONAL WEATHER SERVICE FORT WORTH TX
154 AM CDT TUE SEP 26 2017


...................................

...THE DALLAS FORT WORTH CLIMATE SUMMARY FOR SEPTEMBER 25 2017...

CLIMATE NORMAL PERIOD 1981 TO 2010
CLIMATE RECORD PERIOD 1898 TO 2017


WEATHER ITEM   OBSERVED TIME   RECORD YEAR NORMAL DEPARTURE LAST
                VALUE   (LST)  VALUE       VALUE  FROM      YEAR
                                                  NORMAL
..................................................................
TEMPERATURE (F)
 YESTERDAY
  MAXIMUM         93    346 PM 102    2005  85      8       80
  MINIMUM         72    650 AM  44    1989  64      8       72
  AVERAGE         83                        74      9       76

PRECIPITATION (IN)
  YESTERDAY        0.00          2.27 1913   0.08  -0.08     0.12
  MONTH TO DATE    T                         2.17  -2.17     0.98
  SINCE SEP 1      T                         2.17  -2.17     0.98
  SINCE JAN 1     28.66                     26.28   2.38    29.65

DEGREE DAYS
 HEATING
  YESTERDAY        0                         0      0        0
  MONTH TO DATE    0                         0      0        0
  SINCE SEP 1      0                         0      0        0
  SINCE JUL 1      0                         0      0        0

 COOLING
  YESTERDAY       18                        10      8       11
  MONTH TO DATE  415                       350     65      471
  SINCE SEP 1    415                       350     65      471
  SINCE JAN 1   2916                      2532    384     2822
..................................................................


WIND (MPH)
  HIGHEST WIND SPEED    20   HIGHEST WIND DIRECTION    SE (140)
  HIGHEST GUST SPEED    26   HIGHEST GUST DIRECTION    SE (140)
  AVERAGE WIND SPEED    10.4


SKY COVER
  POSSIBLE SUNSHINE  MM
  AVERAGE SKY COVER 0.7


WEATHER CONDITIONS
 THE FOLLOWING WEATHER WAS RECORDED YESTERDAY.
  NO SIGNIFICANT WEATHER WAS OBSERVED.


RELATIVE HUMIDITY (PERCENT)
 HIGHEST    90           600 AM
 LOWEST     36           500 PM
 AVERAGE    63

..........................................................


THE DALLAS FORT WORTH CLIMATE NORMALS FOR TODAY
                         NORMAL    RECORD    YEAR
 MAXIMUM TEMPERATURE (F)   85       100      1977
 MINIMUM TEMPERATURE (F)   64        45      1942
                                             1912


SUNRISE AND SUNSET
SEPTEMBER 26 2017.....SUNRISE   719 AM CDT   SUNSET   719 PM CDT
SEPTEMBER 27 2017.....SUNRISE   720 AM CDT   SUNSET   718 PM CDT


-  INDICATES NEGATIVE NUMBERS.
R  INDICATES RECORD WAS SET OR TIED.
MM INDICATES DATA IS MISSING.
T  INDICATES TRACE AMOUNT.




$$
