000
CDUS44 KFWD 050636
CLIDFW


CLIMATE REPORT
NATIONAL WEATHER SERVICE FORT WORTH TX
136 AM CDT WED AUG 5 2015


...................................

...THE DALLAS FORT WORTH CLIMATE SUMMARY FOR AUGUST 4 2015...

CLIMATE NORMAL PERIOD 1981 TO 2010
CLIMATE RECORD PERIOD 1898 TO 2015


WEATHER ITEM   OBSERVED TIME   RECORD YEAR NORMAL DEPARTURE LAST
                VALUE   (LST)  VALUE       VALUE  FROM      YEAR
                                                  NORMAL
..................................................................
TEMPERATURE (F)
 YESTERDAY
  MAXIMUM         99    329 PM 108    2011  97      2       95
  MINIMUM         79    544 AM  63    1915  76      3       74
  AVERAGE         89                        86      3       85

PRECIPITATION (IN)
  YESTERDAY        0.00          0.76 1928   0.06  -0.06     0.00
  MONTH TO DATE    0.00                      0.21  -0.21      T
  SINCE JUN 1      4.87                      6.16  -1.29     4.24
  SINCE JAN 1     36.50                     22.41  14.09    11.57

DEGREE DAYS
 HEATING
  YESTERDAY        0                         0      0        0
  MONTH TO DATE    0                         0      0        0
  SINCE JUN 1      0                         0      0        0
  SINCE JUL 1      0                         0      0        0

 COOLING
  YESTERDAY       24                        21      3       20
  MONTH TO DATE   94                        84     10       64
  SINCE JUN 1   1308                      1206    102     1180
  SINCE JAN 1   1627                      1628     -1     1656
..................................................................


WIND (MPH)
  HIGHEST WIND SPEED    17   HIGHEST WIND DIRECTION    SE (140)
  HIGHEST GUST SPEED    22   HIGHEST GUST DIRECTION    SE (140)
  AVERAGE WIND SPEED     9.4


SKY COVER
  POSSIBLE SUNSHINE  MM
  AVERAGE SKY COVER 0.5


WEATHER CONDITIONS
 THE FOLLOWING WEATHER WAS RECORDED YESTERDAY.
  NO SIGNIFICANT WEATHER WAS OBSERVED.


RELATIVE HUMIDITY (PERCENT)
 HIGHEST    58           500 AM
 LOWEST     29           400 PM
 AVERAGE    44

..........................................................


THE DALLAS FORT WORTH CLIMATE NORMALS FOR TODAY
                         NORMAL    RECORD    YEAR
 MAXIMUM TEMPERATURE (F)   97       107      2011
 MINIMUM TEMPERATURE (F)   76        64      1948


SUNRISE AND SUNSET
AUGUST  5 2015........SUNRISE   644 AM CDT   SUNSET   823 PM CDT
AUGUST  6 2015........SUNRISE   645 AM CDT   SUNSET   823 PM CDT


-  INDICATES NEGATIVE NUMBERS.
R  INDICATES RECORD WAS SET OR TIED.
MM INDICATES DATA IS MISSING.
T  INDICATES TRACE AMOUNT.




$$
