000
CDUS44 KFWD 260650
CLIDFW

CLIMATE REPORT
NATIONAL WEATHER SERVICE FORT WORTH TX
1250 AM CST SUN FEB 26 2017

...................................

...THE DALLAS FORT WORTH CLIMATE SUMMARY FOR FEBRUARY 25 2017...

CLIMATE NORMAL PERIOD 1981 TO 2010
CLIMATE RECORD PERIOD 1898 TO 2017


WEATHER ITEM   OBSERVED TIME   RECORD YEAR NORMAL DEPARTURE LAST
                VALUE   (LST)  VALUE       VALUE  FROM      YEAR
                                                  NORMAL
..................................................................
TEMPERATURE (F)
 YESTERDAY
  MAXIMUM         55    514 PM  96    1904  63     -8       59
  MINIMUM         35    718 AM  15    1960  42     -7       41
  AVERAGE         45                        52     -7       50

PRECIPITATION (IN)
  YESTERDAY        0.00          2.24 1948   0.10  -0.10     0.00
  MONTH TO DATE    2.02                      2.33  -0.31     2.20
  SINCE DEC 1      7.01                      7.01   0.00     7.07
  SINCE JAN 1      6.41                      4.46   1.95     3.24

SNOWFALL (IN)
  YESTERDAY        0.0           7.5  1924   0.1   -0.1      0.0
  MONTH TO DATE    0.0                       0.9   -0.9      0.0
  SINCE DEC 1      0.1                       1.4   -1.3       T
  SINCE JUL 1      0.1                       1.4   -1.3       T
  SNOW DEPTH       0

DEGREE DAYS
 HEATING
  YESTERDAY       20                        13      7       15
  MONTH TO DATE  162                       390   -228      263
  SINCE DEC 1   1073                      1541   -468     1169
  SINCE JUL 1   1175                      1895   -720     1384

 COOLING
  YESTERDAY        0                         0      0        0
  MONTH TO DATE   46                         0     46       11
  SINCE DEC 1     68                         6     62       20
  SINCE JAN 1     52                         2     50       11
..................................................................


WIND (MPH)
  HIGHEST WIND SPEED    28   HIGHEST WIND DIRECTION     N (20)
  HIGHEST GUST SPEED    35   HIGHEST GUST DIRECTION     N (20)
  AVERAGE WIND SPEED     8.2


SKY COVER
  POSSIBLE SUNSHINE  MM
  AVERAGE SKY COVER 0.1


WEATHER CONDITIONS
 THE FOLLOWING WEATHER WAS RECORDED YESTERDAY.
  NO SIGNIFICANT WEATHER WAS OBSERVED.


RELATIVE HUMIDITY (PERCENT)
 HIGHEST    70           700 AM
 LOWEST     26           400 PM
 AVERAGE    48

..........................................................


THE DALLAS FORT WORTH CLIMATE NORMALS FOR TODAY
                         NORMAL    RECORD    YEAR
 MAXIMUM TEMPERATURE (F)   63        90      1917
 MINIMUM TEMPERATURE (F)   42        21      1960
                                             1934


SUNRISE AND SUNSET
FEBRUARY 26 2017......SUNRISE   659 AM CST   SUNSET   623 PM CST
FEBRUARY 27 2017......SUNRISE   658 AM CST   SUNSET   624 PM CST


-  INDICATES NEGATIVE NUMBERS.
R  INDICATES RECORD WAS SET OR TIED.
MM INDICATES DATA IS MISSING.
T  INDICATES TRACE AMOUNT.

$$
