000
CDUS44 KFWD 280639
CLIDFW


CLIMATE REPORT
NATIONAL WEATHER SERVICE FORT WORTH TX
138 AM CDT TUE MAR 28 2017


...................................

...THE DALLAS FORT WORTH CLIMATE SUMMARY FOR MARCH 27 2017...

CLIMATE NORMAL PERIOD 1981 TO 2010
CLIMATE RECORD PERIOD 1898 TO 2017


WEATHER ITEM   OBSERVED TIME   RECORD YEAR NORMAL DEPARTURE LAST
                VALUE   (LST)  VALUE       VALUE  FROM      YEAR
                                                  NORMAL
..................................................................
TEMPERATURE (F)
 YESTERDAY
  MAXIMUM         73    544 PM  96    1956  72      1       64
  MINIMUM         59    958 AM  23    1955  50      9       50
  AVERAGE         66                        61      5       57

PRECIPITATION (IN)
  YESTERDAY        0.00          3.89 1977   0.11  -0.11     0.00
  MONTH TO DATE    0.51                      3.07  -2.56     2.51
  SINCE MAR 1      0.51                      3.07  -2.56     2.51
  SINCE JAN 1      7.23                      7.86  -0.63     5.75

SNOWFALL (IN)
  YESTERDAY        0.0           0.0    MM   0.0    0.0      0.0
  MONTH TO DATE    0.0                       0.2   -0.2      0.0
  SINCE MAR 1      0.0                       0.2   -0.2      0.0
  SINCE JUL 1      0.1                       1.6   -1.5       T
  SNOW DEPTH       0

DEGREE DAYS
 HEATING
  YESTERDAY        0                         6     -6        8
  MONTH TO DATE   93                       239   -146      133
  SINCE MAR 1     93                       239   -146      133
  SINCE JUL 1   1281                      2171   -890     1544

 COOLING
  YESTERDAY        1                         2     -1        0
  MONTH TO DATE  104                        27     77       22
  SINCE MAR 1    104                        27     77       22
  SINCE JAN 1    172                        34    138       33
..................................................................


WIND (MPH)
  HIGHEST WIND SPEED    28   HIGHEST WIND DIRECTION     S (190)
  HIGHEST GUST SPEED    33   HIGHEST GUST DIRECTION     S (180)
  AVERAGE WIND SPEED     9.5


SKY COVER
  POSSIBLE SUNSHINE  MM
  AVERAGE SKY COVER 0.4


WEATHER CONDITIONS
 THE FOLLOWING WEATHER WAS RECORDED YESTERDAY.
  NO SIGNIFICANT WEATHER WAS OBSERVED.


RELATIVE HUMIDITY (PERCENT)
 HIGHEST    84           200 AM
 LOWEST     53           600 PM
 AVERAGE    69

..........................................................


THE DALLAS FORT WORTH CLIMATE NORMALS FOR TODAY
                         NORMAL    RECORD    YEAR
 MAXIMUM TEMPERATURE (F)   72        90      1928
 MINIMUM TEMPERATURE (F)   50        25      1899


SUNRISE AND SUNSET
MARCH 28 2017.........SUNRISE   721 AM CDT   SUNSET   746 PM CDT
MARCH 29 2017.........SUNRISE   720 AM CDT   SUNSET   746 PM CDT


-  INDICATES NEGATIVE NUMBERS.
R  INDICATES RECORD WAS SET OR TIED.
MM INDICATES DATA IS MISSING.
T  INDICATES TRACE AMOUNT.




$$
