000
CDUS44 KFWD 270640
CLIDFW

CLIMATE REPORT
NATIONAL WEATHER SERVICE FORT WORTH TX
139 AM CDT WED AUG 27 2014


...................................

...THE DALLAS FORT WORTH CLIMATE SUMMARY FOR AUGUST 26 2014...

CLIMATE NORMAL PERIOD 1981 TO 2010
CLIMATE RECORD PERIOD 1898 TO 2014


WEATHER ITEM   OBSERVED TIME   RECORD YEAR NORMAL DEPARTURE LAST
                VALUE   (LST)  VALUE       VALUE  FROM      YEAR
                                                  NORMAL
..................................................................
TEMPERATURE (F)
 YESTERDAY
  MAXIMUM         97    345 PM 106    2011  95      2       98
                                      1999
  MINIMUM         78    620 AM  60    1926  74      4       75
  AVERAGE         88                        84      4       87

PRECIPITATION (IN)
  YESTERDAY        T             3.31 1947   0.07  -0.07     0.00
  MONTH TO DATE    3.94                      1.50   2.44     1.32
  SINCE JUN 1      8.18                      7.45   0.73     5.51
  SINCE JAN 1     15.51                     23.70  -8.19    18.67

DEGREE DAYS
 HEATING
  YESTERDAY        0                         0      0        0
  MONTH TO DATE    0                         0      0        0
  SINCE JUN 1      0                         0      0        0
  SINCE JUL 1      0                         0      0        0

 COOLING
  YESTERDAY       23                        19      4       22
  MONTH TO DATE  564                       539     25      577
  SINCE JUN 1   1680                      1661     19     1724
  SINCE JAN 1   2156                      2083     73     2113
..................................................................


WIND (MPH)
  HIGHEST WIND SPEED    16   HIGHEST WIND DIRECTION     E (70)
  HIGHEST GUST SPEED    19   HIGHEST GUST DIRECTION     E (80)
  AVERAGE WIND SPEED     7.0


SKY COVER
  POSSIBLE SUNSHINE  MM
  AVERAGE SKY COVER 0.5


WEATHER CONDITIONS
 THE FOLLOWING WEATHER WAS RECORDED YESTERDAY.
  NO SIGNIFICANT WEATHER WAS OBSERVED.


RELATIVE HUMIDITY (PERCENT)
 HIGHEST    79           700 AM
 LOWEST     38           500 PM
 AVERAGE    59

..........................................................


THE DALLAS FORT WORTH CLIMATE NORMALS FOR TODAY
                         NORMAL    RECORD    YEAR
 MAXIMUM TEMPERATURE (F)   95       107      1901
 MINIMUM TEMPERATURE (F)   74        61      1906


SUNRISE AND SUNSET
AUGUST 27 2014........SUNRISE   659 AM CDT   SUNSET   759 PM CDT
AUGUST 28 2014........SUNRISE   700 AM CDT   SUNSET   758 PM CDT


-  INDICATES NEGATIVE NUMBERS.
R  INDICATES RECORD WAS SET OR TIED.
MM INDICATES DATA IS MISSING.
T  INDICATES TRACE AMOUNT.




$$
