000
CDUS43 KDDC 201011
CLIDGC


CLIMATE REPORT
NATIONAL WEATHER SERVICE DODGE CITY KS
410 AM CST SAT DEC 20 2014


...................................

...THE DODGE CITY KS CLIMATE SUMMARY FOR DECEMBER 19 2014...

CLIMATE NORMAL PERIOD 1981 TO 2010
CLIMATE RECORD PERIOD 1875 TO 2014


WEATHER ITEM   OBSERVED TIME   RECORD YEAR NORMAL DEPARTURE LAST
                VALUE   (LST)  VALUE       VALUE  FROM      YEAR
                                                  NORMAL
..................................................................
TEMPERATURE (F)
 YESTERDAY
  MAXIMUM         43    356 PM  67    1978  43      0       53
  MINIMUM         29    956 PM -10    1983  21      8       22
                                      1924
  AVERAGE         36                        32      4       38

PRECIPITATION (IN)
  YESTERDAY        0.00          1.57 1877   0.03  -0.03     0.00
  MONTH TO DATE    0.92                      0.51   0.41     0.05
  SINCE DEC 1      0.92                      0.51   0.41     0.05
  SINCE JAN 1     23.10                     21.27   1.83    20.29

SNOWFALL (IN)
  YESTERDAY        0.0          10.0  1911   0.1   -0.1      0.0
  MONTH TO DATE    1.2                       2.5   -1.3      1.9
  SINCE DEC 1      1.2                       2.5   -1.3      1.9
  SINCE JUL 1      3.4                       4.7   -1.3      6.9
  SNOW DEPTH       0

DEGREE DAYS
 HEATING
  YESTERDAY       29                        33     -4       27
  MONTH TO DATE  494                       599   -105      650
  SINCE DEC 1    494                       599   -105      650
  SINCE JUL 1   1492                      1613   -121     1678

 COOLING
  YESTERDAY        0                         0      0        0
  MONTH TO DATE    0                         0      0        0
  SINCE DEC 1      0                         0      0        0
  SINCE JAN 1   1475                      1463     12     1641
..................................................................


WIND (MPH)
  HIGHEST WIND SPEED    15   HIGHEST WIND DIRECTION    SW (220)
  HIGHEST GUST SPEED    18   HIGHEST GUST DIRECTION    SW (220)
  AVERAGE WIND SPEED     8.0


SKY COVER
  POSSIBLE SUNSHINE  MM
  AVERAGE SKY COVER 0.7


WEATHER CONDITIONS
 THE FOLLOWING WEATHER WAS RECORDED YESTERDAY.
  FOG
  FOG W/VISIBILITY <= 1/4 MILE


RELATIVE HUMIDITY (PERCENT)
 HIGHEST    92          1000 AM
 LOWEST     70           300 PM
 AVERAGE    81

..........................................................


THE DODGE CITY KS CLIMATE NORMALS FOR TODAY
                         NORMAL    RECORD    YEAR
 MAXIMUM TEMPERATURE (F)   43        79      1894
 MINIMUM TEMPERATURE (F)   20        -8      1924


SUNRISE AND SUNSET
DECEMBER 20 2014......SUNRISE   751 AM CST   SUNSET   524 PM CST
DECEMBER 21 2014......SUNRISE   752 AM CST   SUNSET   525 PM CST


-  INDICATES NEGATIVE NUMBERS.
R  INDICATES RECORD WAS SET OR TIED.
MM INDICATES DATA IS MISSING.
T  INDICATES TRACE AMOUNT.




$$
