000
CDUS43 KDDC 271020
CLIDGC


CLIMATE REPORT
NATIONAL WEATHER SERVICE DODGE CITY KS
518 AM CDT WED AUG 27 2014


...................................

...THE DODGE CITY KS CLIMATE SUMMARY FOR AUGUST 26 2014...

CLIMATE NORMAL PERIOD 1981 TO 2010
CLIMATE RECORD PERIOD 1875 TO 2014


WEATHER ITEM   OBSERVED TIME   RECORD YEAR NORMAL DEPARTURE LAST
                VALUE   (LST)  VALUE       VALUE  FROM      YEAR
                                                  NORMAL
..................................................................
TEMPERATURE (F)
 YESTERDAY
  MAXIMUM         88    521 PM 106    2011  89     -1       93
  MINIMUM         62    637 AM  45    1910  64     -2       68
  AVERAGE         75                        77     -2       81

PRECIPITATION (IN)
  YESTERDAY        0.00          0.90 1986   0.08  -0.08     0.00
  MONTH TO DATE    2.08                      2.34  -0.26     6.92
  SINCE JUN 1     14.18                      8.66   5.52    12.05
  SINCE JAN 1     17.70                     16.18   1.52    15.48

SNOWFALL (IN)
  YESTERDAY        0.0           0.0  2002   0.0    0.0      0.0
                                      2001
  MONTH TO DATE    0.0                       0.0    0.0      0.0
  SINCE JUN 1      0.0                       0.0    0.0      0.0
  SINCE JUL 1      0.0                       0.0    0.0      0.0
  SNOW DEPTH       0

DEGREE DAYS
 HEATING
  YESTERDAY        0                         0      0        0
  MONTH TO DATE    0                         0      0        0
  SINCE JUN 1     20                        14      6       12
  SINCE JUL 1     13                         1     12        0

 COOLING
  YESTERDAY       10                        12     -2       16
  MONTH TO DATE  383                       353     30      283
  SINCE JUN 1   1011                      1083    -72     1114
  SINCE JAN 1   1183                      1192     -9     1276
..................................................................


WIND (MPH)
  HIGHEST WIND SPEED    17   HIGHEST WIND DIRECTION    SE (150)
  HIGHEST GUST SPEED    23   HIGHEST GUST DIRECTION    SE (130)
  AVERAGE WIND SPEED     9.0


SKY COVER
  POSSIBLE SUNSHINE  MM
  AVERAGE SKY COVER 0.1


WEATHER CONDITIONS
 THE FOLLOWING WEATHER WAS RECORDED YESTERDAY.
  NO SIGNIFICANT WEATHER WAS OBSERVED.


RELATIVE HUMIDITY (PERCENT)
 HIGHEST    93           300 AM
 LOWEST     39           500 PM
 AVERAGE    66

..........................................................


THE DODGE CITY KS CLIMATE NORMALS FOR TODAY
                         NORMAL    RECORD    YEAR
 MAXIMUM TEMPERATURE (F)   89       103      1994
                                             1990
                                             1984
 MINIMUM TEMPERATURE (F)   63        45      1906


SUNRISE AND SUNSET
AUGUST 27 2014........SUNRISE   706 AM CDT   SUNSET   816 PM CDT
AUGUST 28 2014........SUNRISE   707 AM CDT   SUNSET   815 PM CDT


-  INDICATES NEGATIVE NUMBERS.
R  INDICATES RECORD WAS SET OR TIED.
MM INDICATES DATA IS MISSING.
T  INDICATES TRACE AMOUNT.




$$
