707
CDUS43 KDDC 040713
CLIDGC


CLIMATE REPORT
NATIONAL WEATHER SERVICE DODGE CITY KS
112 AM CST SUN DEC 4 2016


...................................

...THE DODGE CITY KS CLIMATE SUMMARY FOR DECEMBER 3 2016...

CLIMATE NORMAL PERIOD 1981 TO 2010
CLIMATE RECORD PERIOD 1875 TO 2016


WEATHER ITEM   OBSERVED TIME   RECORD YEAR NORMAL DEPARTURE LAST
                VALUE   (LST)  VALUE       VALUE  FROM      YEAR
                                                  NORMAL
..................................................................
TEMPERATURE (F)
 YESTERDAY
  MAXIMUM         39    850 PM  71    2001  47     -8       50
  MINIMUM         32    711 AM  -1    1897  23      9       23
  AVERAGE         36                        35      1       37

PRECIPITATION (IN)
  YESTERDAY        0.34          1.01 1973   0.03   0.31     0.00
  MONTH TO DATE    0.34                      0.08   0.26     0.00
  SINCE DEC 1      0.34                      0.08   0.26     0.00
  SINCE JAN 1     23.12                     20.84   2.28    25.89

SNOWFALL (IN)
  YESTERDAY       MM             6.8  1921   0.2   MM        0.0
  MONTH TO DATE    0.0                       0.4   -0.4      0.0
  SINCE DEC 1      0.0                       0.4   -0.4      0.0
  SINCE JUL 1      0.0                       2.6   -2.6      1.1
  SNOW DEPTH       0

DEGREE DAYS
 HEATING
  YESTERDAY       29                        30     -1       28
  MONTH TO DATE   90                        88      2       87
  SINCE DEC 1     90                        88      2       87
  SINCE JUL 1    686                      1102   -416      917

 COOLING
  YESTERDAY        0                         0      0        0
  MONTH TO DATE    0                         0      0        0
  SINCE DEC 1      0                         0      0        0
  SINCE JAN 1   1580                      1463    117     1512
..................................................................


WIND (MPH)
  HIGHEST WIND SPEED    14   HIGHEST WIND DIRECTION    SE (140)
  HIGHEST GUST SPEED    18   HIGHEST GUST DIRECTION    SE (150)
  AVERAGE WIND SPEED     4.2


SKY COVER
  POSSIBLE SUNSHINE  MM
  AVERAGE SKY COVER 1.0


WEATHER CONDITIONS
 THE FOLLOWING WEATHER WAS RECORDED YESTERDAY.
  RAIN
  LIGHT RAIN
  LIGHT SNOW
  FOG


RELATIVE HUMIDITY (PERCENT)
 HIGHEST   100           600 AM
 LOWEST     52          1200 AM
 AVERAGE    76

..........................................................


THE DODGE CITY KS CLIMATE NORMALS FOR TODAY
                         NORMAL    RECORD    YEAR
 MAXIMUM TEMPERATURE (F)   47        74      1965
 MINIMUM TEMPERATURE (F)   23         1      1909


SUNRISE AND SUNSET
DECEMBER  4 2016......SUNRISE   740 AM CST   SUNSET   521 PM CST
DECEMBER  5 2016......SUNRISE   741 AM CST   SUNSET   521 PM CST


-  INDICATES NEGATIVE NUMBERS.
R  INDICATES RECORD WAS SET OR TIED.
MM INDICATES DATA IS MISSING.
T  INDICATES TRACE AMOUNT.




$$
