573
CDUS45 KCYS 030730
CLIDGW


CLIMATE REPORT
NATIONAL WEATHER SERVICE CHEYENNE WY
130 AM MDT TUE MAY 3 2016


...................................

...THE DOUGLAS WY AIRPORT CLIMATE SUMMARY FOR MAY 2 2016...

CLIMATE NORMAL PERIOD 1981 TO 2010
CLIMATE RECORD PERIOD 1998 TO 2016


WEATHER ITEM   OBSERVED TIME   RECORD YEAR NORMAL DEPARTURE LAST
                VALUE   (LST)  VALUE       VALUE  FROM      YEAR
                                                  NORMAL
..................................................................
TEMPERATURE (F)
 YESTERDAY
  MAXIMUM         64    311 PM  81    2000  63      1       78
  MINIMUM         26    407 AM  17    2005  34     -8       38
  AVERAGE         45                        48     -3       58

PRECIPITATION (IN)
  YESTERDAY        0.00          0.13 2008   0.08  -0.08     0.00
                                      2001
  MONTH TO DATE    0.00                      0.17  -0.17     0.00
  SINCE JAN 1      5.23                      3.32   1.91     4.63

DEGREE DAYS
 HEATING
  YESTERDAY       20                        17      3        7
  MONTH TO DATE   46                        34     12       20
  SINCE MAR 1   1495                      1591    -96     1382
  SINCE JUL 1   6306                      6991   -685     6385

 COOLING
  YESTERDAY        0                         0      0        0
  MONTH TO DATE    0                         0      0        0
  SINCE MAR 1      0                         0      0        1
  SINCE JAN 1      0                         0      0        1
..................................................................


WIND (MPH)
  HIGHEST WIND SPEED    26   HIGHEST WIND DIRECTION     W (290)
  HIGHEST GUST SPEED    35   HIGHEST GUST DIRECTION     N (350)
  AVERAGE WIND SPEED    11.7


SKY COVER
  AVERAGE SKY COVER 0.0


WEATHER CONDITIONS
 THE FOLLOWING WEATHER WAS RECORDED YESTERDAY.
  NO SIGNIFICANT WEATHER WAS OBSERVED.


RELATIVE HUMIDITY (PERCENT)
 HIGHEST    92           100 AM
 LOWEST     27           400 PM
 AVERAGE    60

..........................................................


THE DOUGLAS WY AIRPORT CLIMATE NORMALS FOR TODAY
                         NORMAL    RECORD    YEAR
 MAXIMUM TEMPERATURE (F)   63        79      2014
                                             2004
 MINIMUM TEMPERATURE (F)   34        17      2008


SUNRISE AND SUNSET
MAY  3 2016...........SUNRISE   552 AM MDT   SUNSET   805 PM MDT
MAY  4 2016...........SUNRISE   551 AM MDT   SUNSET   806 PM MDT


-  INDICATES NEGATIVE NUMBERS.
R  INDICATES RECORD WAS SET OR TIED.
MM INDICATES DATA IS MISSING.
T  INDICATES TRACE AMOUNT.




$$
