000
CDUS45 KCYS 230729
CLIDGW


CLIMATE REPORT
NATIONAL WEATHER SERVICE CHEYENNE WY
128 AM MDT SAT AUG 23 2014


...................................

...THE DOUGLAS WY AIRPORT CLIMATE SUMMARY FOR AUGUST 22 2014...

CLIMATE NORMAL PERIOD 1981 TO 2010
CLIMATE RECORD PERIOD 1998 TO 2014


WEATHER ITEM   OBSERVED TIME   RECORD YEAR NORMAL DEPARTURE LAST
                VALUE   (LST)  VALUE       VALUE  FROM      YEAR
                                                  NORMAL
..................................................................
TEMPERATURE (F)
 YESTERDAY
  MAXIMUM         81    113 PM 100    2009  86     -5       88
  MINIMUM         51    419 AM  47    2004  52     -1       65
  AVERAGE         66                        69     -3       77

PRECIPITATION (IN)
  YESTERDAY        0.28          0.45 2007   0.03   0.25     0.02
  MONTH TO DATE    1.03                      0.80   0.23     0.42
  SINCE JAN 1     10.01                      9.71   0.30     6.21

DEGREE DAYS
 HEATING
  YESTERDAY        0                         1     -1        0
  MONTH TO DATE    0                        13    -13        0
  SINCE JUN 1    157                       138     19       56
  SINCE JUL 1     14                        28    -14        0

 COOLING
  YESTERDAY        1                         5     -4       12
  MONTH TO DATE  129                       142    -13      149
  SINCE JUN 1    362                       418    -56      533
  SINCE JAN 1    367                       424    -57      549
..................................................................


WIND (MPH)
  HIGHEST WIND SPEED    21   HIGHEST WIND DIRECTION    SE (130)
  HIGHEST GUST SPEED    27   HIGHEST GUST DIRECTION    SE (140)
  AVERAGE WIND SPEED     8.9


SKY COVER
  AVERAGE SKY COVER 0.5


WEATHER CONDITIONS
 THE FOLLOWING WEATHER WAS RECORDED YESTERDAY.
  THUNDERSTORM
  HEAVY RAIN
  LIGHT RAIN
  FOG


RELATIVE HUMIDITY (PERCENT)
 HIGHEST    96           400 AM
 LOWEST     32           300 PM
 AVERAGE    64

..........................................................


THE DOUGLAS WY AIRPORT CLIMATE NORMALS FOR TODAY
                         NORMAL    RECORD    YEAR
 MAXIMUM TEMPERATURE (F)   86        97      2011
                                             2006
 MINIMUM TEMPERATURE (F)   52        47      2010
                                             1999


SUNRISE AND SUNSET
AUGUST 23 2014........SUNRISE   617 AM MDT   SUNSET   751 PM MDT
AUGUST 24 2014........SUNRISE   618 AM MDT   SUNSET   749 PM MDT


-  INDICATES NEGATIVE NUMBERS.
R  INDICATES RECORD WAS SET OR TIED.
MM INDICATES DATA IS MISSING.
T  INDICATES TRACE AMOUNT.




$$
