000
CDUS44 KTAE 160654
CLIDHN


CLIMATE REPORT
NATIONAL WEATHER SERVICE TALLAHASSEE FL
249 AM EDT TUE SEP 16 2014


...................................

...THE DOTHAN CLIMATE SUMMARY FOR SEPTEMBER 15 2014...

CLIMATE NORMAL PERIOD 1981 TO 2010
CLIMATE RECORD PERIOD 1965 TO 2014


WEATHER ITEM   OBSERVED TIME   NORMAL DEPARTURE LAST
                VALUE   (LST)  VALUE  FROM      YEAR
                                      NORMAL
......................................................
TEMPERATURE (F)
 YESTERDAY
  MAXIMUM         91    247 PM  88      3       92
  MINIMUM         71    356 AM  66      5       67
  AVERAGE         81            77      4       80

PRECIPITATION (IN)
  YESTERDAY        0.00          0.11  -0.11     0.65
  MONTH TO DATE    2.15          2.20  -0.05     3.01
  SINCE SEP 1      2.15          2.20  -0.05     3.01
  SINCE JAN 1     42.09         40.59   1.50    60.85

SNOWFALL (IN)
  YESTERDAY        0.0

DEGREE DAYS
 HEATING
  YESTERDAY        0             0      0        0
  MONTH TO DATE    0             0      0        0
  SINCE SEP 1      0             0      0        0
  SINCE JUL 1      0             0      0        0

 COOLING
  YESTERDAY       16            12      4       15
  MONTH TO DATE  248           202     46      231
  SINCE SEP 1    248           202     46      231
  SINCE JAN 1   2133          2082     51     1985
......................................................


WIND (MPH)
  HIGHEST WIND SPEED    13   HIGHEST WIND DIRECTION     S (200)
  HIGHEST GUST SPEED    16   HIGHEST GUST DIRECTION     S (180)
  AVERAGE WIND SPEED     3.8








-  INDICATES NEGATIVE NUMBERS.
R  INDICATES RECORD WAS SET OR TIED.
MM INDICATES DATA IS MISSING.
T  INDICATES TRACE AMOUNT.




$$
