000
CDUS44 KTAE 040632
CLIDHN


CLIMATE REPORT
NATIONAL WEATHER SERVICE TALLAHASSEE FL
131 AM EST WED MAR 4 2015


...................................

...THE DOTHAN CLIMATE SUMMARY FOR MARCH 3 2015...

CLIMATE NORMAL PERIOD 1981 TO 2010
CLIMATE RECORD PERIOD 1965 TO 2015


WEATHER ITEM   OBSERVED TIME   NORMAL DEPARTURE LAST
                VALUE   (LST)  VALUE  FROM      YEAR
                                      NORMAL
......................................................
TEMPERATURE (F)
 YESTERDAY
  MAXIMUM         82    231 PM  69     13       69
  MINIMUM         55    241 AM  44     11       38
  AVERAGE         69            56     13       54

PRECIPITATION (IN)
  YESTERDAY        0.00          0.15  -0.15     0.03
  MONTH TO DATE    T             0.45  -0.45     0.03
  SINCE MAR 1      T             0.45  -0.45     0.03
  SINCE JAN 1      6.67          9.85  -3.18     7.76

SNOWFALL (IN)
  YESTERDAY        0.0

DEGREE DAYS
 HEATING
  YESTERDAY        0             9     -9       11
  MONTH TO DATE   25            27     -2       24
  SINCE MAR 1     25            27     -2       24
  SINCE JUL 1   1712          1586    126     1689

 COOLING
  YESTERDAY        4             1      3        0
  MONTH TO DATE    4             3      1        0
  SINCE MAR 1      4             3      1        0
  SINCE JAN 1      8            13     -5        9
......................................................


WIND (MPH)
  HIGHEST WIND SPEED    17   HIGHEST WIND DIRECTION    SW (210)
  HIGHEST GUST SPEED    22   HIGHEST GUST DIRECTION    SW (210)
  AVERAGE WIND SPEED     6.4








-  INDICATES NEGATIVE NUMBERS.
R  INDICATES RECORD WAS SET OR TIED.
MM INDICATES DATA IS MISSING.
T  INDICATES TRACE AMOUNT.




$$
