000
CDUS44 KTAE 200633
CLIDHN


CLIMATE REPORT
NATIONAL WEATHER SERVICE TALLAHASSEE FL
222 AM EDT SUN APR 20 2014

...................................

...THE DOTHAN CLIMATE SUMMARY FOR APRIL 19 2014...

CLIMATE NORMAL PERIOD 1981 TO 2010
CLIMATE RECORD PERIOD 1965 TO 2014


WEATHER ITEM   OBSERVED TIME   NORMAL DEPARTURE LAST
                VALUE   (LST)  VALUE  FROM      YEAR
                                      NORMAL
......................................................
TEMPERATURE (F)
 YESTERDAY
  MAXIMUM         64    446 PM  79    -15       79
  MINIMUM         53    623 AM  54     -1       48
  AVERAGE         59            66     -7       64

PRECIPITATION (IN)
  YESTERDAY        T             0.13  -0.13     0.82
  MONTH TO DATE    8.42          2.51   5.91     3.75
  SINCE MAR 1     13.72          8.39   5.33     4.90
  SINCE JAN 1     21.45         17.79   3.66    25.90

SNOWFALL (IN)
  YESTERDAY        0.0

DEGREE DAYS
 HEATING
  YESTERDAY        6             2      4        1
  MONTH TO DATE   67            58      9       44
  SINCE MAR 1    333           269     64      385
  SINCE JUL 1   1998          1828    170     1592

 COOLING
  YESTERDAY        0             3     -3        0
  MONTH TO DATE   30            41    -11       54
  SINCE MAR 1     32            62    -30       60
  SINCE JAN 1     41            72    -31       98
......................................................



-  INDICATES NEGATIVE NUMBERS.
R  INDICATES RECORD WAS SET OR TIED.
MM INDICATES DATA IS MISSING.
T  INDICATES TRACE AMOUNT.

$$
