213
CDUS44 KTAE 250635
CLIDHN


CLIMATE REPORT
NATIONAL WEATHER SERVICE TALLAHASSEE FL
234 AM EDT SAT MAR 25 2017


...................................

...THE DOTHAN CLIMATE SUMMARY FOR MARCH 24 2017...

CLIMATE NORMAL PERIOD 1981 TO 2010
CLIMATE RECORD PERIOD 1965 TO 2017


WEATHER ITEM   OBSERVED TIME   NORMAL DEPARTURE LAST
                VALUE   (LST)  VALUE  FROM      YEAR
                                      NORMAL
......................................................
TEMPERATURE (F)
 YESTERDAY
  MAXIMUM         79    334 PM  73      6       78
  MINIMUM         56    534 AM  48      8       53
  AVERAGE         68            60      8       66

PRECIPITATION (IN)
  YESTERDAY        0.00          0.21  -0.21     1.08
  MONTH TO DATE    1.01          4.18  -3.17     3.35
  SINCE MAR 1      1.01          4.18  -3.17     3.35
  SINCE JAN 1     20.60         13.58   7.02    14.20

SNOWFALL (IN)
  YESTERDAY        0.0

DEGREE DAYS
 HEATING
  YESTERDAY        0             5     -5        0
  MONTH TO DATE  171           177     -6      114
  SINCE MAR 1    171           177     -6      114
  SINCE JUL 1   1030          1736   -706     1292

 COOLING
  YESTERDAY        3             1      2        1
  MONTH TO DATE   29            23      6       65
  SINCE MAR 1     29            23      6       65
  SINCE JAN 1     67            33     34       71
......................................................


WIND (MPH)
  HIGHEST WIND SPEED    20   HIGHEST WIND DIRECTION    SE (130)
  HIGHEST GUST SPEED    27   HIGHEST GUST DIRECTION    SE (140)
  AVERAGE WIND SPEED     8.9








-  INDICATES NEGATIVE NUMBERS.
R  INDICATES RECORD WAS SET OR TIED.
MM INDICATES DATA IS MISSING.
T  INDICATES TRACE AMOUNT.




$$
