000
CDUS44 KTAE 130631
CLIDHN


CLIMATE REPORT
NATIONAL WEATHER SERVICE TALLAHASSEE FL
131 AM EST WED DEC 13 2017


...................................

...THE DOTHAN CLIMATE SUMMARY FOR DECEMBER 12 2017...

CLIMATE NORMAL PERIOD 1981 TO 2010
CLIMATE RECORD PERIOD 1965 TO 2017


WEATHER ITEM   OBSERVED TIME   NORMAL DEPARTURE LAST
                VALUE   (LST)  VALUE  FROM      YEAR
                                      NORMAL
......................................................
TEMPERATURE (F)
 YESTERDAY
  MAXIMUM         60    315 PM  63     -3       77
  MINIMUM         41   1159 PM  41      0       52
  AVERAGE         51            52     -1       65

PRECIPITATION (IN)
  YESTERDAY        0.00          0.15  -0.15     0.04
  MONTH TO DATE    2.14          2.13   0.01     8.05
  SINCE DEC 1      2.14          2.13   0.01     8.05
  SINCE JAN 1     49.79         51.71  -1.92    52.86

SNOWFALL (IN)
  YESTERDAY        0.0

DEGREE DAYS
 HEATING
  YESTERDAY       14            14      0        0
  MONTH TO DATE  148           148      0      135
  SINCE DEC 1    148           148      0      135
  SINCE JUL 1    369           425    -56      296
......................................................


WIND (MPH)
  HIGHEST WIND SPEED    25   HIGHEST WIND DIRECTION    NW (320)
  HIGHEST GUST SPEED    33   HIGHEST GUST DIRECTION    NW (320)
  AVERAGE WIND SPEED    12.1








-  INDICATES NEGATIVE NUMBERS.
R  INDICATES RECORD WAS SET OR TIED.
MM INDICATES DATA IS MISSING.
T  INDICATES TRACE AMOUNT.




$$
