000
CDUS44 KTAE 040634
CLIDHN


CLIMATE REPORT
NATIONAL WEATHER SERVICE TALLAHASSEE FL
233 AM EDT WED MAY 4 2016


...................................

...THE DOTHAN CLIMATE SUMMARY FOR MAY 3 2016...

CLIMATE NORMAL PERIOD 1981 TO 2010
CLIMATE RECORD PERIOD 1965 TO 2016


WEATHER ITEM   OBSERVED TIME   NORMAL DEPARTURE LAST
                VALUE   (LST)  VALUE  FROM      YEAR
                                      NORMAL
......................................................
TEMPERATURE (F)
 YESTERDAY
  MAXIMUM         83    144 PM  83      0       82
  MINIMUM         68   1159 PM  59      9       53
  AVERAGE         76            71      5       68

PRECIPITATION (IN)
  YESTERDAY        0.27          0.10   0.17     0.00
  MONTH TO DATE    0.38          0.28   0.10     0.00
  SINCE MAR 1     12.33          9.68   2.65    12.16
  SINCE JAN 1     23.18         19.08   4.10    18.83

SNOWFALL (IN)
  YESTERDAY        0.0

DEGREE DAYS
 COOLING
  YESTERDAY       11             6      5        3
  MONTH TO DATE   34            18     16        3
  SINCE MAR 1    194           129     65      243
  SINCE JAN 1    200           139     61      247
......................................................


WIND (MPH)
  HIGHEST WIND SPEED    16   HIGHEST WIND DIRECTION    NW (310)
  HIGHEST GUST SPEED    19   HIGHEST GUST DIRECTION    NW (320)
  AVERAGE WIND SPEED     7.6








-  INDICATES NEGATIVE NUMBERS.
R  INDICATES RECORD WAS SET OR TIED.
MM INDICATES DATA IS MISSING.
T  INDICATES TRACE AMOUNT.




$$
