000
CDUS44 KAMA 030739
CLIDHT


CLIMATE REPORT
NATIONAL WEATHER SERVICE AMARILLO TX
139 AM CST SAT DEC 3 2016


...................................

...THE DALHART CLIMATE SUMMARY FOR DECEMBER 2 2016...

CLIMATE NORMAL PERIOD 1981 TO 2010
CLIMATE RECORD PERIOD 1948 TO 2016


WEATHER ITEM   OBSERVED TIME   RECORD YEAR NORMAL DEPARTURE LAST
                VALUE   (LST)  VALUE       VALUE  FROM      YEAR
                                                  NORMAL
..................................................................
TEMPERATURE (F)
 YESTERDAY
  MAXIMUM         48    148 PM  78    1995  52     -4       56
  MINIMUM         25    156 AM   5    1985  22      3       24
  AVERAGE         37                        37      0       40

PRECIPITATION (IN)
  YESTERDAY        0.02          0.30 1971   0.01   0.01     0.00
  MONTH TO DATE    0.02                      0.03  -0.01     0.00
  SINCE DEC 1      0.02                      0.03  -0.01     0.00
  SINCE JAN 1     18.90                     17.08   1.82    20.82

SNOWFALL (IN)
  YESTERDAY       MM             2.0  1971   0.1   MM        0.0
  MONTH TO DATE    0.0                       0.2   -0.2      0.0
  SINCE DEC 1      0.0                       0.2   -0.2      0.0
  SINCE JUL 1      0.0                       2.1   -2.1      0.5
  SNOW DEPTH       0

DEGREE DAYS
 HEATING
  YESTERDAY       28                        28      0       25
  MONTH TO DATE   60                        56      4       54
  SINCE DEC 1     60                        56      4       54
  SINCE JUL 1    636                      1051   -415      764

 COOLING
  YESTERDAY        0                         0      0        0
  MONTH TO DATE    0                         0      0        0
  SINCE DEC 1      0                         0      0        0
  SINCE JAN 1   1556                      1138    418     1538
..................................................................


WIND (MPH)
  RESULTANT WIND SPEED  10   RESULTANT WIND DIRECTION  NE (50)
  HIGHEST WIND SPEED    22   HIGHEST WIND DIRECTION    NE (60)
  HIGHEST GUST SPEED    27   HIGHEST GUST DIRECTION     E (80)
  AVERAGE WIND SPEED    10.9


SKY COVER
  AVERAGE SKY COVER 0.5


WEATHER CONDITIONS
 THE FOLLOWING WEATHER WAS RECORDED YESTERDAY.
  LIGHT SNOW
  FOG


RELATIVE HUMIDITY (PERCENT)
 HIGHEST    63           700 AM
 LOWEST     28           100 PM
 AVERAGE    46

..........................................................


THE DALHART CLIMATE NORMALS FOR TODAY
                         NORMAL    RECORD    YEAR
 MAXIMUM TEMPERATURE (F)   51        75      2010
 MINIMUM TEMPERATURE (F)   22         7      1964


SUNRISE AND SUNSET
DECEMBER  3 2016......SUNRISE   745 AM CST   SUNSET   536 PM CST
DECEMBER  4 2016......SUNRISE   745 AM CST   SUNSET   536 PM CST


-  INDICATES NEGATIVE NUMBERS.
R  INDICATES RECORD WAS SET OR TIED.
MM INDICATES DATA IS MISSING.
T  INDICATES TRACE AMOUNT.




$$
