000
CDUS44 KAMA 220728
CLIDHT


CLIMATE REPORT
NATIONAL WEATHER SERVICE AMARILLO TX
127 AM CST WED NOV 22 2017


...................................

...THE DALHART CLIMATE SUMMARY FOR NOVEMBER 21 2017...

CLIMATE NORMAL PERIOD 1981 TO 2010
CLIMATE RECORD PERIOD 1948 TO 2017


WEATHER ITEM   OBSERVED TIME   RECORD YEAR NORMAL DEPARTURE LAST
                VALUE   (LST)  VALUE       VALUE  FROM      YEAR
                                                  NORMAL
..................................................................
TEMPERATURE (F)
 YESTERDAY
  MAXIMUM         65   1153 AM  78    1966  57      8       68
  MINIMUM         30   1122 PM   6    1972  26      4       35
  AVERAGE         48                        41      7       52

PRECIPITATION (IN)
  YESTERDAY        0.00          0.44 1992   0.01  -0.01      T
  MONTH TO DATE    0.13                      0.45  -0.32     1.13
  SINCE SEP 1      7.17                      3.57   3.60     4.65
  SINCE JAN 1     24.41                     16.92   7.49    18.84

SNOWFALL (IN)
  YESTERDAY        0.0           4.4  1992   0.0    0.0      0.0
  MONTH TO DATE    2.3                       0.7    1.6      0.0
  SINCE SEP 1      2.3                       1.3    1.0      0.0
  SINCE JUL 1      2.3                       1.3    1.0      0.0
  SNOW DEPTH       0

DEGREE DAYS
 HEATING
  YESTERDAY       17                        24     -7       13
  MONTH TO DATE  273                       401   -128      257
  SINCE SEP 1    550                       758   -208      378
  SINCE JUL 1    550                       761   -211      378

 COOLING
  YESTERDAY        0                         0      0        0
  MONTH TO DATE    5                         0      5        0
  SINCE SEP 1    201                       142     59      281
  SINCE JAN 1   1349                      1138    211     1556
..................................................................


WIND (MPH)
  RESULTANT WIND SPEED  14   RESULTANT WIND DIRECTION   N (10)
  HIGHEST WIND SPEED    37   HIGHEST WIND DIRECTION     N (10)
  HIGHEST GUST SPEED    43   HIGHEST GUST DIRECTION     N (10)
  AVERAGE WIND SPEED    14.8


SKY COVER
  AVERAGE SKY COVER 0.0


WEATHER CONDITIONS
 THE FOLLOWING WEATHER WAS RECORDED YESTERDAY.
  HAZE


RELATIVE HUMIDITY (PERCENT)
 HIGHEST    72          1100 PM
 LOWEST     21          1000 AM
 AVERAGE    47

..........................................................


THE DALHART CLIMATE NORMALS FOR TODAY
                         NORMAL    RECORD    YEAR
 MAXIMUM TEMPERATURE (F)   56        81      1998
 MINIMUM TEMPERATURE (F)   25         3      1972


SUNRISE AND SUNSET
NOVEMBER 22 2017......SUNRISE   734 AM CST   SUNSET   539 PM CST
NOVEMBER 23 2017......SUNRISE   735 AM CST   SUNSET   538 PM CST


-  INDICATES NEGATIVE NUMBERS.
R  INDICATES RECORD WAS SET OR TIED.
MM INDICATES DATA IS MISSING.
T  INDICATES TRACE AMOUNT.




$$
