639
CDUS44 KAMA 102238
CLIDHT


CLIMATE REPORT
NATIONAL WEATHER SERVICE AMARILLO TX
437 PM CST WED FEB 10 2016


...................................

...THE DALHART CLIMATE SUMMARY FOR FEBRUARY 10 2016...
VALID TODAY AS OF 0400 PM LOCAL TIME.

CLIMATE NORMAL PERIOD 1981 TO 2010
CLIMATE RECORD PERIOD 1948 TO 2016


WEATHER ITEM   OBSERVED TIME   RECORD YEAR NORMAL DEPARTURE LAST
                VALUE   (LST)  VALUE       VALUE  FROM      YEAR
                                                  NORMAL
..................................................................
TEMPERATURE (F)
 TODAY
  MAXIMUM         81R   338 PM  80    1962  52     29       70
  MINIMUM         28    137 AM  -3    1981  22      6       34
  AVERAGE         55                        37     18       52

PRECIPITATION (IN)
  TODAY            0.00          0.25 1963   0.01  -0.01     0.00
  MONTH TO DATE    0.03                      0.15  -0.12      T
  SINCE DEC 1      0.55                      1.21  -0.66     2.05
  SINCE JAN 1      0.14                      0.67  -0.53     1.72

SNOWFALL (IN)
  TODAY            0.0           1.4  1953   0.1   -0.1      0.0
  MONTH TO DATE    0.5                       1.3   -0.8       T
  SINCE DEC 1      3.5                       9.9   -6.4     17.7
  SINCE JUL 1      4.0                      11.8   -7.8     19.2
  SNOW DEPTH       0

DEGREE DAYS
 HEATING
  TODAY           10                        28    -18       13
  MONTH TO DATE  277                       288    -11      162
  SINCE DEC 1   1931                      2175   -244     1897
  SINCE JUL 1   2641                      3170   -529     2750

 COOLING
  TODAY            0                         0      0        0
  MONTH TO DATE    0                         0      0        0
  SINCE DEC 1      0                         0      0        0
  SINCE JAN 1      0                         0      0        0
..................................................................


WIND (MPH)
  RESULTANT WIND SPEED  10   RESULTANT WIND DIRECTION   W (270)
  HIGHEST WIND SPEED    16   HIGHEST WIND DIRECTION     W (270)
  HIGHEST GUST SPEED    21   HIGHEST GUST DIRECTION    SW (240)
  AVERAGE WIND SPEED    10.8


SKY COVER
  AVERAGE SKY COVER 0.0


WEATHER CONDITIONS
 THE FOLLOWING WEATHER WAS RECORDED TODAY.
  NO SIGNIFICANT WEATHER WAS OBSERVED.


RELATIVE HUMIDITY (PERCENT)
 HIGHEST    63           200 AM
 LOWEST      4           300 PM
 AVERAGE    34

..........................................................


THE DALHART CLIMATE NORMALS FOR TOMORROW
                         NORMAL    RECORD    YEAR
 MAXIMUM TEMPERATURE (F)   52        83      1962
 MINIMUM TEMPERATURE (F)   22       -10      1986


SUNRISE AND SUNSET
FEBRUARY 10 2016......SUNRISE   743 AM CST   SUNSET   626 PM CST
FEBRUARY 11 2016......SUNRISE   742 AM CST   SUNSET   627 PM CST


-  INDICATES NEGATIVE NUMBERS.
R  INDICATES RECORD WAS SET OR TIED.
MM INDICATES DATA IS MISSING.
T  INDICATES TRACE AMOUNT.




$$
