000
CDUS43 KBIS 070859
CLIDIK


CLIMATE REPORT
NATIONAL WEATHER SERVICE BISMARCK ND
259 AM CST WED DEC 7 2016


...................................

...THE DICKINSON ND CLIMATE SUMMARY FOR DECEMBER 6 2016...

CLIMATE NORMAL PERIOD 1981 TO 2010
CLIMATE RECORD PERIOD 1893 TO 2016


WEATHER ITEM   OBSERVED TIME   RECORD YEAR NORMAL DEPARTURE LAST
                VALUE   (LST)  VALUE       VALUE  FROM      YEAR
                                                  NORMAL
..................................................................
TEMPERATURE (F)
 YESTERDAY
  MAXIMUM          5    356 AM  65    1939  30    -25       53
  MINIMUM         -1   1159 PM -28    1972  10    -11       24
  AVERAGE          2                        20    -18       39

PRECIPITATION (IN)
  YESTERDAY        0.02          0.64 1901   0.01   0.01     0.00
  MONTH TO DATE    0.04                      0.05  -0.01     0.01
  SINCE DEC 1      0.04                      0.05  -0.01     0.01
  SINCE JAN 1     16.41                     15.58   0.83    11.19

DEGREE DAYS
 HEATING
  YESTERDAY       63                        45     18       26
  MONTH TO DATE  275                       264     11      181
  SINCE DEC 1    275                       264     11      181
  SINCE JUL 1   1942                      2341   -399     1855

 COOLING
  YESTERDAY        0                         0      0        0
  MONTH TO DATE    0                         0      0        0
  SINCE DEC 1      0                         0      0        0
  SINCE JAN 1    315                       419   -104      467
..................................................................


WIND (MPH)
  HIGHEST WIND SPEED    36   HIGHEST WIND DIRECTION    NW (300)
  HIGHEST GUST SPEED    44   HIGHEST GUST DIRECTION    NW (300)
  AVERAGE WIND SPEED    29.7


SKY COVER
  POSSIBLE SUNSHINE  MM
  AVERAGE SKY COVER 1.0


WEATHER CONDITIONS
 THE FOLLOWING WEATHER WAS RECORDED YESTERDAY.
  LIGHT SNOW
  FOG
  HAZE
  BLOWING SNOW


RELATIVE HUMIDITY (PERCENT)
 HIGHEST    87          1200 AM
 LOWEST     72          1100 PM
 AVERAGE    80

..........................................................


THE DICKINSON ND CLIMATE NORMALS FOR TODAY
                         NORMAL    RECORD    YEAR
 MAXIMUM TEMPERATURE (F)   30        55      1923
 MINIMUM TEMPERATURE (F)   10       -27      1936


SUNRISE AND SUNSET
DECEMBER  7 2016......SUNRISE   723 AM MST   SUNSET   403 PM MST
DECEMBER  8 2016......SUNRISE   724 AM MST   SUNSET   403 PM MST


-  INDICATES NEGATIVE NUMBERS.
R  INDICATES RECORD WAS SET OR TIED.
MM INDICATES DATA IS MISSING.
T  INDICATES TRACE AMOUNT.




$$
