000
CDUS43 KBIS 230846
CLIDIK


CLIMATE REPORT
NATIONAL WEATHER SERVICE BISMARCK ND
245 AM CST FRI FEB 23 2018


...................................

...THE DICKINSON ND CLIMATE SUMMARY FOR FEBRUARY 22 2018...

CLIMATE NORMAL PERIOD 1981 TO 2010
CLIMATE RECORD PERIOD 1893 TO 2018


WEATHER ITEM   OBSERVED TIME   RECORD YEAR NORMAL DEPARTURE LAST
                VALUE   (LST)  VALUE       VALUE  FROM      YEAR
                                                  NORMAL
..................................................................
TEMPERATURE (F)
 YESTERDAY
  MAXIMUM         22    234 PM  66    2002  33    -11       34
  MINIMUM        -10    705 AM -34    1910  12    -22       23
  AVERAGE          6                        22    -16       29

PRECIPITATION (IN)
  YESTERDAY        T             0.58 1961   0.02  -0.02     0.12
  MONTH TO DATE    0.13                      0.24  -0.11     0.23
  SINCE DEC 1      0.29                      0.78  -0.49     0.46
  SINCE JAN 1      0.16                      0.54  -0.38     0.30

DEGREE DAYS
 HEATING
  YESTERDAY       59                        43     16       36
  MONTH TO DATE 1336                       996    340      913
  SINCE DEC 1   4289                      3966    323     4185
  SINCE JUL 1   6242                      6043    199     5852

 COOLING
  YESTERDAY        0                         0      0        0
  MONTH TO DATE    0                         0      0        0
  SINCE DEC 1      0                         0      0        0
  SINCE JAN 1      0                         0      0        0
..................................................................


WIND (MPH)
  HIGHEST WIND SPEED    15   HIGHEST WIND DIRECTION    NW (300)
  HIGHEST GUST SPEED    16   HIGHEST GUST DIRECTION     W (290)
  AVERAGE WIND SPEED     5.3


SKY COVER
  POSSIBLE SUNSHINE  MM
  AVERAGE SKY COVER 0.1


WEATHER CONDITIONS
 THE FOLLOWING WEATHER WAS RECORDED YESTERDAY.
  NO SIGNIFICANT WEATHER WAS OBSERVED.


RELATIVE HUMIDITY (PERCENT)
 HIGHEST    80           700 PM
 LOWEST     51           400 PM
 AVERAGE    66

..........................................................


THE DICKINSON ND CLIMATE NORMALS FOR TODAY
                         NORMAL    RECORD    YEAR
 MAXIMUM TEMPERATURE (F)   33        65      1958
 MINIMUM TEMPERATURE (F)   12       -28      1910


SUNRISE AND SUNSET
FEBRUARY 23 2018......SUNRISE   642 AM MST   SUNSET   528 PM MST
FEBRUARY 24 2018......SUNRISE   640 AM MST   SUNSET   530 PM MST


-  INDICATES NEGATIVE NUMBERS.
R  INDICATES RECORD WAS SET OR TIED.
MM INDICATES DATA IS MISSING.
T  INDICATES TRACE AMOUNT.




$$
