215
CDUS43 KBIS 270846
CLIDIK


CLIMATE REPORT
NATIONAL WEATHER SERVICE BISMARCK ND
345 AM CDT TUE JUN 27 2017


...................................

...THE DICKINSON ND CLIMATE SUMMARY FOR JUNE 26 2017...

CLIMATE NORMAL PERIOD 1981 TO 2010
CLIMATE RECORD PERIOD 1893 TO 2017


WEATHER ITEM   OBSERVED TIME   RECORD YEAR NORMAL DEPARTURE LAST
                VALUE   (LST)  VALUE       VALUE  FROM      YEAR
                                                  NORMAL
..................................................................
TEMPERATURE (F)
 YESTERDAY
  MAXIMUM         79    357 PM  98    2012  79      0       78
                                      1961
  MINIMUM         41    332 AM  40    1968  52    -11       51
  AVERAGE         60                        65     -5       65

PRECIPITATION (IN)
  YESTERDAY        0.00          1.80 1955   0.11  -0.11     0.16
  MONTH TO DATE    0.58                      2.79  -2.21     2.66
  SINCE JUN 1      0.58                      2.79  -2.21     2.66
  SINCE JAN 1      2.91                      7.90  -4.99     7.08

DEGREE DAYS
 HEATING
  YESTERDAY        5                         3      2        0
  MONTH TO DATE   85                       128    -43       52
  SINCE JUN 1     85                       128    -43       52
  SINCE JUL 1   8288                      8568   -280     7389

 COOLING
  YESTERDAY        0                         3     -3        0
  MONTH TO DATE   38                        42     -4       53
  SINCE JUN 1     38                        42     -4       53
  SINCE JAN 1     48                        52     -4       56
..................................................................


WIND (MPH)
  HIGHEST WIND SPEED    28   HIGHEST WIND DIRECTION     S (170)
  HIGHEST GUST SPEED    35   HIGHEST GUST DIRECTION     S (170)
  AVERAGE WIND SPEED    12.6


SKY COVER
  POSSIBLE SUNSHINE  MM
  AVERAGE SKY COVER 0.0


WEATHER CONDITIONS
 THE FOLLOWING WEATHER WAS RECORDED YESTERDAY.
  NO SIGNIFICANT WEATHER WAS OBSERVED.


RELATIVE HUMIDITY (PERCENT)
 HIGHEST    89           400 AM
 LOWEST     15           300 PM
 AVERAGE    52

..........................................................


THE DICKINSON ND CLIMATE NORMALS FOR TODAY
                         NORMAL    RECORD    YEAR
 MAXIMUM TEMPERATURE (F)   79       103      1936
 MINIMUM TEMPERATURE (F)   52        35      1895


SUNRISE AND SUNSET
JUNE 27 2017..........SUNRISE   459 AM MDT   SUNSET   849 PM MDT
JUNE 28 2017..........SUNRISE   500 AM MDT   SUNSET   849 PM MDT


-  INDICATES NEGATIVE NUMBERS.
R  INDICATES RECORD WAS SET OR TIED.
MM INDICATES DATA IS MISSING.
T  INDICATES TRACE AMOUNT.




$$
