000
CDUS43 KBIS 162237
CLIDIK


CLIMATE REPORT
NATIONAL WEATHER SERVICE BISMARCK ND
537 PM CDT MON OCT 16 2017


...................................

...THE DICKINSON ND CLIMATE SUMMARY FOR OCTOBER 16 2017...
VALID TODAY AS OF 0500 PM LOCAL TIME.

CLIMATE NORMAL PERIOD 1981 TO 2010
CLIMATE RECORD PERIOD 1893 TO 2017


WEATHER ITEM   OBSERVED TIME   RECORD YEAR NORMAL DEPARTURE LAST
                VALUE   (LST)  VALUE       VALUE  FROM      YEAR
                                                  NORMAL
..................................................................
TEMPERATURE (F)
 TODAY
  MAXIMUM         69    300 PM  84    1991  57     12       66
  MINIMUM         37    100 AM  12    1992  31      6       37
                                      1948
  AVERAGE         53                        44      9       52

PRECIPITATION (IN)
  TODAY            0.00          1.34 1980   0.05  -0.05      T
  MONTH TO DATE    0.06                      0.72  -0.66     0.91
  SINCE SEP 1      2.89                      2.19   0.70     4.33
  SINCE JAN 1     10.13                     14.48  -4.35    15.96

DEGREE DAYS
 HEATING
  TODAY           12                        21     -9       13
  MONTH TO DATE  316                       288     28      298
  SINCE SEP 1    561                       556      5      527
  SINCE JUL 1    612                       642    -30      587

 COOLING
  TODAY            0                         0      0        0
  MONTH TO DATE    0                         0      0        0
  SINCE SEP 1     41                        32      9       21
  SINCE JAN 1    487                       418     69      315
..................................................................


WIND (MPH)
  RESULTANT WIND SPEED  13   RESULTANT WIND DIRECTION   W (250)
  HIGHEST WIND SPEED    22   HIGHEST WIND DIRECTION     W (290)
  HIGHEST GUST SPEED    31   HIGHEST GUST DIRECTION     W (280)
  AVERAGE WIND SPEED    15.5


SKY COVER
  POSSIBLE SUNSHINE   0 PERCENT
  AVERAGE SKY COVER 0.0


WEATHER CONDITIONS
 THE FOLLOWING WEATHER WAS RECORDED TODAY.
  NO SIGNIFICANT WEATHER WAS OBSERVED.


RELATIVE HUMIDITY (PERCENT)
 HIGHEST     0          1200 AM
 LOWEST      0          1200 AM
 AVERAGE     0

..........................................................


THE DICKINSON ND CLIMATE NORMALS FOR TOMORROW
                         NORMAL    RECORD    YEAR
 MAXIMUM TEMPERATURE (F)   56        87      1929
 MINIMUM TEMPERATURE (F)   31        10      1948


SUNRISE AND SUNSET
OCTOBER 16 2017.......SUNRISE   711 AM MDT   SUNSET   602 PM MDT
OCTOBER 17 2017.......SUNRISE   712 AM MDT   SUNSET   600 PM MDT


-  INDICATES NEGATIVE NUMBERS.
R  INDICATES RECORD WAS SET OR TIED.
MM INDICATES DATA IS MISSING.
T  INDICATES TRACE AMOUNT.




$$
