000
CDUS43 KBIS 050732
CLIDIK


CLIMATE REPORT
NATIONAL WEATHER SERVICE BISMARCK ND
132 AM CST THU MAR 5 2015


...................................

...THE DICKINSON ND CLIMATE SUMMARY FOR MARCH 4 2015...

CLIMATE NORMAL PERIOD 1981 TO 2010
CLIMATE RECORD PERIOD 1903 TO 2015


WEATHER ITEM   OBSERVED TIME   RECORD YEAR NORMAL DEPARTURE LAST
                VALUE   (LST)  VALUE       VALUE  FROM      YEAR
                                                  NORMAL
..................................................................
TEMPERATURE (F)
 YESTERDAY
  MAXIMUM         12    407 PM  68    2000  36    -24       15
  MINIMUM         -6    712 AM -22    1920  15    -21        4
  AVERAGE          3                        25    -22       10

PRECIPITATION (IN)
  YESTERDAY        0.00          0.60 1966   0.01  -0.01     0.03
  MONTH TO DATE    T                         0.06  -0.06     0.03
  SINCE MAR 1      T                         0.06  -0.06     0.03
  SINCE JAN 1      0.27                      0.69  -0.42     0.20

DEGREE DAYS
 HEATING
  YESTERDAY       62                        40     22       55
  MONTH TO DATE  208                       161     47      262
  SINCE MAR 1    208                       161     47      262
  SINCE JUL 1   6323                      6455   -132     6904

 COOLING
  YESTERDAY        0                         0      0        0
  MONTH TO DATE    0                         0      0        0
  SINCE MAR 1      0                         0      0        0
  SINCE JAN 1      0                         0      0        0
..................................................................


WIND (MPH)
  HIGHEST WIND SPEED    22   HIGHEST WIND DIRECTION    NW (320)
  HIGHEST GUST SPEED    29   HIGHEST GUST DIRECTION    NW (330)
  AVERAGE WIND SPEED    11.6


SKY COVER
  POSSIBLE SUNSHINE  MM
  AVERAGE SKY COVER 0.1


WEATHER CONDITIONS
 THE FOLLOWING WEATHER WAS RECORDED YESTERDAY.
  NO SIGNIFICANT WEATHER WAS OBSERVED.


RELATIVE HUMIDITY (PERCENT)
 HIGHEST    72           200 AM
 LOWEST     41           200 PM
 AVERAGE    57

..........................................................


THE DICKINSON ND CLIMATE NORMALS FOR TODAY
                         NORMAL    RECORD    YEAR
 MAXIMUM TEMPERATURE (F)   36        71      2000
 MINIMUM TEMPERATURE (F)   15       -20      1919


SUNRISE AND SUNSET
MARCH  5 2015.........SUNRISE   624 AM MST   SUNSET   542 PM MST
MARCH  6 2015.........SUNRISE   622 AM MST   SUNSET   544 PM MST


-  INDICATES NEGATIVE NUMBERS.
R  INDICATES RECORD WAS SET OR TIED.
MM INDICATES DATA IS MISSING.
T  INDICATES TRACE AMOUNT.




$$
