000
CDUS43 KBIS 230723
CLIDIK


CLIMATE REPORT
NATIONAL WEATHER SERVICE BISMARCK ND
222 AM CDT TUE MAY 23 2017


...................................

...THE DICKINSON ND CLIMATE SUMMARY FOR MAY 22 2017...

CLIMATE NORMAL PERIOD 1981 TO 2010
CLIMATE RECORD PERIOD 1893 TO 2017


WEATHER ITEM   OBSERVED TIME   RECORD YEAR NORMAL DEPARTURE LAST
                VALUE   (LST)  VALUE       VALUE  FROM      YEAR
                                                  NORMAL
..................................................................
TEMPERATURE (F)
 YESTERDAY
  MAXIMUM         62    350 PM  99    1980  68     -6       78
  MINIMUM         43   1154 PM  24    1918  42      1       48
  AVERAGE         53                        55     -2       63

PRECIPITATION (IN)
  YESTERDAY        T             2.60 1903   0.08  -0.08      T
  MONTH TO DATE    1.19                      1.58  -0.39     0.03
  SINCE MAR 1      2.03                      3.74  -1.71     2.66
  SINCE JAN 1      2.31                      4.37  -2.06     3.08

DEGREE DAYS
 HEATING
  YESTERDAY       12                        10      2        2
  MONTH TO DATE  252                       298    -46      283
  SINCE MAR 1   1968                      2066    -98     1829
  SINCE JUL 1   8098                      8360   -262     7238

 COOLING
  YESTERDAY        0                         0      0        0
  MONTH TO DATE   10                         0     10        3
  SINCE MAR 1     10                         1      9        3
  SINCE JAN 1     10                         1      9        3
..................................................................


WIND (MPH)
  HIGHEST WIND SPEED    22   HIGHEST WIND DIRECTION    NW (330)
  HIGHEST GUST SPEED    30   HIGHEST GUST DIRECTION     N (340)
  AVERAGE WIND SPEED    12.6


SKY COVER
  POSSIBLE SUNSHINE  MM
  AVERAGE SKY COVER 0.8


WEATHER CONDITIONS
 THE FOLLOWING WEATHER WAS RECORDED YESTERDAY.
  LIGHT RAIN


RELATIVE HUMIDITY (PERCENT)
 HIGHEST    83           400 AM
 LOWEST     35           300 PM
 AVERAGE    59

..........................................................


THE DICKINSON ND CLIMATE NORMALS FOR TODAY
                         NORMAL    RECORD    YEAR
 MAXIMUM TEMPERATURE (F)   68        93      1928
 MINIMUM TEMPERATURE (F)   43        25      1917


SUNRISE AND SUNSET
MAY 23 2017...........SUNRISE   508 AM MDT   SUNSET   829 PM MDT
MAY 24 2017...........SUNRISE   507 AM MDT   SUNSET   830 PM MDT


-  INDICATES NEGATIVE NUMBERS.
R  INDICATES RECORD WAS SET OR TIED.
MM INDICATES DATA IS MISSING.
T  INDICATES TRACE AMOUNT.




$$
