267
CDUS43 KBIS 272214
CLIDIK


CLIMATE REPORT
NATIONAL WEATHER SERVICE BISMARCK ND
514 PM CDT TUE SEP 27 2016


...................................

...THE DICKINSON ND CLIMATE SUMMARY FOR SEPTEMBER 27 2016...
VALID TODAY AS OF 0500 PM LOCAL TIME.

CLIMATE NORMAL PERIOD 1981 TO 2010
CLIMATE RECORD PERIOD 1893 TO 2016


WEATHER ITEM   OBSERVED TIME   RECORD YEAR NORMAL DEPARTURE LAST
                VALUE   (LST)  VALUE       VALUE  FROM      YEAR
                                                  NORMAL
..................................................................
TEMPERATURE (F)
 TODAY
  MAXIMUM         77        MM  96    1898  66     11       76
  MINIMUM         39        MM  14    1928  38      1       52
  AVERAGE         58                        52      6       64

PRECIPITATION (IN)
  TODAY            0.00          0.83 1982   0.05  -0.05      T
  MONTH TO DATE    3.42                      1.33   2.09     0.30
  SINCE SEP 1      3.42                      1.33   2.09     0.30
  SINCE JAN 1     15.05                     13.62   1.43     9.79

DEGREE DAYS
 HEATING
  TODAY            7                        13     -6        1
  MONTH TO DATE  211                       225    -14       99
  SINCE SEP 1    211                       225    -14       99
  SINCE JUL 1    271                       311    -40      157

 COOLING
  TODAY            0                         0      0        0
  MONTH TO DATE   21                        30     -9       71
  SINCE SEP 1     21                        30     -9       71
  SINCE JAN 1    315                       416   -101      462
..................................................................


WIND (MPH)
  RESULTANT WIND SPEED   4   RESULTANT WIND DIRECTION   W (270)
  HIGHEST WIND SPEED    10   HIGHEST WIND DIRECTION    NW (330)
  HIGHEST GUST SPEED    MM   HIGHEST GUST DIRECTION    MM
  AVERAGE WIND SPEED     4.5


SKY COVER
  POSSIBLE SUNSHINE  MM
  AVERAGE SKY COVER 0.0


WEATHER CONDITIONS
 THE FOLLOWING WEATHER WAS RECORDED TODAY.
  HAZE


RELATIVE HUMIDITY (PERCENT)
 HIGHEST    93           600 AM
 LOWEST     31           200 PM
 AVERAGE    62

..........................................................


THE DICKINSON ND CLIMATE NORMALS FOR TOMORROW
                         NORMAL    RECORD    YEAR
 MAXIMUM TEMPERATURE (F)   65        98      1905
 MINIMUM TEMPERATURE (F)   38        18      1895


SUNRISE AND SUNSET
SEPTEMBER 27 2016.....SUNRISE   645 AM MDT   SUNSET   638 PM MDT
SEPTEMBER 28 2016.....SUNRISE   647 AM MDT   SUNSET   636 PM MDT


-  INDICATES NEGATIVE NUMBERS.
R  INDICATES RECORD WAS SET OR TIED.
MM INDICATES DATA IS MISSING.
T  INDICATES TRACE AMOUNT.




$$
