000
CDUS43 KBIS 250852
CLIDIK


CLIMATE REPORT
NATIONAL WEATHER SERVICE BISMARCK ND
352 AM CDT THU AUG 25 2016


...................................

...THE DICKINSON ND CLIMATE SUMMARY FOR AUGUST 24 2016...

CLIMATE NORMAL PERIOD 1981 TO 2010
CLIMATE RECORD PERIOD 1893 TO 2016


WEATHER ITEM   OBSERVED TIME   RECORD YEAR NORMAL DEPARTURE LAST
                VALUE   (LST)  VALUE       VALUE  FROM      YEAR
                                                  NORMAL
..................................................................
TEMPERATURE (F)
 YESTERDAY
  MAXIMUM         72    125 PM 100    1997  82    -10       79
                                      1996
  MINIMUM         51   1159 PM  29    1896  52     -1       37
  AVERAGE         62                        67     -5       58

PRECIPITATION (IN)
  YESTERDAY        0.00          0.55 1989   0.05  -0.05     0.00
  MONTH TO DATE    0.61                      1.19  -0.58     0.76
  SINCE JUN 1      7.17                      6.83   0.34     6.06
  SINCE JAN 1     11.59                     11.94  -0.35     9.49

DEGREE DAYS
 HEATING
  YESTERDAY        3                         2      1        7
  MONTH TO DATE   30                        31     -1       44
  SINCE JUN 1    106                       202    -96      126
  SINCE JUL 1     47                        65    -18       58

 COOLING
  YESTERDAY        0                         4     -4        0
  MONTH TO DATE   81                       130    -49      114
  SINCE JUN 1    272                       349    -77      344
  SINCE JAN 1    275                       359    -84      344
..................................................................


WIND (MPH)
  HIGHEST WIND SPEED    31   HIGHEST WIND DIRECTION     W (290)
  HIGHEST GUST SPEED    39   HIGHEST GUST DIRECTION    NW (300)
  AVERAGE WIND SPEED    20.2


SKY COVER
  POSSIBLE SUNSHINE  MM
  AVERAGE SKY COVER 0.5


WEATHER CONDITIONS
 THE FOLLOWING WEATHER WAS RECORDED YESTERDAY.
  NO SIGNIFICANT WEATHER WAS OBSERVED.


RELATIVE HUMIDITY (PERCENT)
 HIGHEST    83           500 AM
 LOWEST     37           100 PM
 AVERAGE    60

..........................................................


THE DICKINSON ND CLIMATE NORMALS FOR TODAY
                         NORMAL    RECORD    YEAR
 MAXIMUM TEMPERATURE (F)   81       103      1991
 MINIMUM TEMPERATURE (F)   52        33      1910


SUNRISE AND SUNSET
AUGUST 25 2016........SUNRISE   602 AM MDT   SUNSET   743 PM MDT
AUGUST 26 2016........SUNRISE   604 AM MDT   SUNSET   741 PM MDT


-  INDICATES NEGATIVE NUMBERS.
R  INDICATES RECORD WAS SET OR TIED.
MM INDICATES DATA IS MISSING.
T  INDICATES TRACE AMOUNT.




$$
