000
CDUS43 KBIS 040746
CLIDIK


CLIMATE REPORT
NATIONAL WEATHER SERVICE BISMARCK ND
246 AM CDT WED MAY 4 2016


...................................

...THE DICKINSON ND CLIMATE SUMMARY FOR MAY 3 2016...

CLIMATE NORMAL PERIOD 1981 TO 2010
CLIMATE RECORD PERIOD 1893 TO 2016


WEATHER ITEM   OBSERVED TIME   RECORD YEAR NORMAL DEPARTURE LAST
                VALUE   (LST)  VALUE       VALUE  FROM      YEAR
                                                  NORMAL
..................................................................
TEMPERATURE (F)
 YESTERDAY
  MAXIMUM         76    406 PM  92    1985  62     14       64
                                      1952
  MINIMUM         35    458 AM   4    1967  36     -1       34
  AVERAGE         56                        49      7       49

PRECIPITATION (IN)
  YESTERDAY        0.00          0.81 1919   0.07  -0.07     0.00
  MONTH TO DATE    0.00                      0.21  -0.21     0.00
  SINCE MAR 1      2.63                      2.37   0.26     1.50
  SINCE JAN 1      3.05                      3.00   0.05     1.77

DEGREE DAYS
 HEATING
  YESTERDAY        9                        16     -7       16
  MONTH TO DATE   41                        50     -9       29
  SINCE MAR 1   1587                      1818   -231     1496
  SINCE JUL 1   6996                      8112  -1116     7611

 COOLING
  YESTERDAY        0                         0      0        0
  MONTH TO DATE    0                         0      0        0
  SINCE MAR 1      0                         1     -1        0
  SINCE JAN 1      0                         1     -1        0
..................................................................


WIND (MPH)
  HIGHEST WIND SPEED    22   HIGHEST WIND DIRECTION     N (340)
  HIGHEST GUST SPEED    31   HIGHEST GUST DIRECTION     N (340)
  AVERAGE WIND SPEED     9.8


SKY COVER
  POSSIBLE SUNSHINE  MM
  AVERAGE SKY COVER 0.0


WEATHER CONDITIONS
 THE FOLLOWING WEATHER WAS RECORDED YESTERDAY.
  NO SIGNIFICANT WEATHER WAS OBSERVED.


RELATIVE HUMIDITY (PERCENT)
 HIGHEST    82           100 AM
 LOWEST     21           200 PM
 AVERAGE    52

..........................................................


THE DICKINSON ND CLIMATE NORMALS FOR TODAY
                         NORMAL    RECORD    YEAR
 MAXIMUM TEMPERATURE (F)   63        92      1926
 MINIMUM TEMPERATURE (F)   36         9      1967


SUNRISE AND SUNSET
MAY  4 2016...........SUNRISE   531 AM MDT   SUNSET   806 PM MDT
MAY  5 2016...........SUNRISE   529 AM MDT   SUNSET   807 PM MDT


-  INDICATES NEGATIVE NUMBERS.
R  INDICATES RECORD WAS SET OR TIED.
MM INDICATES DATA IS MISSING.
T  INDICATES TRACE AMOUNT.




$$
