000
CDUS43 KBIS 280022
CLIDIK


CLIMATE REPORT
NATIONAL WEATHER SERVICE BISMARCK ND
721 PM CDT WED JUL 27 2016


...................................

...THE DICKINSON ND CLIMATE SUMMARY FOR JULY 27 2016...
VALID TODAY AS OF 0700 PM LOCAL TIME.

CLIMATE NORMAL PERIOD 1981 TO 2010
CLIMATE RECORD PERIOD 1893 TO 2016


WEATHER ITEM   OBSERVED TIME   RECORD YEAR NORMAL DEPARTURE LAST
                VALUE   (LST)  VALUE       VALUE  FROM      YEAR
                                                  NORMAL
..................................................................
TEMPERATURE (F)
 TODAY
  MAXIMUM         74        MM 109    1931  85    -11       90
  MINIMUM         54        MM  40    2013  56     -2       59
                                      1971
  AVERAGE         64                        71     -7       75

PRECIPITATION (IN)
  TODAY            0.00          0.70 1940   0.06  -0.06      T
  MONTH TO DATE    3.16                      2.20   0.96     2.37
  SINCE JUN 1      5.82                      5.40   0.42     5.30
  SINCE JAN 1     10.24                     10.51  -0.27     8.73

DEGREE DAYS
 HEATING
  TODAY            1                         1      0        0
  MONTH TO DATE   14                        33    -19        8
  SINCE JUN 1     73                       170    -97       76
  SINCE JUL 1     14                        33    -19        8

 COOLING
  TODAY            0                         6     -6       10
  MONTH TO DATE  116                       138    -22      163
  SINCE JUN 1    173                       192    -19      221
  SINCE JAN 1    176                       202    -26      221
..................................................................


WIND (MPH)
  RESULTANT WIND SPEED   2   RESULTANT WIND DIRECTION   E (70)
  HIGHEST WIND SPEED     7   HIGHEST WIND DIRECTION    NE (50)
  HIGHEST GUST SPEED    MM   HIGHEST GUST DIRECTION    MM
  AVERAGE WIND SPEED     3.3


SKY COVER
  POSSIBLE SUNSHINE  MM
  AVERAGE SKY COVER 0.4


WEATHER CONDITIONS
 THE FOLLOWING WEATHER WAS RECORDED TODAY.
  FOG


RELATIVE HUMIDITY (PERCENT)
 HIGHEST   100           100 AM
 LOWEST     57           400 PM
 AVERAGE    79

..........................................................


THE DICKINSON ND CLIMATE NORMALS FOR TOMORROW
                         NORMAL    RECORD    YEAR
 MAXIMUM TEMPERATURE (F)   85       106      1935
 MINIMUM TEMPERATURE (F)   56        33      1942


SUNRISE AND SUNSET
JULY 27 2016..........SUNRISE   526 AM MDT   SUNSET   829 PM MDT
JULY 28 2016..........SUNRISE   527 AM MDT   SUNSET   828 PM MDT


-  INDICATES NEGATIVE NUMBERS.
R  INDICATES RECORD WAS SET OR TIED.
MM INDICATES DATA IS MISSING.
T  INDICATES TRACE AMOUNT.




$$
