000
CDUS43 KBIS 030737
CLIDIK


CLIMATE REPORT
NATIONAL WEATHER SERVICE BISMARCK ND
236 AM CDT THU SEP 3 2015


...................................

...THE DICKINSON ND CLIMATE SUMMARY FOR SEPTEMBER 2 2015...

CLIMATE NORMAL PERIOD 1981 TO 2010
CLIMATE RECORD PERIOD 1893 TO 2015


WEATHER ITEM   OBSERVED TIME   RECORD YEAR NORMAL DEPARTURE LAST
                VALUE   (LST)  VALUE       VALUE  FROM      YEAR
                                                  NORMAL
..................................................................
TEMPERATURE (F)
 YESTERDAY
  MAXIMUM         98    331 PM 100    1971  78     20       75
  MINIMUM         55    528 AM  30    1974  49      6       48
  AVERAGE         77                        63     14       62

PRECIPITATION (IN)
  YESTERDAY        0.00          0.72 1989   0.05  -0.05     0.00
  MONTH TO DATE    0.00                      0.10  -0.10     0.00
  SINCE SEP 1      0.00                      0.10  -0.10     0.00
  SINCE JAN 1      9.49                     12.39  -2.90    19.77

DEGREE DAYS
 HEATING
  YESTERDAY        0                         4     -4        3
  MONTH TO DATE    0                         8     -8        8
  SINCE SEP 1      0                         8     -8        8
  SINCE JUL 1     58                        94    -36      109

 COOLING
  YESTERDAY       12                         3      9        0
  MONTH TO DATE   18                         6     12        0
  SINCE SEP 1     18                         6     12        0
  SINCE JAN 1    409                       392     17      232
..................................................................


WIND (MPH)
  HIGHEST WIND SPEED    20   HIGHEST WIND DIRECTION     S (170)
  HIGHEST GUST SPEED    26   HIGHEST GUST DIRECTION    SE (140)
  AVERAGE WIND SPEED     9.7


SKY COVER
  POSSIBLE SUNSHINE  MM
  AVERAGE SKY COVER 0.0


WEATHER CONDITIONS
 THE FOLLOWING WEATHER WAS RECORDED YESTERDAY.
  NO SIGNIFICANT WEATHER WAS OBSERVED.


RELATIVE HUMIDITY (PERCENT)
 HIGHEST    87           600 AM
 LOWEST     15           300 PM
 AVERAGE    51

..........................................................


THE DICKINSON ND CLIMATE NORMALS FOR TODAY
                         NORMAL    RECORD    YEAR
 MAXIMUM TEMPERATURE (F)   77        99      2007
 MINIMUM TEMPERATURE (F)   48        28      1905


SUNRISE AND SUNSET
SEPTEMBER  3 2015.....SUNRISE   613 AM MDT   SUNSET   727 PM MDT
SEPTEMBER  4 2015.....SUNRISE   614 AM MDT   SUNSET   725 PM MDT


-  INDICATES NEGATIVE NUMBERS.
R  INDICATES RECORD WAS SET OR TIED.
MM INDICATES DATA IS MISSING.
T  INDICATES TRACE AMOUNT.




$$
