000
CDUS43 KBIS 130726
CLIDIK


CLIMATE REPORT
NATIONAL WEATHER SERVICE BISMARCK ND
126 AM CST SAT FEB 13 2016


...................................

...THE DICKINSON ND CLIMATE SUMMARY FOR FEBRUARY 12 2016...

CLIMATE NORMAL PERIOD 1981 TO 2010
CLIMATE RECORD PERIOD 1893 TO 2016


WEATHER ITEM   OBSERVED TIME   RECORD YEAR NORMAL DEPARTURE LAST
                VALUE   (LST)  VALUE       VALUE  FROM      YEAR
                                                  NORMAL
..................................................................
TEMPERATURE (F)
 YESTERDAY
  MAXIMUM         20   1239 AM  62    1921  30    -10       41
  MINIMUM          6    937 AM -39    1905   9     -3        2
  AVERAGE         13                        20     -7       22

PRECIPITATION (IN)
  YESTERDAY        T             0.44 1973   0.01  -0.01      T
  MONTH TO DATE    0.11                      0.10   0.01     0.15
  SINCE DEC 1      0.53                      0.64  -0.11     0.34
  SINCE JAN 1      0.27                      0.40  -0.13     0.27

DEGREE DAYS
 HEATING
  YESTERDAY       52                        45      7       43
  MONTH TO DATE  470                       556    -86      531
  SINCE DEC 1   3192                      3526   -334     3110
  SINCE JUL 1   4866                      5603   -737     5316

 COOLING
  YESTERDAY        0                         0      0        0
  MONTH TO DATE    0                         0      0        0
  SINCE DEC 1      0                         0      0        0
  SINCE JAN 1      0                         0      0        0
..................................................................


WIND (MPH)
  HIGHEST WIND SPEED    23   HIGHEST WIND DIRECTION    SE (140)
  HIGHEST GUST SPEED    29   HIGHEST GUST DIRECTION    SE (140)
  AVERAGE WIND SPEED    12.1


SKY COVER
  POSSIBLE SUNSHINE  MM
  AVERAGE SKY COVER 0.9


WEATHER CONDITIONS
 THE FOLLOWING WEATHER WAS RECORDED YESTERDAY.
  LIGHT SNOW
  FOG
  HAZE


RELATIVE HUMIDITY (PERCENT)
 HIGHEST    91          1200 AM
 LOWEST     58          1200 PM
 AVERAGE    75

..........................................................


THE DICKINSON ND CLIMATE NORMALS FOR TODAY
                         NORMAL    RECORD    YEAR
 MAXIMUM TEMPERATURE (F)   30        55      1984
 MINIMUM TEMPERATURE (F)   10       -31      1905


SUNRISE AND SUNSET
FEBRUARY 13 2016......SUNRISE   659 AM MST   SUNSET   512 PM MST
FEBRUARY 14 2016......SUNRISE   658 AM MST   SUNSET   514 PM MST


-  INDICATES NEGATIVE NUMBERS.
R  INDICATES RECORD WAS SET OR TIED.
MM INDICATES DATA IS MISSING.
T  INDICATES TRACE AMOUNT.




$$
