000
CDUS43 KBIS 290725
CLIDIK


CLIMATE REPORT
NATIONAL WEATHER SERVICE BISMARCK ND
225 AM CDT WED MAR 29 2017


...................................

...THE DICKINSON ND CLIMATE SUMMARY FOR MARCH 28 2017...

CLIMATE NORMAL PERIOD 1981 TO 2010
CLIMATE RECORD PERIOD 1893 TO 2017


WEATHER ITEM   OBSERVED TIME   RECORD YEAR NORMAL DEPARTURE LAST
                VALUE   (LST)  VALUE       VALUE  FROM      YEAR
                                                  NORMAL
..................................................................
TEMPERATURE (F)
 YESTERDAY
  MAXIMUM         61    243 PM  80    2015  47     14       60
  MINIMUM         29    557 AM -13    1898  23      6       21
  AVERAGE         45                        35     10       41

PRECIPITATION (IN)
  YESTERDAY        0.12          0.55 2007   0.03   0.09     0.00
  MONTH TO DATE    0.33                      0.60  -0.27     0.10
  SINCE MAR 1      0.33                      0.60  -0.27     0.10
  SINCE JAN 1      0.61                      1.23  -0.62     0.52

DEGREE DAYS
 HEATING
  YESTERDAY       20                        30    -10       24
  MONTH TO DATE  961                       999    -38      798
  SINCE MAR 1    961                       999    -38      798
  SINCE JUL 1   7091                      7293   -202     6207

 COOLING
  YESTERDAY        0                         0      0        0
  MONTH TO DATE    0                         0      0        0
  SINCE MAR 1      0                         0      0        0
  SINCE JAN 1      0                         0      0        0
..................................................................


WIND (MPH)
  HIGHEST WIND SPEED    21   HIGHEST WIND DIRECTION    SE (140)
  HIGHEST GUST SPEED    23   HIGHEST GUST DIRECTION    SE (140)
  AVERAGE WIND SPEED     8.4


SKY COVER
  POSSIBLE SUNSHINE  MM
  AVERAGE SKY COVER 0.6


WEATHER CONDITIONS
 THE FOLLOWING WEATHER WAS RECORDED YESTERDAY.
  THUNDERSTORM
  RAIN
  LIGHT RAIN
  FOG


RELATIVE HUMIDITY (PERCENT)
 HIGHEST   100           500 AM
 LOWEST     27           300 PM
 AVERAGE    64

..........................................................


THE DICKINSON ND CLIMATE NORMALS FOR TODAY
                         NORMAL    RECORD    YEAR
 MAXIMUM TEMPERATURE (F)   47        74      1967
 MINIMUM TEMPERATURE (F)   23       -18      1898


SUNRISE AND SUNSET
MARCH 29 2017.........SUNRISE   636 AM MDT   SUNSET   717 PM MDT
MARCH 30 2017.........SUNRISE   634 AM MDT   SUNSET   718 PM MDT


-  INDICATES NEGATIVE NUMBERS.
R  INDICATES RECORD WAS SET OR TIED.
MM INDICATES DATA IS MISSING.
T  INDICATES TRACE AMOUNT.




$$
