000
CDUS43 KDLH 260625
CLIDLH


CLIMATE REPORT
NATIONAL WEATHER SERVICE DULUTH MN
1223 AM CST WED NOV 26 2014


...................................

...THE DULUTH MN CLIMATE SUMMARY FOR NOVEMBER 25 2014...

CLIMATE NORMAL PERIOD 1981 TO 2010
CLIMATE RECORD PERIOD 1870 TO 2014


WEATHER ITEM   OBSERVED TIME   RECORD YEAR NORMAL DEPARTURE LAST
                VALUE   (LST)  VALUE       VALUE  FROM      YEAR
                                                  NORMAL
..................................................................
TEMPERATURE (F)
 YESTERDAY
  MAXIMUM         21    149 PM  53    1913  30     -9       36
  MINIMUM          8    746 AM -16    1985  17     -9       21
  AVERAGE         15                        24     -9       29

PRECIPITATION (IN)
  YESTERDAY        T             0.90 1883   0.06  -0.06     0.01
  MONTH TO DATE    0.89                      1.80  -0.91     0.70
  SINCE SEP 1      4.33                      8.76  -4.43     5.89
  SINCE JAN 1     29.28                     29.46  -0.18    27.48

SNOWFALL (IN)
  YESTERDAY        0.6           7.5  1993   0.5    0.1      0.1
  MONTH TO DATE   15.0                      10.8    4.2      1.7
  SINCE SEP 1     15.1                      13.2    1.9      2.0
  SINCE JUL 1     15.1                      13.2    1.9      2.0
  SNOW DEPTH       4

DEGREE DAYS
 HEATING
  YESTERDAY       50                        42      8       36
  MONTH TO DATE 1023                       874    149      865
  SINCE SEP 1   1872                      1850     22     1643
  SINCE JUL 1   1949                      1999    -50     1717

 COOLING
  YESTERDAY        0                         0      0        0
  MONTH TO DATE    0                         0      0        0
  SINCE SEP 1      9                        14     -5       24
  SINCE JAN 1    179                       204    -25      375
..................................................................


WIND (MPH)
  HIGHEST WIND SPEED    18   HIGHEST WIND DIRECTION    NW (320)
  HIGHEST GUST SPEED    26   HIGHEST GUST DIRECTION    NW (330)
  AVERAGE WIND SPEED     7.6


SKY COVER
  AVERAGE SKY COVER 0.5


WEATHER CONDITIONS
 THE FOLLOWING WEATHER WAS RECORDED YESTERDAY.
  LIGHT SNOW
  BLOWING SNOW


RELATIVE HUMIDITY (PERCENT)
 HIGHEST    84           200 AM
 LOWEST     56           400 PM
 AVERAGE    70

..........................................................


THE DULUTH MN CLIMATE NORMALS FOR TODAY
                         NORMAL    RECORD    YEAR
 MAXIMUM TEMPERATURE (F)   30        55      1960
                                             1899
 MINIMUM TEMPERATURE (F)   16        -9      1977


SUNRISE AND SUNSET
NOVEMBER 26 2014......SUNRISE   726 AM CST   SUNSET   425 PM CST
NOVEMBER 27 2014......SUNRISE   728 AM CST   SUNSET   424 PM CST


-  INDICATES NEGATIVE NUMBERS.
R  INDICATES RECORD WAS SET OR TIED.
MM INDICATES DATA IS MISSING.
T  INDICATES TRACE AMOUNT.




$$
