000
CDUS43 KDLH 292222
CLIDLH


CLIMATE REPORT
NATIONAL WEATHER SERVICE DULUTH MN
521 PM CDT MON AUG 29 2016


...................................

...THE DULUTH MN CLIMATE SUMMARY FOR AUGUST 29 2016...
VALID TODAY AS OF 0500 PM LOCAL TIME.

CLIMATE NORMAL PERIOD 1981 TO 2010
CLIMATE RECORD PERIOD 1870 TO 2016


WEATHER ITEM   OBSERVED TIME   RECORD YEAR NORMAL DEPARTURE LAST
                VALUE   (LST)  VALUE       VALUE  FROM      YEAR
                                                  NORMAL
..................................................................
TEMPERATURE (F)
 TODAY
  MAXIMUM         83    330 PM  91    1961  72     11       74
                                      1921
                                      1905
  MINIMUM         62    629 AM  33    1976  52     10       58
  AVERAGE         73                        62     11       66

PRECIPITATION (IN)
  TODAY            0.99          2.40 1941   0.12   0.87     0.05
  MONTH TO DATE    4.23                      3.45   0.78     4.09
  SINCE JUN 1     13.08                     11.53   1.55    10.74
  SINCE JAN 1     23.19                     20.45   2.74    17.13

SNOWFALL (IN)
  TODAY            0.0           0.0  2002   0.0    0.0      0.0
                                      2001
  MONTH TO DATE    0.0                       0.0    0.0      0.0
  SINCE JUL 1      0.0                       0.0    0.0      0.0
  SNOW DEPTH       0

DEGREE DAYS
 HEATING
  TODAY            0                         4     -4        0
  MONTH TO DATE   23                        76    -53       81
  SINCE JUN 1    194                       318   -124      217
  SINCE JUL 1     52                       139    -87       96

 COOLING
  TODAY            8                         1      7        1
  MONTH TO DATE  111                        65     46       81
  SINCE JUN 1    257                       185     72      259
  SINCE JAN 1    266                       189     77      263
..................................................................


WIND (MPH)
  HIGHEST WIND SPEED    23   HIGHEST WIND DIRECTION     N (20)
  HIGHEST GUST SPEED    29   HIGHEST GUST DIRECTION     N (20)
  AVERAGE WIND SPEED     8.7


SKY COVER
  POSSIBLE SUNSHINE  MM
  AVERAGE SKY COVER 0.6


WEATHER CONDITIONS
 THE FOLLOWING WEATHER WAS RECORDED TODAY.
  THUNDERSTORM
  HEAVY RAIN
  RAIN
  LIGHT RAIN
  FOG
  FOG W/VISIBILITY <= 1/4 MILE


RELATIVE HUMIDITY (PERCENT)
 HIGHEST   100           200 AM
 LOWEST     58           200 PM
 AVERAGE    79

..........................................................


THE DULUTH MN CLIMATE NORMALS FOR TOMORROW
                         NORMAL    RECORD    YEAR
 MAXIMUM TEMPERATURE (F)   71        95      1961
 MINIMUM TEMPERATURE (F)   52        38      2009


SUNRISE AND SUNSET
AUGUST 29 2016........SUNRISE   625 AM CDT   SUNSET   753 PM CDT
AUGUST 30 2016........SUNRISE   626 AM CDT   SUNSET   751 PM CDT


-  INDICATES NEGATIVE NUMBERS.
R  INDICATES RECORD WAS SET OR TIED.
MM INDICATES DATA IS MISSING.
T  INDICATES TRACE AMOUNT.




$$
