000
CDUS45 KTFX 302230
CLIDLN


CLIMATE REPORT
NATIONAL WEATHER SERVICE GREAT FALLS MT
430 PM MDT FRI SEP 30 2016


...................................

...THE DILLON AIRPORT MT CLIMATE SUMMARY FOR SEPTEMBER 30 2016...
VALID TODAY AS OF 0400 PM LOCAL TIME.

CLIMATE NORMAL PERIOD 1981 TO 2010
CLIMATE RECORD PERIOD 1929 TO 2016


WEATHER ITEM   OBSERVED TIME   RECORD YEAR NORMAL DEPARTURE LAST
                VALUE   (LST)  VALUE       VALUE  FROM      YEAR
                                                  NORMAL
..................................................................
TEMPERATURE (F)
 TODAY
  MAXIMUM         75    156 PM  85    2011  63     12       79
                                      1963
  MINIMUM         48    531 AM  15    1950  35     13       38
  AVERAGE         62                        49     13       59

PRECIPITATION (IN)
  TODAY            T             1.04 2009   0.03  -0.03     0.00
  MONTH TO DATE    1.48                      0.87   0.61     1.25
  SINCE OCT 1      9.09                     10.57  -1.48     9.12
  SINCE JAN 1      7.01                      9.17  -2.16     7.96

DEGREE DAYS
 HEATING
  TODAY            3                        16    -13        6
  MONTH TO DATE  311                       313     -2      203
  SINCE SEP 1    311                       313     -2      203
  SINCE JUL 1    437                       449    -12      309

 COOLING
  TODAY            0                         0      0        0
  MONTH TO DATE    8                         8      0       19
  SINCE SEP 1      8                         8      0       19
  SINCE JAN 1    168                       156     12      258
..................................................................


WIND (MPH)
  HIGHEST WIND SPEED    29   HIGHEST WIND DIRECTION     S (170)
  HIGHEST GUST SPEED    35   HIGHEST GUST DIRECTION     S (180)
  AVERAGE WIND SPEED     8.7


SKY COVER
  AVERAGE SKY COVER 0.0


WEATHER CONDITIONS
 THE FOLLOWING WEATHER WAS RECORDED TODAY.
  LIGHT RAIN
  HAZE


RELATIVE HUMIDITY (PERCENT)
 HIGHEST    77
 LOWEST     29
 AVERAGE    53

..........................................................


THE DILLON AIRPORT MT CLIMATE NORMALS FOR TOMORROW
                         NORMAL    RECORD    YEAR
 MAXIMUM TEMPERATURE (F)   63        83      2011
                                             1957
 MINIMUM TEMPERATURE (F)   35        15      1950


SUNRISE AND SUNSET
SEPTEMBER 30 2016.....SUNRISE   728 AM MDT   SUNSET   711 PM MDT
OCTOBER  1 2016.......SUNRISE   729 AM MDT   SUNSET   709 PM MDT


-  INDICATES NEGATIVE NUMBERS.
R  INDICATES RECORD WAS SET OR TIED.
MM INDICATES DATA IS MISSING.
T  INDICATES TRACE AMOUNT.




$$
