211
CDUS45 KTFX 280914
CLIDLN


CLIMATE REPORT
NATIONAL WEATHER SERVICE GREAT FALLS MT
311 AM MDT FRI APR 28 2017


...................................

...THE DILLON AIRPORT MT CLIMATE SUMMARY FOR APRIL 27 2017...

CLIMATE NORMAL PERIOD 1981 TO 2010
CLIMATE RECORD PERIOD 1929 TO 2017


WEATHER ITEM   OBSERVED TIME   RECORD YEAR NORMAL DEPARTURE LAST
                VALUE   (LST)  VALUE       VALUE  FROM      YEAR
                                                  NORMAL
..................................................................
TEMPERATURE (F)
 YESTERDAY
  MAXIMUM         46    359 PM  85    1987  58    -12       51
  MINIMUM         31    656 AM  20    1984  31      0       34
  AVERAGE         39                        45     -6       43

PRECIPITATION (IN)
  YESTERDAY        0.04          0.44 1989   0.05  -0.01     0.00
  MONTH TO DATE    1.88                      0.92   0.96     1.09
  SINCE OCT 1      5.28                      3.40   1.88     3.76
  SINCE JAN 1      2.74                      2.00   0.74     1.68

SNOWFALL (IN)
  YESTERDAY       MM
  SNOW DEPTH      MM

DEGREE DAYS
 HEATING
  YESTERDAY       26                                6       22
  MONTH TO DATE  618                              -26      483
  SINCE MAR 1   1354                             -240     1337
  SINCE JUL 1   7309                             -202     6837

 COOLING
  YESTERDAY        0                                0        0
  MONTH TO DATE    0                                0        0
  SINCE MAR 1      0                                0        0
  SINCE JAN 1      0                                0        0
..................................................................


WIND (MPH)
  HIGHEST WIND SPEED    23   HIGHEST WIND DIRECTION     W (280)
  HIGHEST GUST SPEED    30   HIGHEST GUST DIRECTION    NW (320)
  AVERAGE WIND SPEED     6.3


SKY COVER
  AVERAGE SKY COVER 0.8


WEATHER CONDITIONS
 THE FOLLOWING WEATHER WAS RECORDED YESTERDAY.
  SNOW
  LIGHT SNOW
  FOG
  HAZE


RELATIVE HUMIDITY (PERCENT)
 HIGHEST    89
 LOWEST     37
 AVERAGE    63

..........................................................


THE DILLON AIRPORT MT CLIMATE NORMALS FOR TODAY
                         NORMAL    RECORD    YEAR
 MAXIMUM TEMPERATURE (F)   59        84      1987
 MINIMUM TEMPERATURE (F)   32        14      1984


SUNRISE AND SUNSET
APRIL 28 2017.........SUNRISE   623 AM MDT   SUNSET   833 PM MDT
APRIL 29 2017.........SUNRISE   621 AM MDT   SUNSET   834 PM MDT


-  INDICATES NEGATIVE NUMBERS.
R  INDICATES RECORD WAS SET OR TIED.
MM INDICATES DATA IS MISSING.
T  INDICATES TRACE AMOUNT.




$$
