000
CDUS45 KTFX 291016
CLIDLN


CLIMATE REPORT
NATIONAL WEATHER SERVICE GREAT FALLS MT
414 AM MDT MON AUG 29 2016


...................................

...THE DILLON AIRPORT MT CLIMATE SUMMARY FOR AUGUST 28 2016...

CLIMATE NORMAL PERIOD 1981 TO 2010
CLIMATE RECORD PERIOD 1929 TO 2016


WEATHER ITEM   OBSERVED TIME   RECORD YEAR NORMAL DEPARTURE LAST
                VALUE   (LST)  VALUE       VALUE  FROM      YEAR
                                                  NORMAL
..................................................................
TEMPERATURE (F)
 YESTERDAY
  MAXIMUM         83    422 PM  95    2012  78      5       87
  MINIMUM         52    304 AM  32    1960  45      7       47
  AVERAGE         68                        62      6       67

PRECIPITATION (IN)
  YESTERDAY        0.00          0.42 1964   0.04  -0.04     0.00
  MONTH TO DATE    0.12                      0.94  -0.82     0.28
  SINCE OCT 1      7.61                      9.59  -1.98     7.85
  SINCE JAN 1      5.53                      8.19  -2.66     6.69

SNOWFALL (IN)
  YESTERDAY       MM
  SNOW DEPTH       0

DEGREE DAYS
 HEATING
  YESTERDAY        0                               -4        0
  MONTH TO DATE   72                                6       54
  SINCE JUN 1    234                             -110      179
  SINCE JUL 1    126                                5      103

 COOLING
  YESTERDAY        3                                2        2
  MONTH TO DATE   26                              -24       87
  SINCE JUN 1    143                                0      230
  SINCE JAN 1    143                               -1      230
..................................................................


WIND (MPH)
  HIGHEST WIND SPEED    23   HIGHEST WIND DIRECTION    SW (220)
  HIGHEST GUST SPEED    28   HIGHEST GUST DIRECTION    SW (220)
  AVERAGE WIND SPEED     9.7


SKY COVER
  AVERAGE SKY COVER 0.1


WEATHER CONDITIONS
 THE FOLLOWING WEATHER WAS RECORDED YESTERDAY.
  HAZE


RELATIVE HUMIDITY (PERCENT)
 HIGHEST    41
 LOWEST     20
 AVERAGE    31

..........................................................


THE DILLON AIRPORT MT CLIMATE NORMALS FOR TODAY
                         NORMAL    RECORD    YEAR
 MAXIMUM TEMPERATURE (F)   78        91      2015
                                             2005
                                             1988
 MINIMUM TEMPERATURE (F)   45        34      1980


SUNRISE AND SUNSET
AUGUST 29 2016........SUNRISE   649 AM MDT   SUNSET   812 PM MDT
AUGUST 30 2016........SUNRISE   650 AM MDT   SUNSET   810 PM MDT


-  INDICATES NEGATIVE NUMBERS.
R  INDICATES RECORD WAS SET OR TIED.
MM INDICATES DATA IS MISSING.
T  INDICATES TRACE AMOUNT.




$$
