000
CDUS45 KTFX 301009
CLIDLN


CLIMATE REPORT
NATIONAL WEATHER SERVICE GREAT FALLS MT
407 AM MDT THU OCT 30 2014


...................................

...THE DILLON AIRPORT MT CLIMATE SUMMARY FOR OCTOBER 29 2014...

CLIMATE NORMAL PERIOD 1981 TO 2010
CLIMATE RECORD PERIOD 1929 TO 2014


WEATHER ITEM   OBSERVED TIME   RECORD YEAR NORMAL DEPARTURE LAST
                VALUE   (LST)  VALUE       VALUE  FROM      YEAR
                                                  NORMAL
..................................................................
TEMPERATURE (F)
 YESTERDAY
  MAXIMUM         57    349 PM  70    1952  51      6       34
  MINIMUM         30   1107 PM  -5    1991  27      3       19
  AVERAGE         44                        39      5       27

PRECIPITATION (IN)
  YESTERDAY        T             0.40 1959   0.02  -0.02      T
  MONTH TO DATE    0.26                      0.72  -0.46     0.26
  SINCE OCT 1      0.26                      0.72  -0.46     0.26
  SINCE JAN 1      9.99                      9.89   0.10     9.72

SNOWFALL (IN)
  YESTERDAY       MM
  SNOW DEPTH       0

DEGREE DAYS
 HEATING
  YESTERDAY       21                               -5       38
  MONTH TO DATE  439                             -172      703
  SINCE SEP 1    708                             -216      944
  SINCE JUL 1    800                             -260      950

 COOLING
  YESTERDAY        0                                0        0
  MONTH TO DATE    0                                0        0
  SINCE SEP 1      6                               -2       19
  SINCE JAN 1    170                               14      247
..................................................................


WIND (MPH)
  HIGHEST WIND SPEED    23   HIGHEST WIND DIRECTION     W (250)
  HIGHEST GUST SPEED    28   HIGHEST GUST DIRECTION     W (250)
  AVERAGE WIND SPEED     8.9



WEATHER CONDITIONS
 THE FOLLOWING WEATHER WAS RECORDED YESTERDAY.
  LIGHT RAIN
  HAZE


RELATIVE HUMIDITY (PERCENT)
 HIGHEST    78
 LOWEST     27
 AVERAGE    53

..........................................................


THE DILLON AIRPORT MT CLIMATE NORMALS FOR TODAY
                         NORMAL    RECORD    YEAR
 MAXIMUM TEMPERATURE (F)   51        69      1962
 MINIMUM TEMPERATURE (F)   26        -6      1991


SUNRISE AND SUNSET
OCTOBER 30 2014.......SUNRISE   806 AM MDT   SUNSET   621 PM MDT
OCTOBER 31 2014.......SUNRISE   808 AM MDT   SUNSET   619 PM MDT


-  INDICATES NEGATIVE NUMBERS.
R  INDICATES RECORD WAS SET OR TIED.
MM INDICATES DATA IS MISSING.
T  INDICATES TRACE AMOUNT.




$$
