000
CDUS45 KTFX 152223
CLIDLN


CLIMATE REPORT
NATIONAL WEATHER SERVICE GREAT FALLS MT
422 PM MDT TUE APR 15 2014


...................................

...THE DILLON AIRPORT MT CLIMATE SUMMARY FOR APRIL 15 2014...
VALID TODAY AS OF 0400 PM LOCAL TIME.

CLIMATE NORMAL PERIOD 1981 TO 2010
CLIMATE RECORD PERIOD 1929 TO 2014


WEATHER ITEM   OBSERVED TIME   RECORD YEAR NORMAL DEPARTURE LAST
                VALUE   (LST)  VALUE       VALUE  FROM      YEAR
                                                  NORMAL
..................................................................
TEMPERATURE (F)
 TODAY
  MAXIMUM         55   1123 AM  76    1988  54      1       37
  MINIMUM         36    624 AM  11    1973  29      7       17
  AVERAGE         46                        41      5       27

PRECIPITATION (IN)
  TODAY            0.00          0.52 1976   0.03  -0.03      T
  MONTH TO DATE    0.01                      0.49  -0.48     0.11
  SINCE OCT 1      1.07                      2.97  -1.90     1.53
  SINCE JAN 1      0.58                      1.57  -0.99     0.51

SNOWFALL (IN)
  TODAY           MM
  SNOW DEPTH       0

DEGREE DAYS
 HEATING
  TODAY           19                        24     -5       38
  MONTH TO DATE  347                       383    -36      379
  SINCE MAR 1   1271                      1333    -62     1295
  SINCE JUL 1   7051                      7250   -199     6710

 COOLING
  TODAY            0                         0      0        0
  MONTH TO DATE    0                         0      0        0
  SINCE MAR 1      0                         0      0        0
  SINCE JAN 1      0                         0      0        0
..................................................................


WIND (MPH)
  HIGHEST WIND SPEED    35   HIGHEST WIND DIRECTION     W (280)
  HIGHEST GUST SPEED    43   HIGHEST GUST DIRECTION     W (290)
  AVERAGE WIND SPEED    16.2


SKY COVER
  AVERAGE SKY COVER 0.6


WEATHER CONDITIONS
 THE FOLLOWING WEATHER WAS RECORDED TODAY.
  NO SIGNIFICANT WEATHER WAS OBSERVED.


RELATIVE HUMIDITY (PERCENT)
 HIGHEST    37
 LOWEST     22
 AVERAGE    30

..........................................................


THE DILLON AIRPORT MT CLIMATE NORMALS FOR TOMORROW
                         NORMAL    RECORD    YEAR
 MAXIMUM TEMPERATURE (F)   54        76      1988
 MINIMUM TEMPERATURE (F)   29        12      2013


SUNRISE AND SUNSET
APRIL 15 2014.........SUNRISE   645 AM MDT   SUNSET   816 PM MDT
APRIL 16 2014.........SUNRISE   643 AM MDT   SUNSET   817 PM MDT


-  INDICATES NEGATIVE NUMBERS.
R  INDICATES RECORD WAS SET OR TIED.
MM INDICATES DATA IS MISSING.
T  INDICATES TRACE AMOUNT.




$$
