000
CDUS45 KTFX 201121
CLIDLN


CLIMATE REPORT
NATIONAL WEATHER SERVICE GREAT FALLS MT
419 AM MST MON FEB 20 2017


...................................

...THE DILLON AIRPORT MT CLIMATE SUMMARY FOR FEBRUARY 19 2017...

CLIMATE NORMAL PERIOD 1981 TO 2010
CLIMATE RECORD PERIOD 1929 TO 2017


WEATHER ITEM   OBSERVED TIME   RECORD YEAR NORMAL DEPARTURE LAST
                VALUE   (LST)  VALUE       VALUE  FROM      YEAR
                                                  NORMAL
..................................................................
TEMPERATURE (F)
 YESTERDAY
  MAXIMUM         44    148 PM  59    1977  38      6       46
  MINIMUM         30   1158 PM -12    1955  16     14       32
  AVERAGE         37                        27     10       39

PRECIPITATION (IN)
  YESTERDAY        0.07          0.34 1981   0.01   0.06     0.00
  MONTH TO DATE    0.13                      0.14  -0.01     0.01
  SINCE OCT 1      2.73                      1.82   0.91     2.14
  SINCE JAN 1      0.19                      0.42  -0.23     0.06

SNOWFALL (IN)
  YESTERDAY       MM
  SNOW DEPTH       0

DEGREE DAYS
 HEATING
  YESTERDAY       28                              -10       26
  MONTH TO DATE  680                              -78      605
  SINCE DEC 1   3843                              405     3271
  SINCE JUL 1   5626                               37     5194

 COOLING
  YESTERDAY        0                                0        0
  MONTH TO DATE    0                                0        0
  SINCE DEC 1      0                                0        0
  SINCE JAN 1      0                                0        0
..................................................................


WIND (MPH)
  HIGHEST WIND SPEED    23   HIGHEST WIND DIRECTION    SW (210)
  HIGHEST GUST SPEED    29   HIGHEST GUST DIRECTION    SW (210)
  AVERAGE WIND SPEED     7.3


SKY COVER
  AVERAGE SKY COVER 0.7


WEATHER CONDITIONS
 THE FOLLOWING WEATHER WAS RECORDED YESTERDAY.
  THUNDERSTORM
  LIGHT RAIN
  LIGHT SNOW
  FOG


RELATIVE HUMIDITY (PERCENT)
 HIGHEST    89
 LOWEST     55
 AVERAGE    72

..........................................................


THE DILLON AIRPORT MT CLIMATE NORMALS FOR TODAY
                         NORMAL    RECORD    YEAR
 MAXIMUM TEMPERATURE (F)   39        61      1977
 MINIMUM TEMPERATURE (F)   16       -10      1952


SUNRISE AND SUNSET
FEBRUARY 20 2017......SUNRISE   723 AM MST   SUNSET   605 PM MST
FEBRUARY 21 2017......SUNRISE   721 AM MST   SUNSET   607 PM MST


-  INDICATES NEGATIVE NUMBERS.
R  INDICATES RECORD WAS SET OR TIED.
MM INDICATES DATA IS MISSING.
T  INDICATES TRACE AMOUNT.




$$
