000
CDUS45 KTFX 312223
CLIDLN


CLIMATE REPORT
NATIONAL WEATHER SERVICE GREAT FALLS MT
423 PM MDT THU JUL 31 2014


...................................

...THE DILLON AIRPORT MT CLIMATE SUMMARY FOR JULY 31 2014...
VALID TODAY AS OF 0400 PM LOCAL TIME.

CLIMATE NORMAL PERIOD 1981 TO 2010
CLIMATE RECORD PERIOD 1929 TO 2014


WEATHER ITEM   OBSERVED TIME   RECORD YEAR NORMAL DEPARTURE LAST
                VALUE   (LST)  VALUE       VALUE  FROM      YEAR
                                                  NORMAL
..................................................................
TEMPERATURE (F)
 TODAY
  MAXIMUM         85   1259 PM  96    1943  83      2       85
  MINIMUM         51    521 AM  38    1968  50      1       46
  AVERAGE         68                        67      1       66

PRECIPITATION (IN)
  TODAY            0.00          0.61 1975   0.04  -0.04     0.00
  MONTH TO DATE    0.63                      1.21  -0.58     0.84
  SINCE OCT 1      6.58                      8.65  -2.07     6.44
  SINCE JAN 1      6.09                      7.25  -1.16     5.42

SNOWFALL (IN)
  TODAY           MM
  SNOW DEPTH       0

DEGREE DAYS
 HEATING
  TODAY            0                         1     -1        0
  MONTH TO DATE   16                        54    -38        0
  SINCE JUN 1    266                       278    -12      188
  SINCE JUL 1     16                        55    -39        0

 COOLING
  TODAY            3                         3      0        1
  MONTH TO DATE  111                        77     34      131
  SINCE JUN 1    111                        93     18      153
  SINCE JAN 1    111                        94     17      156
..................................................................


WIND (MPH)
  HIGHEST WIND SPEED    13   HIGHEST WIND DIRECTION    NW (310)
  HIGHEST GUST SPEED    16   HIGHEST GUST DIRECTION     W (290)
  AVERAGE WIND SPEED     6.5


SKY COVER
  AVERAGE SKY COVER 0.0


WEATHER CONDITIONS
 THE FOLLOWING WEATHER WAS RECORDED TODAY.
  NO SIGNIFICANT WEATHER WAS OBSERVED.


RELATIVE HUMIDITY (PERCENT)
 HIGHEST    71
 LOWEST     22
 AVERAGE    47

..........................................................


THE DILLON AIRPORT MT CLIMATE NORMALS FOR TOMORROW
                         NORMAL    RECORD    YEAR
 MAXIMUM TEMPERATURE (F)   83        98      1931
 MINIMUM TEMPERATURE (F)   50        34      1985


SUNRISE AND SUNSET
JULY 31 2014..........SUNRISE   614 AM MDT   SUNSET   859 PM MDT
AUGUST  1 2014........SUNRISE   615 AM MDT   SUNSET   857 PM MDT


-  INDICATES NEGATIVE NUMBERS.
R  INDICATES RECORD WAS SET OR TIED.
MM INDICATES DATA IS MISSING.
T  INDICATES TRACE AMOUNT.




$$
