000
CDUS45 KTFX 291005
CLIDLN


CLIMATE REPORT
NATIONAL WEATHER SERVICE GREAT FALLS MT
405 AM MDT WED JUL 29 2015


...................................

...THE DILLON AIRPORT MT CLIMATE SUMMARY FOR JULY 28 2015...

CLIMATE NORMAL PERIOD 1981 TO 2010
CLIMATE RECORD PERIOD 1929 TO 2015


WEATHER ITEM   OBSERVED TIME   RECORD YEAR NORMAL DEPARTURE LAST
                VALUE   (LST)  VALUE       VALUE  FROM      YEAR
                                                  NORMAL
..................................................................
TEMPERATURE (F)
 YESTERDAY
  MAXIMUM         67    437 PM  95    2006  84    -17       83
  MINIMUM         41    239 AM  33    1949  50     -9       51
  AVERAGE         54                        67    -13       67

PRECIPITATION (IN)
  YESTERDAY        0.00          0.79 1970   0.04  -0.04     0.00
  MONTH TO DATE    1.31                      1.10   0.21     0.63
  SINCE OCT 1      7.57                      8.54  -0.97     6.58
  SINCE JAN 1      6.41                      7.14  -0.73     6.09

SNOWFALL (IN)
  YESTERDAY       MM
  SNOW DEPTH       0

DEGREE DAYS
 HEATING
  YESTERDAY       11                               10        0
  MONTH TO DATE   45                               -6       16
  SINCE JUN 1    121                             -153      266
  SINCE JUL 1     45                               -6       16

 COOLING
  YESTERDAY        0                               -3        2
  MONTH TO DATE   62                              -10      100
  SINCE JUN 1    137                               49      100
  SINCE JAN 1    137                               48      100
..................................................................


WIND (MPH)
  HIGHEST WIND SPEED    17   HIGHEST WIND DIRECTION    SW (210)
  HIGHEST GUST SPEED    21   HIGHEST GUST DIRECTION    SW (210)
  AVERAGE WIND SPEED     7.5


SKY COVER
  AVERAGE SKY COVER 0.3


WEATHER CONDITIONS
 THE FOLLOWING WEATHER WAS RECORDED YESTERDAY.
  NO SIGNIFICANT WEATHER WAS OBSERVED.


RELATIVE HUMIDITY (PERCENT)
 HIGHEST    86
 LOWEST     34
 AVERAGE    60

..........................................................


THE DILLON AIRPORT MT CLIMATE NORMALS FOR TODAY
                         NORMAL    RECORD    YEAR
 MAXIMUM TEMPERATURE (F)   84        98      1972
 MINIMUM TEMPERATURE (F)   50        37      1959


SUNRISE AND SUNSET
JULY 29 2015..........SUNRISE   611 AM MDT   SUNSET   901 PM MDT
JULY 30 2015..........SUNRISE   612 AM MDT   SUNSET   900 PM MDT


-  INDICATES NEGATIVE NUMBERS.
R  INDICATES RECORD WAS SET OR TIED.
MM INDICATES DATA IS MISSING.
T  INDICATES TRACE AMOUNT.




$$
