000
CDUS45 KTFX 252330
CLIDLN


CLIMATE REPORT
NATIONAL WEATHER SERVICE GREAT FALLS MT
430 PM MST SUN FEB 25 2018


...................................

...THE DILLON AIRPORT MT CLIMATE SUMMARY FOR FEBRUARY 25 2018...
VALID TODAY AS OF 0400 PM LOCAL TIME.

CLIMATE NORMAL PERIOD 1981 TO 2010
CLIMATE RECORD PERIOD 1929 TO 2018


WEATHER ITEM   OBSERVED TIME   RECORD YEAR NORMAL DEPARTURE LAST
                VALUE   (LST)  VALUE       VALUE  FROM      YEAR
                                                  NORMAL
..................................................................
TEMPERATURE (F)
 TODAY
  MAXIMUM         24    204 PM  63    1986  40    -16       28
  MINIMUM          9   1218 AM -16    2011  17     -8       14
  AVERAGE         17                        29    -12       21

PRECIPITATION (IN)
  TODAY            0.00          0.10 1978   0.02  -0.02      T
  MONTH TO DATE    0.11                      0.21  -0.10     0.15
  SINCE OCT 1      1.71                      1.89  -0.18     2.75
  SINCE JAN 1      0.58                      0.49   0.09     0.21

DEGREE DAYS
 HEATING
  TODAY           48                        36     12       44
  MONTH TO DATE 1219                       979    240      885
  SINCE DEC 1   3774                      3659    115     4048
  SINCE JUL 1   5817                      5810      7     5831

 COOLING
  TODAY            0                         0      0        0
  MONTH TO DATE    0                         0      0        0
  SINCE DEC 1      0                         0      0        0
  SINCE JAN 1      0                         0      0        0
..................................................................


WIND (MPH)
  HIGHEST WIND SPEED    23   HIGHEST WIND DIRECTION     S (190)
  HIGHEST GUST SPEED    28   HIGHEST GUST DIRECTION     S (200)
  AVERAGE WIND SPEED    15.6


SKY COVER
  AVERAGE SKY COVER 0.6


WEATHER CONDITIONS
 THE FOLLOWING WEATHER WAS RECORDED TODAY.
  NO SIGNIFICANT WEATHER WAS OBSERVED.


RELATIVE HUMIDITY (PERCENT)
 HIGHEST    91
 LOWEST     55
 AVERAGE    73

..........................................................


THE DILLON AIRPORT MT CLIMATE NORMALS FOR TOMORROW
                         NORMAL    RECORD    YEAR
 MAXIMUM TEMPERATURE (F)   41        62      1988
 MINIMUM TEMPERATURE (F)   18       -16      1960


SUNRISE AND SUNSET
FEBRUARY 25 2018......SUNRISE   715 AM MST   SUNSET   612 PM MST
FEBRUARY 26 2018......SUNRISE   713 AM MST   SUNSET   613 PM MST


-  INDICATES NEGATIVE NUMBERS.
R  INDICATES RECORD WAS SET OR TIED.
MM INDICATES DATA IS MISSING.
T  INDICATES TRACE AMOUNT.




$$
