000
CDUS45 KTFX 230857
CLIDLN


CLIMATE REPORT
NATIONAL WEATHER SERVICE GREAT FALLS MT
256 AM MDT SAT JUL 23 2016


...................................

...THE DILLON AIRPORT MT CLIMATE SUMMARY FOR JULY 22 2016...

CLIMATE NORMAL PERIOD 1981 TO 2010
CLIMATE RECORD PERIOD 1929 TO 2016


WEATHER ITEM   OBSERVED TIME   RECORD YEAR NORMAL DEPARTURE LAST
                VALUE   (LST)  VALUE       VALUE  FROM      YEAR
                                                  NORMAL
..................................................................
TEMPERATURE (F)
 YESTERDAY
  MAXIMUM         88   1201 PM  98    2006  84      4       79
  MINIMUM         56    628 AM  37    1954  50      6       53
  AVERAGE         72                        67      5       66

PRECIPITATION (IN)
  YESTERDAY        0.00          1.35 2008   0.04  -0.04     0.11
  MONTH TO DATE    0.85                      0.87  -0.02     0.55
  SINCE OCT 1      7.45                      8.31  -0.86     6.81
  SINCE JAN 1      5.37                      6.91  -1.54     5.65

SNOWFALL (IN)
  YESTERDAY        0.0
  SNOW DEPTH       0

DEGREE DAYS
 HEATING
  YESTERDAY        0                               -1        0
  MONTH TO DATE   54                                9       21
  SINCE JUN 1    162                             -106       97
  SINCE JUL 1     54                                9       21

 COOLING
  YESTERDAY        7                                4        1
  MONTH TO DATE   49                               -5       54
  SINCE JUN 1     90                               20      129
  SINCE JAN 1     90                               19      129
..................................................................


WIND (MPH)
  HIGHEST WIND SPEED    29   HIGHEST WIND DIRECTION    SW (240)
  HIGHEST GUST SPEED    38   HIGHEST GUST DIRECTION     W (270)
  AVERAGE WIND SPEED    11.0


SKY COVER
  AVERAGE SKY COVER 0.0


WEATHER CONDITIONS
 THE FOLLOWING WEATHER WAS RECORDED YESTERDAY.
  HAZE


RELATIVE HUMIDITY (PERCENT)
 HIGHEST    48
 LOWEST     12
 AVERAGE    30

..........................................................


THE DILLON AIRPORT MT CLIMATE NORMALS FOR TODAY
                         NORMAL    RECORD    YEAR
 MAXIMUM TEMPERATURE (F)   84        99      2003
 MINIMUM TEMPERATURE (F)   50        39      2011


SUNRISE AND SUNSET
JULY 23 2016..........SUNRISE   606 AM MDT   SUNSET   907 PM MDT
JULY 24 2016..........SUNRISE   607 AM MDT   SUNSET   906 PM MDT


-  INDICATES NEGATIVE NUMBERS.
R  INDICATES RECORD WAS SET OR TIED.
MM INDICATES DATA IS MISSING.
T  INDICATES TRACE AMOUNT.




$$
