000
CDUS45 KTFX 260928
CLIDLN


CLIMATE REPORT
NATIONAL WEATHER SERVICE GREAT FALLS MT
328 AM MDT SAT JUL 26 2014


...................................

...THE DILLON AIRPORT MT CLIMATE SUMMARY FOR JULY 25 2014...

CLIMATE NORMAL PERIOD 1981 TO 2010
CLIMATE RECORD PERIOD 1929 TO 2014


WEATHER ITEM   OBSERVED TIME   RECORD YEAR NORMAL DEPARTURE LAST
                VALUE   (LST)  VALUE       VALUE  FROM      YEAR
                                                  NORMAL
..................................................................
TEMPERATURE (F)
 YESTERDAY
  MAXIMUM         79    401 PM  98    1931  84     -5       90
  MINIMUM         39    530 AM  37    1948  50    -11       51
  AVERAGE         59                        67     -8       71

PRECIPITATION (IN)
  YESTERDAY        0.00          0.89 1986   0.03  -0.03     0.01
  MONTH TO DATE    0.63                      0.98  -0.35     0.84
  SINCE OCT 1      6.58                      8.42  -1.84     6.44
  SINCE JAN 1      6.09                      7.02  -0.93     5.42

SNOWFALL (IN)
  YESTERDAY       MM
  SNOW DEPTH       0

DEGREE DAYS
 HEATING
  YESTERDAY        6                                5        0
  MONTH TO DATE   13                              -35        0
  SINCE JUN 1    263                               -8      188
  SINCE JUL 1     13                              -35        0

 COOLING
  YESTERDAY        0                               -3        6
  MONTH TO DATE   96                               33      118
  SINCE JUN 1     96                               17      140
  SINCE JAN 1     96                               16      143
..................................................................


WIND (MPH)
  HIGHEST WIND SPEED    21   HIGHEST WIND DIRECTION     W (280)
  HIGHEST GUST SPEED    25   HIGHEST GUST DIRECTION     W (280)
  AVERAGE WIND SPEED     8.4



WEATHER CONDITIONS
 THE FOLLOWING WEATHER WAS RECORDED YESTERDAY.
  NO SIGNIFICANT WEATHER WAS OBSERVED.


RELATIVE HUMIDITY (PERCENT)
 HIGHEST    73
 LOWEST     17
 AVERAGE    45

..........................................................


THE DILLON AIRPORT MT CLIMATE NORMALS FOR TODAY
                         NORMAL    RECORD    YEAR
 MAXIMUM TEMPERATURE (F)   84        95      1939
 MINIMUM TEMPERATURE (F)   50        39      2005


SUNRISE AND SUNSET
JULY 26 2014..........SUNRISE   608 AM MDT   SUNSET   905 PM MDT
JULY 27 2014..........SUNRISE   609 AM MDT   SUNSET   903 PM MDT


-  INDICATES NEGATIVE NUMBERS.
R  INDICATES RECORD WAS SET OR TIED.
MM INDICATES DATA IS MISSING.
T  INDICATES TRACE AMOUNT.




$$
