000
CDUS41 KLWX 171246 CCA
CLIDMH

CLIMATE REPORT...CORRECTED
NATIONAL WEATHER SERVICE BALTIMORE MD/WASHINGTON DC
846 AM EDT THU APR 17 2014


...................................

...THE BALTIMORE INNER HARBOR MD CLIMATE SUMMARY FOR APRIL 16 2014...

CLIMATE NORMAL PERIOD 1981 TO 2010
CLIMATE RECORD PERIOD 9999 TO 9999


WEATHER ITEM   OBSERVED TIME   RECORD YEAR NORMAL DEPARTURE LAST
                VALUE   (LST)  VALUE       VALUE  FROM      YEAR
                                                  NORMAL
..................................................................
TEMPERATURE (F)
 YESTERDAY
  MAXIMUM         49    311 PM  MM      MM  66    -17       77
  MINIMUM         33    618 AM  MM      MM  48    -15       57
  AVERAGE         41                        57    -16       67

PRECIPITATION (IN)
  YESTERDAY        0.00         MM      MM   0.11  -0.11     0.00
  MONTH TO DATE    2.80                      1.81   0.99     0.80
  SINCE MAR 1      7.00                      5.67   1.33     3.07
  SINCE JAN 1     13.33                     11.19   2.14     8.92

DEGREE DAYS
 HEATING
  YESTERDAY       24                         9     15        0
  MONTH TO DATE  149                       181    -32      121
  SINCE MAR 1    883                       760    123      717
  SINCE JUL 1   3953                      3848    105     3268

 COOLING
  YESTERDAY        0                         1     -1        2
  MONTH TO DATE   14                         9      5       39
  SINCE MAR 1     14                        10      4       39
  SINCE JAN 1     14                        10      4       39
..................................................................


WIND (MPH)
  HIGHEST WIND SPEED    MM   HIGHEST WIND DIRECTION    MM
  HIGHEST GUST SPEED    MM   HIGHEST GUST DIRECTION    MM
  AVERAGE WIND SPEED    MM


SKY COVER
  POSSIBLE SUNSHINE  MM



RELATIVE HUMIDITY (PERCENT)
 HIGHEST    52          1200 AM
 LOWEST     28           200 PM
 AVERAGE    40

..........................................................


THE BALTIMORE INNER HARBOR MD CLIMATE NORMALS FOR TODAY
                         NORMAL
 MAXIMUM TEMPERATURE (F)   66
 MINIMUM TEMPERATURE (F)   48


SUNRISE AND SUNSET
APRIL 17 2014.........SUNRISE   627 AM EDT   SUNSET   746 PM EDT
APRIL 18 2014.........SUNRISE   625 AM EDT   SUNSET   747 PM EDT


-  INDICATES NEGATIVE NUMBERS.
R  INDICATES RECORD WAS SET OR TIED.
MM INDICATES DATA IS MISSING.
T  INDICATES TRACE AMOUNT.




$$

...CORRECTED FOR TIMES OF TEMPERATURES...
