000
CDUS41 KLWX 290525
CLIDMH


CLIMATE REPORT
NATIONAL WEATHER SERVICE BALTIMORE MD/WASHINGTON DC
123 AM EDT THU JUN 29 2017


...................................

...THE BALTIMORE INNER HARBOR MD CLIMATE SUMMARY FOR JUNE 28 2017...

CLIMATE NORMAL PERIOD 1981 TO 2010
CLIMATE RECORD PERIOD 1999 TO 2017


WEATHER ITEM   OBSERVED TIME   RECORD YEAR NORMAL DEPARTURE LAST
                VALUE   (LST)  VALUE       VALUE  FROM      YEAR
                                                  NORMAL
..................................................................
TEMPERATURE (F)
 YESTERDAY
  MAXIMUM         83    419 PM  MM      MM  89     -6       84
  MINIMUM         63    435 AM  MM      MM  71     -8       69
  AVERAGE         73                        80     -7       77

PRECIPITATION (IN)
  YESTERDAY        0.00         MM      MM   0.10  -0.10     0.53
  MONTH TO DATE    0.73                      3.04  -2.31     3.48
  SINCE JUN 1      0.73                      3.04  -2.31     3.48
  SINCE JAN 1     15.65                     19.13  -3.48    19.66

DEGREE DAYS
 HEATING
  YESTERDAY        0                         0      0        0
  MONTH TO DATE    2                         4     -2        0
  SINCE JUN 1      2                         4     -2        0
  SINCE JUL 1   3245                      4030   -785     3421

 COOLING
  YESTERDAY        8                        15     -7       12
  MONTH TO DATE  365                       306     59      302
  SINCE JUN 1    365                       306     59      302
  SINCE JAN 1    542                       445     97      439
..................................................................


WIND (MPH)
  HIGHEST WIND SPEED    MM   HIGHEST WIND DIRECTION    MM
  HIGHEST GUST SPEED    MM   HIGHEST GUST DIRECTION    MM
  AVERAGE WIND SPEED    MM


SKY COVER
  POSSIBLE SUNSHINE  MM



RELATIVE HUMIDITY (PERCENT)
 HIGHEST    57          1100 PM
 LOWEST     26           300 PM
 AVERAGE    42

..........................................................


THE BALTIMORE INNER HARBOR MD CLIMATE NORMALS FOR TODAY
                         NORMAL
 MAXIMUM TEMPERATURE (F)   89
 MINIMUM TEMPERATURE (F)   71


SUNRISE AND SUNSET
JUNE 29 2017..........SUNRISE   543 AM EDT   SUNSET   837 PM EDT
JUNE 30 2017..........SUNRISE   543 AM EDT   SUNSET   837 PM EDT


-  INDICATES NEGATIVE NUMBERS.
R  INDICATES RECORD WAS SET OR TIED.
MM INDICATES DATA IS MISSING.
T  INDICATES TRACE AMOUNT.




$$
