000
CDUS41 KLWX 240528
CLIDMH


CLIMATE REPORT
NATIONAL WEATHER SERVICE BALTIMORE MD/WASHINGTON DC
127 AM EDT WED MAY 24 2017


...................................

...THE BALTIMORE INNER HARBOR MD CLIMATE SUMMARY FOR MAY 23 2017...

CLIMATE NORMAL PERIOD 1981 TO 2010
CLIMATE RECORD PERIOD 9999 TO 9999


WEATHER ITEM   OBSERVED TIME   RECORD YEAR NORMAL DEPARTURE LAST
                VALUE   (LST)  VALUE       VALUE  FROM      YEAR
                                                  NORMAL
..................................................................
TEMPERATURE (F)
 YESTERDAY
  MAXIMUM         67    542 PM  MM      MM  77    -10       74
  MINIMUM         62   1159 PM  MM      MM  59      3       57
  AVERAGE         65                        68     -3       66

PRECIPITATION (IN)
  YESTERDAY        0.00         MM      MM   0.14  -0.14     0.40
  MONTH TO DATE    3.22                      2.47   0.75     3.66
  SINCE MAR 1      9.98                      9.55   0.43     7.43
  SINCE JAN 1     13.87                     15.07  -1.20    16.03

DEGREE DAYS
 HEATING
  YESTERDAY        0                         2     -2        0
  MONTH TO DATE   71                        72     -1      133
  SINCE MAR 1    787                       929   -142      805
  SINCE JUL 1   3241                      4017   -776     3421

 COOLING
  YESTERDAY        0                         5     -5        1
  MONTH TO DATE   70                        68      2        6
  SINCE MAR 1    152                        93     59       41
  SINCE JAN 1    152                        93     59       41
..................................................................


WIND (MPH)
  HIGHEST WIND SPEED    MM   HIGHEST WIND DIRECTION    MM
  HIGHEST GUST SPEED    MM   HIGHEST GUST DIRECTION    MM
  AVERAGE WIND SPEED    MM


SKY COVER
  POSSIBLE SUNSHINE  MM



RELATIVE HUMIDITY (PERCENT)
 HIGHEST   100           100 AM
 LOWEST     63          1200 PM
 AVERAGE    82

..........................................................


THE BALTIMORE INNER HARBOR MD CLIMATE NORMALS FOR TODAY
                         NORMAL
 MAXIMUM TEMPERATURE (F)   78
 MINIMUM TEMPERATURE (F)   60


SUNRISE AND SUNSET
MAY 24 2017...........SUNRISE   546 AM EDT   SUNSET   821 PM EDT
MAY 25 2017...........SUNRISE   545 AM EDT   SUNSET   822 PM EDT


-  INDICATES NEGATIVE NUMBERS.
R  INDICATES RECORD WAS SET OR TIED.
MM INDICATES DATA IS MISSING.
T  INDICATES TRACE AMOUNT.




$$
