460
CDUS45 KEPZ 190927
CLIDMN


CLIMATE REPORT
NATIONAL WEATHER SERVICE EL PASO, TX
326 AM MDT THU OCT 19 2017


...................................

...THE DEMING CLIMATE SUMMARY FOR OCTOBER 18 2017...

CLIMATE NORMAL PERIOD 1981 TO 2010
CLIMATE RECORD PERIOD 2000 TO 2017


WEATHER ITEM   OBSERVED TIME   NORMAL DEPARTURE LAST
                VALUE   (LST)  VALUE  FROM      YEAR
                                      NORMAL
......................................................
TEMPERATURE (F)
 YESTERDAY
  MAXIMUM         83    329 PM  77              87
  MINIMUM         52    510 AM  45              51
  AVERAGE         68            61      7       69

PRECIPITATION (IN)
  YESTERDAY        0.01          0.04  -0.03     0.00
  MONTH TO DATE    0.01          0.72  -0.71     0.01
  SINCE SEP 1      0.66          2.02  -1.36     0.68
  SINCE JAN 1      9.35          9.61  -0.26     6.08

......................................................


WIND (MPH)
  HIGHEST WIND SPEED    15   HIGHEST WIND DIRECTION    SW (220)
  HIGHEST GUST SPEED    21   HIGHEST GUST DIRECTION    SW (210)
  AVERAGE WIND SPEED     4.2


SKY COVER
  AVERAGE SKY COVER 0.3


WEATHER CONDITIONS
 THE FOLLOWING WEATHER WAS RECORDED YESTERDAY.
  THUNDERSTORM


RELATIVE HUMIDITY (PERCENT)
 HIGHEST    67          1100 PM
 LOWEST     26           300 PM
 AVERAGE    47

..........................................................


THE DEMING CLIMATE NORMALS FOR TODAY
                         NORMAL
 MAXIMUM TEMPERATURE (F)   77
 MINIMUM TEMPERATURE (F)   44


SUNRISE AND SUNSET
OCTOBER 19 2017.......SUNRISE   718 AM MDT   SUNSET   633 PM MDT
OCTOBER 20 2017.......SUNRISE   718 AM MDT   SUNSET   632 PM MDT


-  INDICATES NEGATIVE NUMBERS.
R  INDICATES RECORD WAS SET OR TIED.
MM INDICATES DATA IS MISSING.
T  INDICATES TRACE AMOUNT.




$$
