000
CDUS45 KEPZ 050932
CLIDMN


CLIMATE REPORT
NATIONAL WEATHER SERVICE EL PASO, TX
330 AM MDT SUN JUL 5 2015


...................................

...THE DEMING CLIMATE SUMMARY FOR JULY 4 2015...

CLIMATE NORMAL PERIOD 1981 TO 2010
CLIMATE RECORD PERIOD 2000 TO 2015


WEATHER ITEM   OBSERVED TIME   NORMAL DEPARTURE LAST
                VALUE   (LST)  VALUE  FROM      YEAR
                                      NORMAL
......................................................
TEMPERATURE (F)
 YESTERDAY
  MAXIMUM         92    507 PM  97              95
  MINIMUM         67   1135 PM  65              68
  AVERAGE         80            81     -1       82

PRECIPITATION (IN)
  YESTERDAY        1.52          0.05   1.47     0.00
  MONTH TO DATE    1.62          0.20   1.42     0.01
  SINCE JUN 1      2.07          0.90   1.17     0.04
  SINCE JAN 1      4.70          3.31   1.39     0.61

......................................................


WIND (MPH)
  HIGHEST WIND SPEED    23   HIGHEST WIND DIRECTION    NW (320)
  HIGHEST GUST SPEED    30   HIGHEST GUST DIRECTION    NW (320)
  AVERAGE WIND SPEED     4.7


SKY COVER
  AVERAGE SKY COVER 0.4


WEATHER CONDITIONS
 THE FOLLOWING WEATHER WAS RECORDED YESTERDAY.
  THUNDERSTORM
  HEAVY RAIN
  RAIN
  LIGHT RAIN
  FOG


RELATIVE HUMIDITY (PERCENT)
 HIGHEST    93           500 AM
 LOWEST     29           400 PM
 AVERAGE    61

..........................................................


THE DEMING CLIMATE NORMALS FOR TODAY
                         NORMAL
 MAXIMUM TEMPERATURE (F)   97
 MINIMUM TEMPERATURE (F)   65


SUNRISE AND SUNSET
JULY  5 2015..........SUNRISE   609 AM MDT   SUNSET   821 PM MDT
JULY  6 2015..........SUNRISE   610 AM MDT   SUNSET   821 PM MDT


-  INDICATES NEGATIVE NUMBERS.
R  INDICATES RECORD WAS SET OR TIED.
MM INDICATES DATA IS MISSING.
T  INDICATES TRACE AMOUNT.




$$
