000
CDUS45 KEPZ 210934
CLIDMN


CLIMATE REPORT
NATIONAL WEATHER SERVICE EL PASO, TX
333 AM MDT MON AUG 21 2017


...................................

...THE DEMING CLIMATE SUMMARY FOR AUGUST 20 2017...

CLIMATE NORMAL PERIOD 1981 TO 2010
CLIMATE RECORD PERIOD 2000 TO 2017


WEATHER ITEM   OBSERVED TIME   NORMAL DEPARTURE LAST
                VALUE   (LST)  VALUE  FROM      YEAR
                                      NORMAL
......................................................
TEMPERATURE (F)
 YESTERDAY
  MAXIMUM         76    354 PM  91              88
  MINIMUM         62    544 AM  64              64
  AVERAGE         69            78     -9       76

PRECIPITATION (IN)
  YESTERDAY        0.33          0.05   0.28     0.16
  MONTH TO DATE    1.70          1.74  -0.04     2.78
  SINCE JUN 1      5.33          4.63   0.70     3.58
  SINCE JAN 1      8.52          7.04   1.48     4.77

......................................................


WIND (MPH)
  HIGHEST WIND SPEED    12   HIGHEST WIND DIRECTION     E (110)
  HIGHEST GUST SPEED    14   HIGHEST GUST DIRECTION     E (110)
  AVERAGE WIND SPEED     3.8


SKY COVER
  AVERAGE SKY COVER 0.8


WEATHER CONDITIONS
 THE FOLLOWING WEATHER WAS RECORDED YESTERDAY.
  RAIN
  LIGHT RAIN
  FOG


RELATIVE HUMIDITY (PERCENT)
 HIGHEST    93           600 AM
 LOWEST     64           300 PM
 AVERAGE    79

..........................................................


THE DEMING CLIMATE NORMALS FOR TODAY
                         NORMAL
 MAXIMUM TEMPERATURE (F)   91
 MINIMUM TEMPERATURE (F)   64


SUNRISE AND SUNSET
AUGUST 21 2017........SUNRISE   639 AM MDT   SUNSET   748 PM MDT
AUGUST 22 2017........SUNRISE   640 AM MDT   SUNSET   747 PM MDT


-  INDICATES NEGATIVE NUMBERS.
R  INDICATES RECORD WAS SET OR TIED.
MM INDICATES DATA IS MISSING.
T  INDICATES TRACE AMOUNT.




$$
