000
CDUS43 KEAX 010644
CLIDMO


CLIMATE REPORT
NATIONAL WEATHER SERVICE KANSAS CITY/PLEASANT HILL MO
144 AM CDT WED JUL 1 2015


...................................

...THE SEDALIA MO CLIMATE SUMMARY FOR JUNE 30 2015...

CLIMATE NORMAL PERIOD 1981 TO 2010
CLIMATE RECORD PERIOD 9999 TO 9999


WEATHER ITEM   OBSERVED TIME   NORMAL DEPARTURE LAST
                VALUE   (LST)  VALUE  FROM      YEAR
                                      NORMAL
......................................................
TEMPERATURE (F)
 YESTERDAY
  MAXIMUM         85    411 PM  88     -3       93
  MINIMUM         68    408 AM  69     -1       75
  AVERAGE         77            78     -1       84

PRECIPITATION (IN)
  YESTERDAY        T             0.13  -0.13     0.07
  MONTH TO DATE    6.29          5.09   1.20     6.11
  SINCE JUN 1      6.29          5.09   1.20     6.11
  SINCE JAN 1     19.72         20.24  -0.52    17.48

DEGREE DAYS
 HEATING
  YESTERDAY        0             0      0        0
  MONTH TO DATE    5             4      1        0
  SINCE JUN 1      5             6     -1        0
  SINCE JUL 1   4645          4571     74     5301

 COOLING
  YESTERDAY       12            13     -1       19
  MONTH TO DATE  339           304     35      312
  SINCE JUN 1    339           304     35      312
  SINCE JAN 1    466           443     23      507
......................................................


WIND (MPH)
  HIGHEST WIND SPEED    10   HIGHEST WIND DIRECTION     W (280)
  HIGHEST GUST SPEED    13   HIGHEST GUST DIRECTION     W (280)
  AVERAGE WIND SPEED     4.4


SKY COVER
  AVERAGE SKY COVER 0.1


WEATHER CONDITIONS
 THE FOLLOWING WEATHER WAS RECORDED YESTERDAY.
  HAZE


RELATIVE HUMIDITY (PERCENT)
 HIGHEST    90           600 AM
 LOWEST     59          1100 AM
 AVERAGE    75

..........................................................


THE SEDALIA MO CLIMATE NORMALS FOR TODAY
                         NORMAL
 MAXIMUM TEMPERATURE (F)   88
 MINIMUM TEMPERATURE (F)   69


SUNRISE AND SUNSET
JULY  1 2015..........SUNRISE   551 AM CDT   SUNSET   841 PM CDT
JULY  2 2015..........SUNRISE   552 AM CDT   SUNSET   841 PM CDT


-  INDICATES NEGATIVE NUMBERS.
R  INDICATES RECORD WAS SET OR TIED.
MM INDICATES DATA IS MISSING.
T  INDICATES TRACE AMOUNT.




$$
