000
CDUS43 KEAX 240632
CLIDMO


CLIMATE REPORT
NATIONAL WEATHER SERVICE KANSAS CITY/PLEASANT HILL MO
132 AM CDT MON JUL 24 2017


...................................

...THE SEDALIA MO CLIMATE SUMMARY FOR JULY 23 2017...

CLIMATE NORMAL PERIOD 1981 TO 2010
CLIMATE RECORD PERIOD 9999 TO 9999


WEATHER ITEM   OBSERVED TIME   NORMAL DEPARTURE LAST
                VALUE   (LST)  VALUE  FROM      YEAR
                                      NORMAL
......................................................
TEMPERATURE (F)
 YESTERDAY
  MAXIMUM         91    332 PM  90      1       97
  MINIMUM         71    559 AM  69      2       76
  AVERAGE         81            79      2       87

PRECIPITATION (IN)
  YESTERDAY        0.24          0.14   0.10     0.00
  MONTH TO DATE    2.08          3.36  -1.28     7.54
  SINCE JUN 1      6.60          8.45  -1.85    11.72
  SINCE JAN 1     22.79         23.60  -0.81    20.98

DEGREE DAYS
 HEATING
  YESTERDAY        0             0      0        0
  MONTH TO DATE    0             0      0        0
  SINCE JUN 1      0             6     -6        0
  SINCE JUL 1      0             0      0        0

 COOLING
  YESTERDAY       16            14      2       22
  MONTH TO DATE  331           319     12      345
  SINCE JUN 1    644           623     21      763
  SINCE JAN 1    807           762     45      885
......................................................


WIND (MPH)
  HIGHEST WIND SPEED    21   HIGHEST WIND DIRECTION     N (20)
  HIGHEST GUST SPEED    28   HIGHEST GUST DIRECTION     N (20)
  AVERAGE WIND SPEED     5.9


SKY COVER
  AVERAGE SKY COVER 0.1


WEATHER CONDITIONS
 THE FOLLOWING WEATHER WAS RECORDED YESTERDAY.
  THUNDERSTORM
  HEAVY RAIN
  LIGHT RAIN
  FOG


RELATIVE HUMIDITY (PERCENT)
 HIGHEST   100           200 AM
 LOWEST     59           200 PM
 AVERAGE    80

..........................................................


THE SEDALIA MO CLIMATE NORMALS FOR TODAY
                         NORMAL
 MAXIMUM TEMPERATURE (F)   90
 MINIMUM TEMPERATURE (F)   69


SUNRISE AND SUNSET
JULY 24 2017..........SUNRISE   607 AM CDT   SUNSET   830 PM CDT
JULY 25 2017..........SUNRISE   608 AM CDT   SUNSET   829 PM CDT


-  INDICATES NEGATIVE NUMBERS.
R  INDICATES RECORD WAS SET OR TIED.
MM INDICATES DATA IS MISSING.
T  INDICATES TRACE AMOUNT.




$$
