000
CDUS43 KEAX 040635
CLIDMO


CLIMATE REPORT
NATIONAL WEATHER SERVICE KANSAS CITY/PLEASANT HILL MO
134 AM CDT FRI SEP 4 2015


...................................

...THE SEDALIA MO CLIMATE SUMMARY FOR SEPTEMBER 3 2015...

CLIMATE NORMAL PERIOD 1981 TO 2010
CLIMATE RECORD PERIOD 9999 TO 9999


WEATHER ITEM   OBSERVED TIME   NORMAL DEPARTURE LAST
                VALUE   (LST)  VALUE  FROM      YEAR
                                      NORMAL
......................................................
TEMPERATURE (F)
 YESTERDAY
  MAXIMUM         94    254 PM  85      9       86
  MINIMUM         70    630 AM  63      7       67
  AVERAGE         82            74      8       77

PRECIPITATION (IN)
  YESTERDAY        0.00          0.16  -0.16     0.17
  MONTH TO DATE    0.00          0.50  -0.50     0.45
  SINCE SEP 1      0.00          0.50  -0.50     0.45
  SINCE JAN 1     28.23         28.44  -0.21    22.02

DEGREE DAYS
 HEATING
  YESTERDAY        0             0      0        0
  MONTH TO DATE    0             0      0        0
  SINCE SEP 1      0             0      0        0
  SINCE JUL 1      0             1     -1        0

 COOLING
  YESTERDAY       17             9      8       12
  MONTH TO DATE   50            28     22       30
  SINCE SEP 1     50            28     22       30
  SINCE JAN 1   1289          1313    -24     1247
......................................................


WIND (MPH)
  HIGHEST WIND SPEED    17   HIGHEST WIND DIRECTION     S (200)
  HIGHEST GUST SPEED    22   HIGHEST GUST DIRECTION     S (200)
  AVERAGE WIND SPEED     7.8


SKY COVER
  AVERAGE SKY COVER 0.0


WEATHER CONDITIONS
 THE FOLLOWING WEATHER WAS RECORDED YESTERDAY.
  NO SIGNIFICANT WEATHER WAS OBSERVED.


RELATIVE HUMIDITY (PERCENT)
 HIGHEST    90           200 AM
 LOWEST     41           100 PM
 AVERAGE    66

..........................................................


THE SEDALIA MO CLIMATE NORMALS FOR TODAY
                         NORMAL
 MAXIMUM TEMPERATURE (F)   84
 MINIMUM TEMPERATURE (F)   63


SUNRISE AND SUNSET
SEPTEMBER  4 2015.....SUNRISE   644 AM CDT   SUNSET   738 PM CDT
SEPTEMBER  5 2015.....SUNRISE   645 AM CDT   SUNSET   737 PM CDT


-  INDICATES NEGATIVE NUMBERS.
R  INDICATES RECORD WAS SET OR TIED.
MM INDICATES DATA IS MISSING.
T  INDICATES TRACE AMOUNT.




$$
