000
CDUS43 KEAX 040033
CLIDMO


CLIMATE REPORT
NATIONAL WEATHER SERVICE KANSAS CITY/PLEASANT HILL MO
733 PM CDT TUE MAY 3 2016


...................................

...THE SEDALIA MO CLIMATE SUMMARY FOR MAY 3 2016...
VALID TODAY AS OF 0700 PM LOCAL TIME.

CLIMATE NORMAL PERIOD 1981 TO 2010
CLIMATE RECORD PERIOD 9999 TO 9999


WEATHER ITEM   OBSERVED TIME   NORMAL DEPARTURE LAST
                VALUE   (LST)  VALUE  FROM      YEAR
                                      NORMAL
......................................................
TEMPERATURE (F)
 TODAY
  MAXIMUM         68    531 PM  72     -4       83
  MINIMUM         45    546 AM  52     -7       58
  AVERAGE         57            62     -5       71

PRECIPITATION (IN)
  TODAY            0.00          0.17  -0.17     0.00
  MONTH TO DATE    T             0.50  -0.50     0.00
  SINCE MAR 1      3.60          7.36  -3.76     4.95
  SINCE JAN 1      4.75         10.96  -6.21     7.03

DEGREE DAYS
 HEATING
  TODAY            8             5      3        0
  MONTH TO DATE   30            15     15        9
  SINCE MAR 1    612           880   -268      736
  SINCE JUL 1   3600          4497   -897     4584

 COOLING
  TODAY            0             1     -1        6
  MONTH TO DATE    0             3     -3        6
  SINCE MAR 1     24            37    -13       23
  SINCE JAN 1     24            37    -13       23
......................................................


WIND (MPH)
  HIGHEST WIND SPEED    15   HIGHEST WIND DIRECTION    NW (330)
  HIGHEST GUST SPEED    19   HIGHEST GUST DIRECTION    NW (320)
  AVERAGE WIND SPEED     6.7


SKY COVER
  AVERAGE SKY COVER 0.1


WEATHER CONDITIONS
 THE FOLLOWING WEATHER WAS RECORDED TODAY.
  FOG


RELATIVE HUMIDITY (PERCENT)
 HIGHEST   100           200 AM
 LOWEST     39           400 PM
 AVERAGE    70

..........................................................


THE SEDALIA MO CLIMATE NORMALS FOR TOMORROW
                         NORMAL
 MAXIMUM TEMPERATURE (F)   72
 MINIMUM TEMPERATURE (F)   52


SUNRISE AND SUNSET
MAY  3 2016...........SUNRISE   612 AM CDT   SUNSET   807 PM CDT
MAY  4 2016...........SUNRISE   611 AM CDT   SUNSET   808 PM CDT


-  INDICATES NEGATIVE NUMBERS.
R  INDICATES RECORD WAS SET OR TIED.
MM INDICATES DATA IS MISSING.
T  INDICATES TRACE AMOUNT.




$$
