000
CDUS43 KEAX 232238
CLIDMO


CLIMATE REPORT
NATIONAL WEATHER SERVICE KANSAS CITY/PLEASANT HILL MO
437 PM CST THU NOV 23 2017


...................................

...THE SEDALIA MO CLIMATE SUMMARY FOR NOVEMBER 23 2017...
VALID AS OF 0400 PM LOCAL TIME.

CLIMATE NORMAL PERIOD 1981 TO 2010
CLIMATE RECORD PERIOD 9999 TO 9999


WEATHER ITEM   OBSERVED TIME   NORMAL DEPARTURE LAST
                VALUE   (LST)  VALUE  FROM      YEAR
                                      NORMAL
......................................................
TEMPERATURE (F)
 TODAY
  MAXIMUM         60    259 PM  52      8       55
  MINIMUM         30    239 AM  34     -4       43
  AVERAGE         45            43      2       49

PRECIPITATION (IN)
  TODAY            0.00          0.09  -0.09     0.02
  MONTH TO DATE    0.59          2.40  -1.81     0.41
  SINCE SEP 1      6.00         10.15  -4.15     6.81
  SINCE JAN 1     35.20         38.09  -2.89    31.17

DEGREE DAYS
 HEATING
  TODAY           20            22     -2       16
  MONTH TO DATE  439           387     52      259
  SINCE SEP 1    676           677     -1      374
  SINCE JUL 1    681           678      3      374

 COOLING
  TODAY            0             0      0        0
  MONTH TO DATE    0             0      0       23
  SINCE SEP 1    317           202    115      362
  SINCE JAN 1   1491          1487      4     1775
......................................................


WIND (MPH)
  HIGHEST WIND SPEED    20   HIGHEST WIND DIRECTION    SW (220)
  HIGHEST GUST SPEED    24   HIGHEST GUST DIRECTION    SW (220)
  AVERAGE WIND SPEED    10.4


SKY COVER
  AVERAGE SKY COVER 0.0


WEATHER CONDITIONS
 THE FOLLOWING WEATHER WAS RECORDED TODAY.
  NO SIGNIFICANT WEATHER WAS OBSERVED.


RELATIVE HUMIDITY (PERCENT)
 HIGHEST    78           200 AM
 LOWEST     37           300 PM
 AVERAGE    58

..........................................................


THE SEDALIA MO CLIMATE NORMALS FOR TOMORROW
                         NORMAL
 MAXIMUM TEMPERATURE (F)   51
 MINIMUM TEMPERATURE (F)   34


SUNRISE AND SUNSET
NOVEMBER 23 2017......SUNRISE   704 AM CST   SUNSET   454 PM CST
NOVEMBER 24 2017......SUNRISE   705 AM CST   SUNSET   453 PM CST


-  INDICATES NEGATIVE NUMBERS.
R  INDICATES RECORD WAS SET OR TIED.
MM INDICATES DATA IS MISSING.
T  INDICATES TRACE AMOUNT.




$$
