000
CDUS43 KEAX 120637
CLIDMO


CLIMATE REPORT
NATIONAL WEATHER SERVICE KANSAS CITY/PLEASANT HILL MO
135 AM CDT SAT JUL 12 2014


...................................

...THE SEDALIA MO CLIMATE SUMMARY FOR JULY 11 2014...

CLIMATE NORMAL PERIOD 1981 TO 2010
CLIMATE RECORD PERIOD 9999 TO 9999


WEATHER ITEM   OBSERVED TIME   NORMAL DEPARTURE LAST
                VALUE   (LST)  VALUE  FROM      YEAR
                                      NORMAL
......................................................
TEMPERATURE (F)
 YESTERDAY
  MAXIMUM         91    138 PM  89      2       88
  MINIMUM         65    404 AM  69     -4       65
  AVERAGE         78            79     -1       77

PRECIPITATION (IN)
  YESTERDAY        0.00          0.16  -0.16     0.00
  MONTH TO DATE    0.36          1.50  -1.14     0.43
  SINCE JUN 1      6.47          6.59  -0.12     2.84
  SINCE JAN 1     17.84         21.74  -3.90    25.84

DEGREE DAYS
 HEATING
  YESTERDAY        0             0      0        0
  MONTH TO DATE    0             0      0        0
  SINCE JUN 1      0             6     -6        9
  SINCE JUL 1      0             0      0        0

 COOLING
  YESTERDAY       13            14     -1       12
  MONTH TO DATE  106           151    -45      132
  SINCE JUN 1    418           455    -37      439
  SINCE JAN 1    613           594     19      587
......................................................


WIND (MPH)
  HIGHEST WIND SPEED    20   HIGHEST WIND DIRECTION    SW (210)
  HIGHEST GUST SPEED    24   HIGHEST GUST DIRECTION    SW (220)
  AVERAGE WIND SPEED    10.2


SKY COVER
  AVERAGE SKY COVER 0.1


WEATHER CONDITIONS
 THE FOLLOWING WEATHER WAS RECORDED YESTERDAY.
  NO SIGNIFICANT WEATHER WAS OBSERVED.


RELATIVE HUMIDITY (PERCENT)
 HIGHEST    93           200 AM
 LOWEST     59           200 PM
 AVERAGE    76

..........................................................


THE SEDALIA MO CLIMATE NORMALS FOR TODAY
                         NORMAL
 MAXIMUM TEMPERATURE (F)   89
 MINIMUM TEMPERATURE (F)   69


SUNRISE AND SUNSET
JULY 12 2014..........SUNRISE   558 AM CDT   SUNSET   838 PM CDT
JULY 13 2014..........SUNRISE   559 AM CDT   SUNSET   837 PM CDT


-  INDICATES NEGATIVE NUMBERS.
R  INDICATES RECORD WAS SET OR TIED.
MM INDICATES DATA IS MISSING.
T  INDICATES TRACE AMOUNT.




$$
