000
CDUS43 KEAX 210634
CLIDMO


CLIMATE REPORT
NATIONAL WEATHER SERVICE KANSAS CITY/PLEASANT HILL MO
134 AM CDT THU SEP 21 2017


...................................

...THE SEDALIA MO CLIMATE SUMMARY FOR SEPTEMBER 20 2017...

CLIMATE NORMAL PERIOD 1981 TO 2010
CLIMATE RECORD PERIOD 9999 TO 9999


WEATHER ITEM   OBSERVED TIME   NORMAL DEPARTURE LAST
                VALUE   (LST)  VALUE  FROM      YEAR
                                      NORMAL
......................................................
TEMPERATURE (F)
 YESTERDAY
  MAXIMUM         93    331 PM  78     15       94
  MINIMUM         73    610 AM  57     16       70
  AVERAGE         83            67     16       82

PRECIPITATION (IN)
  YESTERDAY        0.00          0.12  -0.12     0.00
  MONTH TO DATE    1.02          2.87  -1.85     4.45
  SINCE SEP 1      1.02          2.87  -1.85     4.45
  SINCE JAN 1     30.22         30.81  -0.59    28.81

DEGREE DAYS
 HEATING
  YESTERDAY        0             2     -2        0
  MONTH TO DATE    2            12    -10        0
  SINCE SEP 1      2            12    -10        0
  SINCE JUL 1      7            13     -6        0

 COOLING
  YESTERDAY       18             4     14       17
  MONTH TO DATE  141           133      8      195
  SINCE SEP 1    141           133      8      195
  SINCE JAN 1   1315          1418   -103     1608
......................................................


WIND (MPH)
  HIGHEST WIND SPEED    22   HIGHEST WIND DIRECTION    SW (210)
  HIGHEST GUST SPEED    27   HIGHEST GUST DIRECTION     S (200)
  AVERAGE WIND SPEED    11.7


SKY COVER
  AVERAGE SKY COVER 0.0


WEATHER CONDITIONS
 THE FOLLOWING WEATHER WAS RECORDED YESTERDAY.
  NO SIGNIFICANT WEATHER WAS OBSERVED.


RELATIVE HUMIDITY (PERCENT)
 HIGHEST    93           400 AM
 LOWEST     56           300 PM
 AVERAGE    75

..........................................................


THE SEDALIA MO CLIMATE NORMALS FOR TODAY
                         NORMAL
 MAXIMUM TEMPERATURE (F)   77
 MINIMUM TEMPERATURE (F)   56


SUNRISE AND SUNSET
SEPTEMBER 21 2017.....SUNRISE   659 AM CDT   SUNSET   711 PM CDT
SEPTEMBER 22 2017.....SUNRISE   700 AM CDT   SUNSET   709 PM CDT


-  INDICATES NEGATIVE NUMBERS.
R  INDICATES RECORD WAS SET OR TIED.
MM INDICATES DATA IS MISSING.
T  INDICATES TRACE AMOUNT.




$$
