000
CDUS42 KCAE 200613
CLIDNL


CLIMATE REPORT
NATIONAL WEATHER SERVICE COLUMBIA SC
113 AM EST MON FEB 20 2017


...................................

...THE AUGUSTA DANIEL FIELD GA CLIMATE SUMMARY FOR FEBRUARY 19 2017...

CLIMATE NORMAL PERIOD 1981 TO 2010
CLIMATE RECORD PERIOD 9999 TO 9999


WEATHER ITEM   OBSERVED TIME   NORMAL DEPARTURE LAST
                VALUE   (LST)  VALUE  FROM      YEAR
                                      NORMAL
......................................................
TEMPERATURE (F)
 YESTERDAY
  MAXIMUM         75    431 PM  61     14       65
  MINIMUM         52    413 AM  41     11       41
  AVERAGE         64            51     13       53

PRECIPITATION (IN)
  YESTERDAY        0.01          0.17  -0.16     0.00
  MONTH TO DATE    1.57          2.57  -1.00     1.99
  SINCE DEC 1     16.28         10.40   5.88     9.14
  SINCE JAN 1     12.07          6.78   5.29     3.66

DEGREE DAYS
 HEATING
  YESTERDAY        1            14    -13       12
  MONTH TO DATE  133           295   -162      295
  SINCE DEC 1    816          1367   -551     1037
  SINCE JUL 1    985          1701   -716     1228

 COOLING
  YESTERDAY        0             0      0        0
  MONTH TO DATE    5             0      5        6
  SINCE DEC 1     24             6     18       70
  SINCE JAN 1     20             1     19        6
......................................................


WIND (MPH)
  HIGHEST WIND SPEED    16   HIGHEST WIND DIRECTION    NW (330)
  HIGHEST GUST SPEED    21   HIGHEST GUST DIRECTION    NW (330)
  AVERAGE WIND SPEED     4.9


SKY COVER
  AVERAGE SKY COVER 0.2


WEATHER CONDITIONS
 THE FOLLOWING WEATHER WAS RECORDED YESTERDAY.
  LIGHT RAIN
  FOG


RELATIVE HUMIDITY (PERCENT)
 HIGHEST    89          1200 AM
 LOWEST     38           300 PM

..........................................................


THE AUGUSTA DANIEL FIELD GA CLIMATE NORMALS FOR TODAY
                         NORMAL    RECORD    YEAR
 MAXIMUM TEMPERATURE (F)   62        MM        MM
 MINIMUM TEMPERATURE (F)   42        MM        MM


SUNRISE AND SUNSET
FEBRUARY 20 2017......SUNRISE   707 AM EST   SUNSET   617 PM EST
FEBRUARY 21 2017......SUNRISE   705 AM EST   SUNSET   618 PM EST


-  INDICATES NEGATIVE NUMBERS.
R  INDICATES RECORD WAS SET OR TIED.
MM INDICATES DATA IS MISSING.
T  INDICATES TRACE AMOUNT.




$$
