000
CDUS42 KCAE 250607
CLIDNL


CLIMATE REPORT
NATIONAL WEATHER SERVICE COLUMBIA SC
207 AM EDT SAT MAR 25 2017


...................................

...THE AUGUSTA DANIEL FIELD GA CLIMATE SUMMARY FOR MARCH 24 2017...

CLIMATE NORMAL PERIOD 1981 TO 2010
CLIMATE RECORD PERIOD 9999 TO 9999


WEATHER ITEM   OBSERVED TIME   NORMAL DEPARTURE LAST
                VALUE   (LST)  VALUE  FROM      YEAR
                                      NORMAL
......................................................
TEMPERATURE (F)
 YESTERDAY
  MAXIMUM         77    453 PM  70      7       82
  MINIMUM         51    647 AM  49      2       54
  AVERAGE         64            60      4       68

PRECIPITATION (IN)
  YESTERDAY        0.00          0.15  -0.15     0.00
  MONTH TO DATE    1.87          3.24  -1.37     1.28
  SINCE MAR 1      1.87          3.24  -1.37     1.28
  SINCE JAN 1     14.23         11.48   2.75     5.89

DEGREE DAYS
 HEATING
  YESTERDAY        1             6     -5        0
  MONTH TO DATE  205           210     -5      109
  SINCE MAR 1    205           210     -5      109
  SINCE JUL 1   1212          2023   -811     1410

 COOLING
  YESTERDAY        0             1     -1        3
  MONTH TO DATE   22            22      0       78
  SINCE MAR 1     22            22      0       78
  SINCE JAN 1     56            26     30       84
......................................................


WIND (MPH)
  HIGHEST WIND SPEED    16   HIGHEST WIND DIRECTION    SE (130)
  HIGHEST GUST SPEED    22   HIGHEST GUST DIRECTION    SE (140)
  AVERAGE WIND SPEED     7.8


SKY COVER
  AVERAGE SKY COVER 0.2


WEATHER CONDITIONS
 THE FOLLOWING WEATHER WAS RECORDED YESTERDAY.
  NO SIGNIFICANT WEATHER WAS OBSERVED.


RELATIVE HUMIDITY (PERCENT)
 HIGHEST    60          1100 PM
 LOWEST     29           300 PM

..........................................................


THE AUGUSTA DANIEL FIELD GA CLIMATE NORMALS FOR TODAY
                         NORMAL    RECORD    YEAR
 MAXIMUM TEMPERATURE (F)   71        MM        MM
 MINIMUM TEMPERATURE (F)   49        MM        MM


SUNRISE AND SUNSET
MARCH 25 2017.........SUNRISE   725 AM EDT   SUNSET   744 PM EDT
MARCH 26 2017.........SUNRISE   723 AM EDT   SUNSET   744 PM EDT


-  INDICATES NEGATIVE NUMBERS.
R  INDICATES RECORD WAS SET OR TIED.
MM INDICATES DATA IS MISSING.
T  INDICATES TRACE AMOUNT.




$$
