000
CDUS43 KLOT 070645
CLIDPA


CLIMATE REPORT
NATIONAL WEATHER SERVICE CHICAGO IL
144 AM CDT TUE JUL 7 2015


...................................

...THE DU PAGE  AIRPORT CLIMATE SUMMARY FOR JULY 6 2015...

CLIMATE NORMAL PERIOD 1981 TO 2010
CLIMATE RECORD PERIOD 1997 TO 2015


WEATHER ITEM   OBSERVED TIME   RECORD YEAR NORMAL DEPARTURE LAST
                VALUE   (LST)  VALUE       VALUE  FROM      YEAR
                                                  NORMAL
..................................................................
TEMPERATURE (F)
 YESTERDAY
  MAXIMUM         85   1141 AM 100    2012  85      0       87
  MINIMUM         63    312 AM  49    2001  63      0       62
  AVERAGE         74                        74      0       75

PRECIPITATION (IN)
  YESTERDAY        1.44R         0.33        0.08   1.36     0.00
  MONTH TO DATE    1.44                      0.44   1.00     0.31
  SINCE JUN 1      9.45                      4.33   5.12     7.25
  SINCE JAN 1     20.44                     17.35   3.09    14.89

SNOWFALL (IN)
  YESTERDAY        0.0
  MONTH TO DATE    0.0
  SINCE JUL 1      0.0

DEGREE DAYS
 HEATING
  YESTERDAY        0                         0      0        0
  MONTH TO DATE    9                         0      9        2
  SINCE JUN 1     43                        36      7       20
  SINCE JUL 1      9                         0      9        2

 COOLING
  YESTERDAY        9                         9      0       10
  MONTH TO DATE   19                        54    -35       25
  SINCE JUN 1    139                       232    -93      234
  SINCE JAN 1    193                       278    -85      303
..................................................................


WIND (MPH)
  RESULTANT WIND SPEED   9   RESULTANT WIND DIRECTION   S (180)
  HIGHEST WIND SPEED    23   HIGHEST WIND DIRECTION    NW (300)
  HIGHEST GUST SPEED    30   HIGHEST GUST DIRECTION    NW (310)
  AVERAGE WIND SPEED     9.2



WEATHER CONDITIONS
 THE FOLLOWING WEATHER WAS RECORDED YESTERDAY.
  THUNDERSTORM
  HEAVY RAIN
  RAIN
  LIGHT RAIN
  FOG
  HAZE


..........................................................


THE DU PAGE  AIRPORT CLIMATE NORMALS FOR TODAY
                         NORMAL    RECORD    YEAR
 MAXIMUM TEMPERATURE (F)   86       100      2012
 MINIMUM TEMPERATURE (F)   63        51      1997


SUNRISE AND SUNSET
JULY  7 2015..........SUNRISE   525 AM CDT   SUNSET   831 PM CDT
JULY  8 2015..........SUNRISE   526 AM CDT   SUNSET   830 PM CDT


-  INDICATES NEGATIVE NUMBERS.
R  INDICATES RECORD WAS SET OR TIED.
MM INDICATES DATA IS MISSING.
T  INDICATES TRACE AMOUNT.




$$
