000
CDUS43 KLOT 050637
CLIDPA


CLIMATE REPORT
NATIONAL WEATHER SERVICE CHICAGO IL
1237 AM CST THU MAR 5 2015


...................................

...THE DU PAGE  AIRPORT CLIMATE SUMMARY FOR MARCH 4 2015...

CLIMATE NORMAL PERIOD 1981 TO 2010
CLIMATE RECORD PERIOD 1997 TO 2015


WEATHER ITEM   OBSERVED TIME   RECORD YEAR NORMAL DEPARTURE LAST
                VALUE   (LST)  VALUE       VALUE  FROM      YEAR
                                                  NORMAL
..................................................................
TEMPERATURE (F)
 YESTERDAY
  MAXIMUM         30    113 AM  62    2000  43    -13       26
  MINIMUM          9   1159 PM  -9    2002  24    -15       10
  AVERAGE         20                        34    -14       18

PRECIPITATION (IN)
  YESTERDAY        0.00          0.84        0.07  -0.07      T
  MONTH TO DATE    0.07                      0.30  -0.23      T
  SINCE MAR 1      0.07                      0.30  -0.23      T
  SINCE JAN 1      1.90                      3.03  -1.13     1.22

SNOWFALL (IN)
  YESTERDAY        0.0
  MONTH TO DATE    0.0
  SINCE JUL 1     30.0

DEGREE DAYS
 HEATING
  YESTERDAY       45                        31     14       47
  MONTH TO DATE  173                       128     45      210
  SINCE MAR 1    173                       128     45      210
  SINCE JUL 1   5365                      4883    482     5986

 COOLING
  YESTERDAY        0                         0      0        0
  MONTH TO DATE    0                         0      0        0
  SINCE MAR 1      0                         0      0        0
  SINCE JAN 1      0                         0      0        0
..................................................................


WIND (MPH)
  RESULTANT WIND SPEED  13   RESULTANT WIND DIRECTION  NW (300)
  HIGHEST WIND SPEED    23   HIGHEST WIND DIRECTION    NW (320)
  HIGHEST GUST SPEED    29   HIGHEST GUST DIRECTION    NW (320)
  AVERAGE WIND SPEED    13.1



WEATHER CONDITIONS
 THE FOLLOWING WEATHER WAS RECORDED YESTERDAY.
  NO SIGNIFICANT WEATHER WAS OBSERVED.


..........................................................


THE DU PAGE  AIRPORT CLIMATE NORMALS FOR TODAY
                         NORMAL    RECORD    YEAR
 MAXIMUM TEMPERATURE (F)   43        69      2000
 MINIMUM TEMPERATURE (F)   25         6      2002


SUNRISE AND SUNSET
MARCH  5 2015.........SUNRISE   622 AM CST   SUNSET   548 PM CST
MARCH  6 2015.........SUNRISE   620 AM CST   SUNSET   549 PM CST


-  INDICATES NEGATIVE NUMBERS.
R  INDICATES RECORD WAS SET OR TIED.
MM INDICATES DATA IS MISSING.
T  INDICATES TRACE AMOUNT.




$$
