000
CDUS43 KLOT 250632
CLIDPA


CLIMATE REPORT
NATIONAL WEATHER SERVICE CHICAGO IL
132 AM CDT THU MAY 25 2017


...................................

...THE DU PAGE  AIRPORT CLIMATE SUMMARY FOR MAY 24 2017...

CLIMATE NORMAL PERIOD 1981 TO 2010
CLIMATE RECORD PERIOD 1997 TO 2017


WEATHER ITEM   OBSERVED TIME   RECORD YEAR NORMAL DEPARTURE LAST
                VALUE   (LST)  VALUE       VALUE  FROM      YEAR
                                                  NORMAL
..................................................................
TEMPERATURE (F)
 YESTERDAY
  MAXIMUM         62    529 PM  91    2010  74    -12       87
  MINIMUM         53    557 AM  34    2013  51      2       56
  AVERAGE         58                        62     -4       72

PRECIPITATION (IN)
  YESTERDAY        0.09          0.37        0.16  -0.07     0.00
  MONTH TO DATE    3.99                      3.64   0.35     4.56
  SINCE MAR 1     13.41                      9.35   4.06    10.48
  SINCE JAN 1     16.82                     12.08   4.74    12.68

DEGREE DAYS
 HEATING
  YESTERDAY        7                         5      2        0
  MONTH TO DATE  245                       186     59      233
  SINCE MAR 1   1432                      1497    -65     1424
  SINCE JUL 1   5531                      6252   -721     5627

 COOLING
  YESTERDAY        0                         2     -2        7
  MONTH TO DATE   15                        25    -10        7
  SINCE MAR 1     23                        29     -6       13
  SINCE JAN 1     23                        29     -6       13
..................................................................


WIND (MPH)
  RESULTANT WIND SPEED  12   RESULTANT WIND DIRECTION  NE (30)
  HIGHEST WIND SPEED    21   HIGHEST WIND DIRECTION    NE (30)
  HIGHEST GUST SPEED    27   HIGHEST GUST DIRECTION    NE (40)
  AVERAGE WIND SPEED    12.4



WEATHER CONDITIONS
 THE FOLLOWING WEATHER WAS RECORDED YESTERDAY.
  LIGHT RAIN
  FOG


..........................................................


THE DU PAGE  AIRPORT CLIMATE NORMALS FOR TODAY
                         NORMAL    RECORD    YEAR
 MAXIMUM TEMPERATURE (F)   74        89      2010
 MINIMUM TEMPERATURE (F)   51        39      2002


SUNRISE AND SUNSET
MAY 25 2017...........SUNRISE   524 AM CDT   SUNSET   816 PM CDT
MAY 26 2017...........SUNRISE   523 AM CDT   SUNSET   817 PM CDT


-  INDICATES NEGATIVE NUMBERS.
R  INDICATES RECORD WAS SET OR TIED.
MM INDICATES DATA IS MISSING.
T  INDICATES TRACE AMOUNT.




$$
