000
CDUS45 KGJT 302327
CLIDRO


CLIMATE REPORT
NATIONAL WEATHER SERVICE GRAND JUNCTION CO
523 PM MDT THU JUL 30 2015


...................................

...THE DURANGO AIRPORT CO CLIMATE SUMMARY FOR JULY 30 2015...
VALID TODAY AS OF 0500 PM LOCAL TIME.

CLIMATE NORMAL PERIOD 1981 TO 2010
CLIMATE RECORD PERIOD 9999 TO 9999


WEATHER ITEM   OBSERVED TIME   RECORD YEAR NORMAL DEPARTURE LAST
                VALUE   (LST)  VALUE       VALUE  FROM      YEAR
                                                  NORMAL
..................................................................
TEMPERATURE (F)
 TODAY
  MAXIMUM         85    217 PM  MM      MM  85      0       86
  MINIMUM         52    536 AM  MM      MM  54     -2       57
  AVERAGE         69                        70     -1       72

PRECIPITATION (IN)
  TODAY            0.00         MM      MM   0.08  -0.08     0.02
  MONTH TO DATE    1.62                      1.64  -0.02     1.27
  SINCE JUN 1      3.28                      2.28   1.00     1.27
  SINCE JAN 1     10.78                      7.71   3.07     3.67

SNOWFALL (IN)
  TODAY           MM            MM      MM  MM     MM       MM
  MONTH TO DATE   MM                        MM     MM       MM
  SINCE JUN 1     MM                        MM     MM       MM
  SINCE JUL 1     MM                        MM     MM       MM
  SNOW DEPTH      MM

DEGREE DAYS
 HEATING
  TODAY            0                         0      0        0
  MONTH TO DATE   15                         8      7        0
  SINCE JUN 1     96                       123    -27       88
  SINCE JUL 1     15                         8      7        0

 COOLING
  TODAY            4                         5     -1        7
  MONTH TO DATE   81                       120    -39      203
  SINCE JUN 1    150                       148      2      217
  SINCE JAN 1    150                       149      1      222
..................................................................


WIND (MPH)
  HIGHEST WIND SPEED    20   HIGHEST WIND DIRECTION     S (170)
  HIGHEST GUST SPEED    27   HIGHEST GUST DIRECTION     S (170)
  AVERAGE WIND SPEED     4.6


SKY COVER
  POSSIBLE SUNSHINE  MM
  AVERAGE SKY COVER 0.2


WEATHER CONDITIONS
 THE FOLLOWING WEATHER WAS RECORDED TODAY.
  NO SIGNIFICANT WEATHER WAS OBSERVED.


RELATIVE HUMIDITY (PERCENT)
 HIGHEST    77           200 AM
 LOWEST     26           300 PM
 AVERAGE    52

..........................................................


THE DURANGO AIRPORT CO CLIMATE NORMALS FOR TOMORROW
                         NORMAL    RECORD    YEAR
 MAXIMUM TEMPERATURE (F)   85        MM        MM
 MINIMUM TEMPERATURE (F)   54        MM        MM


SUNRISE AND SUNSET
JULY 30 2015..........SUNRISE   614 AM MDT   SUNSET   820 PM MDT
JULY 31 2015..........SUNRISE   615 AM MDT   SUNSET   819 PM MDT


-  INDICATES NEGATIVE NUMBERS.
R  INDICATES RECORD WAS SET OR TIED.
MM INDICATES DATA IS MISSING.
T  INDICATES TRACE AMOUNT.




$$
