000
CDUS45 KGJT 252328
CLIDRO


CLIMATE REPORT
NATIONAL WEATHER SERVICE GRAND JUNCTION CO
524 PM MDT THU AUG 25 2016


...................................

...THE DURANGO AIRPORT CO CLIMATE SUMMARY FOR AUGUST 25 2016...
VALID TODAY AS OF 0500 PM LOCAL TIME.

CLIMATE NORMAL PERIOD 1981 TO 2010
CLIMATE RECORD PERIOD 9999 TO 9999


WEATHER ITEM   OBSERVED TIME   RECORD YEAR NORMAL DEPARTURE LAST
                VALUE   (LST)  VALUE       VALUE  FROM      YEAR
                                                  NORMAL
..................................................................
TEMPERATURE (F)
 TODAY
  MAXIMUM         75    148 PM  MM      MM  82     -7       88
  MINIMUM         44    607 AM  MM      MM  49     -5       56
  AVERAGE         60                        66     -6       72

PRECIPITATION (IN)
  TODAY            0.00         MM      MM   0.07  -0.07     0.09
  MONTH TO DATE    1.97                      1.69   0.28     0.77
  SINCE JUN 1      3.81                      4.05  -0.24     4.13
  SINCE JAN 1      7.05                      9.48  -2.43    11.63

SNOWFALL (IN)
  TODAY           MM            MM      MM  MM     MM       MM
  MONTH TO DATE   MM                        MM     MM       MM
  SINCE JUN 1     MM                        MM     MM       MM
  SINCE JUL 1     MM                        MM     MM       MM
  SNOW DEPTH      MM

DEGREE DAYS
 HEATING
  TODAY            5                         1      4        0
  MONTH TO DATE   20                         8     12        3
  SINCE JUN 1     62                       133    -71       99
  SINCE JUL 1     25                        18      7       18

 COOLING
  TODAY            0                         1     -1        7
  MONTH TO DATE   55                        79    -24       91
  SINCE JUN 1    313                       229     84      245
  SINCE JAN 1    313                       230     83      245
..................................................................


WIND (MPH)
  HIGHEST WIND SPEED    24   HIGHEST WIND DIRECTION    NW (330)
  HIGHEST GUST SPEED    32   HIGHEST GUST DIRECTION    NW (330)
  AVERAGE WIND SPEED     4.6


SKY COVER
  POSSIBLE SUNSHINE  MM
  AVERAGE SKY COVER 0.1


WEATHER CONDITIONS
 THE FOLLOWING WEATHER WAS RECORDED TODAY.
  THUNDERSTORM


RELATIVE HUMIDITY (PERCENT)
 HIGHEST    93           200 AM
 LOWEST     35          1200 PM
 AVERAGE    64

..........................................................


THE DURANGO AIRPORT CO CLIMATE NORMALS FOR TOMORROW
                         NORMAL    RECORD    YEAR
 MAXIMUM TEMPERATURE (F)   81        MM        MM
 MINIMUM TEMPERATURE (F)   49        MM        MM


SUNRISE AND SUNSET
AUGUST 25 2016........SUNRISE   636 AM MDT   SUNSET   749 PM MDT
AUGUST 26 2016........SUNRISE   637 AM MDT   SUNSET   747 PM MDT


-  INDICATES NEGATIVE NUMBERS.
R  INDICATES RECORD WAS SET OR TIED.
MM INDICATES DATA IS MISSING.
T  INDICATES TRACE AMOUNT.




$$
