000
CDUS44 KEWX 282319
CLIDRT


CLIMATE REPORT
NATIONAL WEATHER SERVICE AUSTIN/SAN ANTONIO, TX
617 PM CDT SUN MAY 28 2017


...................................

...THE DEL RIO CLIMATE SUMMARY FOR MAY 28 2017...
VALID TODAY AS OF 615 PM LOCAL TIME.

CLIMATE NORMAL PERIOD 1981 TO 2010
CLIMATE RECORD PERIOD 1906 TO 2017


WEATHER ITEM   OBSERVED TIME   RECORD YEAR NORMAL DEPARTURE LAST
                VALUE   (LST)  VALUE       VALUE  FROM      YEAR
                                                  NORMAL
..................................................................
TEMPERATURE (F)
 TODAY
  MAXIMUM         90    202 PM 108    1927  92     -2       94
                                      1912
  MINIMUM         76        MM  58    1907  71      5       66
  AVERAGE         83                        82      1       80

PRECIPITATION (IN)
  TODAY            0.00          3.41 1925   0.10  -0.10     0.02
  MONTH TO DATE    3.82                      2.49   1.33     1.50
  SINCE MAR 1      9.97                      5.28   4.69     7.74
  SINCE JAN 1     10.94                      6.88   4.06     8.49

SNOWFALL (IN)
  TODAY            0.0
  MONTH TO DATE    0.0
  SINCE MAR 1      0.0
  SINCE JUL 1      0.0
  SNOW DEPTH        0

DEGREE DAYS
 HEATING
  TODAY            0                         0      0        0
  MONTH TO DATE    0                         0      0        1
  SINCE MAR 1     47                       139    -92       70
  SINCE JUL 1    840                      1375   -535     1050

 COOLING
  TODAY           18                        16      2       15
  MONTH TO DATE  344                       379    -35      334
  SINCE MAR 1    732                       689     43      654
  SINCE JAN 1    795                       708     87      689
..................................................................


WIND (MPH)
  HIGHEST WIND SPEED    21   HIGHEST WIND DIRECTION    NE (60)
  HIGHEST GUST SPEED    26   HIGHEST GUST DIRECTION    NE (60)
  AVERAGE WIND SPEED     7.4



WEATHER CONDITIONS
 THE FOLLOWING WEATHER WAS RECORDED TODAY.
  NO SIGNIFICANT WEATHER WAS OBSERVED.


RELATIVE HUMIDITY (PERCENT)
 HIGHEST    94           600 AM
 LOWEST     54           500 PM
 AVERAGE    74

..........................................................


THE DEL RIO CLIMATE NORMALS FOR TOMORROW
                         NORMAL    RECORD    YEAR
 MAXIMUM TEMPERATURE (F)   92       104      1927
                                             1912
 MINIMUM TEMPERATURE (F)   71        57      1992


SUNRISE AND SUNSET
MAY 28 2017...........SUNRISE   645 AM CDT   SUNSET   837 PM CDT
MAY 29 2017...........SUNRISE   645 AM CDT   SUNSET   837 PM CDT


-  INDICATES NEGATIVE NUMBERS.
R  INDICATES RECORD WAS SET OR TIED.
MM INDICATES DATA IS MISSING.
T  INDICATES TRACE AMOUNT.




$$
