000
CDUS44 KDRT 010706
CLIDRT


CLIMATE REPORT
NATIONAL WEATHER SERVICE AUSTIN/SAN ANTONIO, TX
203 AM CDT SUN MAY 1 2016


...................................

...THE DEL RIO CLIMATE SUMMARY FOR APRIL 30 2016...

CLIMATE NORMAL PERIOD 1981 TO 2010
CLIMATE RECORD PERIOD 1906 TO 2016


WEATHER ITEM   OBSERVED TIME   RECORD YEAR NORMAL DEPARTURE LAST
                VALUE   (LST)  VALUE       VALUE  FROM      YEAR
                                                  NORMAL
..................................................................
TEMPERATURE (F)
 YESTERDAY
  MAXIMUM         91    246 PM 102    2011  87      4       83
                                      1951
  MINIMUM         58    623 AM  38    1908  64     -6       48
  AVERAGE         75                        75      0       66

PRECIPITATION (IN)
  YESTERDAY        0.15          1.70 1922   0.07   0.08     0.00
  MONTH TO DATE    4.16                      1.65   2.51     1.71
  SINCE MAR 1      6.24                      2.79   3.45     3.92
  SINCE JAN 1      6.99                      4.39   2.60     4.91

SNOWFALL (IN)
  YESTERDAY        0.0
  MONTH TO DATE    0.0
  SINCE MAR 1      0.0
  SINCE JUL 1      T

DEGREE DAYS
 HEATING
  YESTERDAY        0                         0      0        0
  MONTH TO DATE   14                        24    -10       10
  SINCE MAR 1     69                       139    -70      148
  SINCE JUL 1   1049                      1375   -326     1475

 COOLING
  YESTERDAY       10                        10      0        1
  MONTH TO DATE  223                       223      0      220
  SINCE MAR 1    320                       310     10      291
  SINCE JAN 1    355                       329     26      306
..................................................................


WIND (MPH)
  HIGHEST WIND SPEED    18   HIGHEST WIND DIRECTION    SW (230)
  HIGHEST GUST SPEED    20   HIGHEST GUST DIRECTION    SW (230)
  AVERAGE WIND SPEED     5.6


SKY COVER
  AVERAGE SKY COVER 0.1


WEATHER CONDITIONS
 THE FOLLOWING WEATHER WAS RECORDED YESTERDAY.
  RAIN
  LIGHT RAIN


RELATIVE HUMIDITY (PERCENT)
 HIGHEST    90           400 AM
 LOWEST     12           400 PM
 AVERAGE    51

..........................................................


THE DEL RIO CLIMATE NORMALS FOR TODAY
                         NORMAL    RECORD    YEAR
 MAXIMUM TEMPERATURE (F)   87       104      2002
 MINIMUM TEMPERATURE (F)   64        46      1908


SUNRISE AND SUNSET
MAY  1 2016...........SUNRISE   701 AM CDT   SUNSET   820 PM CDT
MAY  2 2016...........SUNRISE   700 AM CDT   SUNSET   821 PM CDT


-  INDICATES NEGATIVE NUMBERS.
R  INDICATES RECORD WAS SET OR TIED.
MM INDICATES DATA IS MISSING.
T  INDICATES TRACE AMOUNT.




$$
