000
CDUS44 KEWX 302225
CLIDRT


CLIMATE REPORT
NATIONAL WEATHER SERVICE AUSTIN/SAN ANTONIO, TX
524 PM CDT SUN AUG 30 2015


...................................

...THE DEL RIO CLIMATE SUMMARY FOR AUGUST 30 2015...
VALID TODAY AS OF 0524 PM LOCAL TIME.

CLIMATE NORMAL PERIOD 1981 TO 2010
CLIMATE RECORD PERIOD 1906 TO 2015


WEATHER ITEM   OBSERVED TIME   RECORD YEAR NORMAL DEPARTURE LAST
                VALUE   (LST)  VALUE       VALUE  FROM      YEAR
                                                  NORMAL
..................................................................
TEMPERATURE (F)
 TODAY
  MAXIMUM         95    129 PM 105    1956  95      0      101
  MINIMUM         77    740 AM  66    1940  74      3       78
  AVERAGE         86                        85      1       90

PRECIPITATION (IN)
  TODAY            0.00          2.33 1996   0.09  -0.09     0.00
  MONTH TO DATE    2.02                      2.08  -0.06     0.78
  SINCE JUN 1      5.54                      6.21  -0.67     5.82
  SINCE JAN 1     20.62                     13.41   7.21     7.17

SNOWFALL (IN)
  TODAY            0.0
  MONTH TO DATE    0.0
  SINCE JUN 1      0.0
  SINCE JUL 1      0.0
  SNOW DEPTH       0

DEGREE DAYS
 HEATING
  TODAY            0                         0      0        0
  MONTH TO DATE    0                         0      0        0
  SINCE JUN 1      0                         0      0        0
  SINCE JUL 1      0                         0      0        0

 COOLING
  TODAY           21                        20      1       25
  MONTH TO DATE  721                       642     79      693
  SINCE JUN 1   1887                      1861     26     2016
  SINCE JAN 1   2567                      2620    -53     2866
..................................................................


WIND (MPH)
  HIGHEST WIND SPEED    15   HIGHEST WIND DIRECTION     S (160)
  HIGHEST GUST SPEED    20   HIGHEST GUST DIRECTION    SE (150)
  AVERAGE WIND SPEED     7.8



WEATHER CONDITIONS
 THE FOLLOWING WEATHER WAS RECORDED TODAY.
  NO SIGNIFICANT WEATHER WAS OBSERVED.


RELATIVE HUMIDITY (PERCENT)
 HIGHEST    63          1000 AM
 LOWEST     30           400 PM
 AVERAGE    47

..........................................................


THE DEL RIO CLIMATE NORMALS FOR TOMORROW
                         NORMAL    RECORD    YEAR
 MAXIMUM TEMPERATURE (F)   95       104      2012
                                             1956
                                             1952
 MINIMUM TEMPERATURE (F)   74        60      1915


SUNRISE AND SUNSET
AUGUST 30 2015........SUNRISE   720 AM CDT   SUNSET   808 PM CDT
AUGUST 31 2015........SUNRISE   721 AM CDT   SUNSET   807 PM CDT


-  INDICATES NEGATIVE NUMBERS.
R  INDICATES RECORD WAS SET OR TIED.
MM INDICATES DATA IS MISSING.
T  INDICATES TRACE AMOUNT.




$$
