000
CDUS44 KEWX 292248
CLIDRT


CLIMATE REPORT
NATIONAL WEATHER SERVICE AUSTIN/SAN ANTONIO, TX
548 PM CDT WED MAR 29 2017


...................................

...THE DEL RIO CLIMATE SUMMARY FOR MARCH 29 2017...
VALID TODAY AS OF 0548 PM LOCAL TIME.

CLIMATE NORMAL PERIOD 1981 TO 2010
CLIMATE RECORD PERIOD 1906 TO 2017


WEATHER ITEM   OBSERVED TIME   RECORD YEAR NORMAL DEPARTURE LAST
                VALUE   (LST)  VALUE       VALUE  FROM      YEAR
                                                  NORMAL
..................................................................
TEMPERATURE (F)
 TODAY
  MAXIMUM         85    447 PM  96    1954  80      5       80
  MINIMUM         49    635 AM  35    1944  55     -6       61
  AVERAGE         67                        67      0       71

PRECIPITATION (IN)
  TODAY            0.00          0.44 1990   0.03  -0.03     0.00
  MONTH TO DATE    0.51                      1.08  -0.57     2.08
  SINCE MAR 1      0.51                      1.08  -0.57     2.08
  SINCE JAN 1      1.48                      2.68  -1.20     2.83

SNOWFALL (IN)
  TODAY            0.0
  MONTH TO DATE    0.0
  SINCE MAR 1      0.0
  SINCE JUL 1      0.0
  SNOW DEPTH       0

DEGREE DAYS
 HEATING
  TODAY            0                         2     -2        0
  MONTH TO DATE   37                       109    -72       55
  SINCE MAR 1     37                       109    -72       55
  SINCE JUL 1    830                      1345   -515     1035

 COOLING
  TODAY            2                         4     -2        6
  MONTH TO DATE  142                        78     64       76
  SINCE MAR 1    142                        78     64       76
  SINCE JAN 1    205                        97    108      111
..................................................................


WIND (MPH)
  HIGHEST WIND SPEED    24   HIGHEST WIND DIRECTION     W (290)
  HIGHEST GUST SPEED    32   HIGHEST GUST DIRECTION    NW (300)
  AVERAGE WIND SPEED     6.8



WEATHER CONDITIONS
 THE FOLLOWING WEATHER WAS RECORDED TODAY.
  NO SIGNIFICANT WEATHER WAS OBSERVED.


RELATIVE HUMIDITY (PERCENT)
 HIGHEST   100           400 AM
 LOWEST     15           400 PM
 AVERAGE    58

..........................................................


THE DEL RIO CLIMATE NORMALS FOR TOMORROW
                         NORMAL    RECORD    YEAR
 MAXIMUM TEMPERATURE (F)   80       101      1954
 MINIMUM TEMPERATURE (F)   55        31      2003


SUNRISE AND SUNSET
MARCH 29 2017.........SUNRISE   737 AM CDT   SUNSET   801 PM CDT
MARCH 30 2017.........SUNRISE   735 AM CDT   SUNSET   801 PM CDT


-  INDICATES NEGATIVE NUMBERS.
R  INDICATES RECORD WAS SET OR TIED.
MM INDICATES DATA IS MISSING.
T  INDICATES TRACE AMOUNT.




$$
