144
CDUS44 KEWX 160725
CLIDRT


CLIMATE REPORT
NATIONAL WEATHER SERVICE AUSTIN/SAN ANTONIO, TX
125 AM CST TUE JAN 16 2018


...................................

...THE DEL RIO CLIMATE SUMMARY FOR JANUARY 15 2018...

CLIMATE NORMAL PERIOD 1981 TO 2010
CLIMATE RECORD PERIOD 1906 TO 2018


WEATHER ITEM   OBSERVED TIME   RECORD YEAR NORMAL DEPARTURE LAST
                VALUE   (LST)  VALUE       VALUE  FROM      YEAR
                                                  NORMAL
..................................................................
TEMPERATURE (F)
 YESTERDAY
  MAXIMUM         68    505 PM  83    1906  64      4       79
  MINIMUM         35    746 AM  24    1963  40     -5       52
                                      1927
  AVERAGE         52                        52      0       66

PRECIPITATION (IN)
  YESTERDAY        0.00          1.10 2010   0.02  -0.02     0.01
  MONTH TO DATE    T                         0.33  -0.33     0.01
  SINCE DEC 1      1.74                      0.98   0.76     2.49
  SINCE JAN 1      T                         0.33  -0.33     0.01

SNOWFALL (IN)
  YESTERDAY        0.0
  MONTH TO DATE    T
  SINCE DEC 1      T
  SINCE JUL 1      T

DEGREE DAYS
 HEATING
  YESTERDAY       13                        13      0        0
  MONTH TO DATE  249                       204     45      141
  SINCE DEC 1    658                       598     60      474
  SINCE JUL 1    809                       795     14      543

 COOLING
  YESTERDAY        0                         0      0        1
  MONTH TO DATE    0                         0      0       11
  SINCE DEC 1     10                         3      7       23
  SINCE JAN 1      0                         0      0       11
..................................................................


WIND (MPH)
  HIGHEST WIND SPEED    25   HIGHEST WIND DIRECTION     N (10)
  HIGHEST GUST SPEED    36   HIGHEST GUST DIRECTION     N (20)
  AVERAGE WIND SPEED     9.5


SKY COVER
  AVERAGE SKY COVER 0.1


WEATHER CONDITIONS
 THE FOLLOWING WEATHER WAS RECORDED YESTERDAY.
  NO SIGNIFICANT WEATHER WAS OBSERVED.


RELATIVE HUMIDITY (PERCENT)
 HIGHEST   100           800 AM
 LOWEST     45           400 PM
 AVERAGE    73

..........................................................


THE DEL RIO CLIMATE NORMALS FOR TODAY
                         NORMAL    RECORD    YEAR
 MAXIMUM TEMPERATURE (F)   64        86      1943
 MINIMUM TEMPERATURE (F)   40        22      1930


SUNRISE AND SUNSET
JANUARY 16 2018.......SUNRISE   739 AM CST   SUNSET   608 PM CST
JANUARY 17 2018.......SUNRISE   739 AM CST   SUNSET   609 PM CST


-  INDICATES NEGATIVE NUMBERS.
R  INDICATES RECORD WAS SET OR TIED.
MM INDICATES DATA IS MISSING.
T  INDICATES TRACE AMOUNT.




$$
