000
CDUS44 KEWX 050722
CLIDRT


CLIMATE REPORT
NATIONAL WEATHER SERVICE AUSTIN/SAN ANTONIO, TX
211 AM CDT SUN JUL 5 2015


...................................

...THE DEL RIO CLIMATE SUMMARY FOR JULY 4 2015...

CLIMATE NORMAL PERIOD 1981 TO 2010
CLIMATE RECORD PERIOD 1906 TO 2015


WEATHER ITEM   OBSERVED TIME   RECORD YEAR NORMAL DEPARTURE LAST
                VALUE   (LST)  VALUE       VALUE  FROM      YEAR
                                                  NORMAL
..................................................................
TEMPERATURE (F)
 YESTERDAY
  MAXIMUM         93    433 PM 108    1910  96     -3       95
  MINIMUM         75    637 AM  63    1906  75      0       76
  AVERAGE         84                        85     -1       86

PRECIPITATION (IN)
  YESTERDAY        T             4.21 1948   0.05  -0.05     0.00
  MONTH TO DATE    T                         0.23  -0.23     0.00
  SINCE JUN 1      3.48                      2.58   0.90     4.69
  SINCE JAN 1     18.56                      9.78   8.78     6.04

SNOWFALL (IN)
  YESTERDAY        0.0
  MONTH TO DATE    0.0
  SINCE JUN 1      0.0
  SINCE JUL 1      0.0

DEGREE DAYS
 HEATING
  YESTERDAY        0                         0      0        0
  MONTH TO DATE    0                         0      0        0
  SINCE JUN 1      0                         0      0        0
  SINCE JUL 1      0                         0      0        0

 COOLING
  YESTERDAY       19                        20     -1       21
  MONTH TO DATE   69                        80    -11       84
  SINCE JUN 1    570                       651    -81      712
  SINCE JAN 1   1250                      1410   -160     1562
..................................................................


WIND (MPH)
  HIGHEST WIND SPEED    21   HIGHEST WIND DIRECTION    SE (120)
  HIGHEST GUST SPEED    27   HIGHEST GUST DIRECTION     E (110)
  AVERAGE WIND SPEED    11.4


SKY COVER
  AVERAGE SKY COVER 0.5


WEATHER CONDITIONS
 THE FOLLOWING WEATHER WAS RECORDED YESTERDAY.
  LIGHT RAIN
  HAZE


RELATIVE HUMIDITY (PERCENT)
 HIGHEST    87           400 AM
 LOWEST     44           600 PM
 AVERAGE    66

..........................................................


THE DEL RIO CLIMATE NORMALS FOR TODAY
                         NORMAL    RECORD    YEAR
 MAXIMUM TEMPERATURE (F)   96       103      2009
 MINIMUM TEMPERATURE (F)   75        68      1985
                                             1976
                                             1916


SUNRISE AND SUNSET
JULY  5 2015..........SUNRISE   649 AM CDT   SUNSET   847 PM CDT
JULY  6 2015..........SUNRISE   650 AM CDT   SUNSET   847 PM CDT


-  INDICATES NEGATIVE NUMBERS.
R  INDICATES RECORD WAS SET OR TIED.
MM INDICATES DATA IS MISSING.
T  INDICATES TRACE AMOUNT.




$$
