000
CDUS44 KEWX 270746
CLIDRT


CLIMATE REPORT
NATIONAL WEATHER SERVICE AUSTIN/SAN ANTONIO, TX
245 AM CDT FRI MAR 27 2015


...................................

...THE DEL RIO CLIMATE SUMMARY FOR MARCH 26 2015...

CLIMATE NORMAL PERIOD 1981 TO 2010
CLIMATE RECORD PERIOD 1906 TO 2015


WEATHER ITEM   OBSERVED TIME   RECORD YEAR NORMAL DEPARTURE LAST
                VALUE   (LST)  VALUE       VALUE  FROM      YEAR
                                                  NORMAL
..................................................................
TEMPERATURE (F)
 YESTERDAY
  MAXIMUM         73    532 PM  95    1932  79     -6       63
  MINIMUM         50   1152 PM  28    1955  54     -4       57
  AVERAGE         62                        67     -5       60

PRECIPITATION (IN)
  YESTERDAY        T             0.92 2007   0.04  -0.04     0.04
  MONTH TO DATE    2.21                      0.99   1.22     0.30
  SINCE MAR 1      2.21                      0.99   1.22     0.30
  SINCE JAN 1      3.20                      2.59   0.61     0.52

SNOWFALL (IN)
  YESTERDAY        0.0
  MONTH TO DATE    0.0
  SINCE MAR 1      0.0
  SINCE JUL 1      0.0

DEGREE DAYS
 HEATING
  YESTERDAY        3                         2      1        5
  MONTH TO DATE  135                       103     32      134
  SINCE MAR 1    135                       103     32      134
  SINCE JUL 1   1462                      1339    123     1541

 COOLING
  YESTERDAY        0                         4     -4        0
  MONTH TO DATE   45                        66    -21       41
  SINCE MAR 1     45                        66    -21       41
  SINCE JAN 1     60                        85    -25       86
..................................................................


WIND (MPH)
  HIGHEST WIND SPEED    28   HIGHEST WIND DIRECTION    NW (330)
  HIGHEST GUST SPEED    38   HIGHEST GUST DIRECTION    NW (310)
  AVERAGE WIND SPEED    13.4


SKY COVER
  AVERAGE SKY COVER 0.2


WEATHER CONDITIONS
 THE FOLLOWING WEATHER WAS RECORDED YESTERDAY.
  LIGHT RAIN


RELATIVE HUMIDITY (PERCENT)
 HIGHEST    93           300 AM
 LOWEST     27           500 PM
 AVERAGE    60

..........................................................


THE DEL RIO CLIMATE NORMALS FOR TODAY
                         NORMAL    RECORD    YEAR
 MAXIMUM TEMPERATURE (F)   79        97      1956
 MINIMUM TEMPERATURE (F)   55        31      1913


SUNRISE AND SUNSET
MARCH 27 2015.........SUNRISE   739 AM CDT   SUNSET   759 PM CDT
MARCH 28 2015.........SUNRISE   738 AM CDT   SUNSET   800 PM CDT


-  INDICATES NEGATIVE NUMBERS.
R  INDICATES RECORD WAS SET OR TIED.
MM INDICATES DATA IS MISSING.
T  INDICATES TRACE AMOUNT.




$$
