000
CDUS44 KEWX 222350
CLIDRT


CLIMATE REPORT
NATIONAL WEATHER SERVICE AUSTIN/SAN ANTONIO, TX
550 PM CST MON DEC 22 2014


...................................

...THE DEL RIO CLIMATE SUMMARY FOR DECEMBER 22 2014...
VALID TODAY AS OF 550 PM LOCAL TIME.

CLIMATE NORMAL PERIOD 1981 TO 2010
CLIMATE RECORD PERIOD 1906 TO 2014


WEATHER ITEM   OBSERVED TIME   RECORD YEAR NORMAL DEPARTURE LAST
                VALUE   (LST)  VALUE       VALUE  FROM      YEAR
                                                  NORMAL
..................................................................
TEMPERATURE (F)
 TODAY
  MAXIMUM         61    442 PM  79    1933  63     -2       65
  MINIMUM         50    136 AM  16    1989  40     10       42
  AVERAGE         56                        52      4       54

PRECIPITATION (IN)
  TODAY            0.00          0.60 1986   0.02  -0.02     0.00
  MONTH TO DATE    0.04                      0.44  -0.40     0.18
  SINCE DEC 1      0.04                      0.44  -0.40     0.18
  SINCE JAN 1     15.94                     19.31  -3.37    15.17

SNOWFALL (IN)
  TODAY            0.0
  MONTH TO DATE    0.0
  SINCE DEC 1      0.0
  SINCE JUL 1      0.0
  SNOW DEPTH       0

DEGREE DAYS
 HEATING
  TODAY            9                        14     -5       11
  MONTH TO DATE  128                       270   -142      294
  SINCE DEC 1    128                       270   -142      294
  SINCE JUL 1    400                       467    -67      527

 COOLING
  TODAY            0                         0      0        0
  MONTH TO DATE    6                         0      6        5
  SINCE DEC 1      6                         0      6        5
  SINCE JAN 1   3694                      3372    322     3746
..................................................................


WIND (MPH)
  HIGHEST WIND SPEED    13   HIGHEST WIND DIRECTION     E (90)
  HIGHEST GUST SPEED    16   HIGHEST GUST DIRECTION     E (90)
  AVERAGE WIND SPEED     3.8



WEATHER CONDITIONS
 THE FOLLOWING WEATHER WAS RECORDED TODAY.
  FOG
  HAZE


RELATIVE HUMIDITY (PERCENT)
 HIGHEST   100           600 AM
 LOWEST     78           400 PM
 AVERAGE    89

..........................................................


THE DEL RIO CLIMATE NORMALS FOR TOMORROW
                         NORMAL    RECORD    YEAR
 MAXIMUM TEMPERATURE (F)   63        83      1955
 MINIMUM TEMPERATURE (F)   40        10      1989


SUNRISE AND SUNSET
DECEMBER 22 2014......SUNRISE   734 AM CST   SUNSET   550 PM CST
DECEMBER 23 2014......SUNRISE   735 AM CST   SUNSET   551 PM CST


-  INDICATES NEGATIVE NUMBERS.
R  INDICATES RECORD WAS SET OR TIED.
MM INDICATES DATA IS MISSING.
T  INDICATES TRACE AMOUNT.




$$
