000
CDUS44 KEWX 292234
CLIDRT


CLIMATE REPORT
NATIONAL WEATHER SERVICE AUSTIN/SAN ANTONIO, TX
533 PM CDT FRI AUG 29 2014


...................................

...THE DEL RIO CLIMATE SUMMARY FOR AUGUST 29 2014...
VALID TODAY AS OF 0533 PM LOCAL TIME.

CLIMATE NORMAL PERIOD 1981 TO 2010
CLIMATE RECORD PERIOD 1906 TO 2014


WEATHER ITEM   OBSERVED TIME   RECORD YEAR NORMAL DEPARTURE LAST
                VALUE   (LST)  VALUE       VALUE  FROM      YEAR
                                                  NORMAL
..................................................................
TEMPERATURE (F)
 TODAY
  MAXIMUM         98    431 PM 107    2011  96      2       98
  MINIMUM         78    602 AM  64    1940  74      4       76
  AVERAGE         88                        85      3       87

PRECIPITATION (IN)
  TODAY            0.00          6.09 2008   0.09  -0.09     0.00
  MONTH TO DATE    0.78                      1.99  -1.21     0.74
  SINCE JUN 1      5.82                      6.12  -0.30     5.27
  SINCE JAN 1      7.17                     13.32  -6.15     8.49

SNOWFALL (IN)
  TODAY            0.0
  MONTH TO DATE    0.0
  SINCE JUN 1      0.0
  SINCE JUL 1      0.0
  SNOW DEPTH       0

DEGREE DAYS
 HEATING
  TODAY            0                         0      0        0
  MONTH TO DATE    0                         0      0        0
  SINCE JUN 1      0                         0      0        0
  SINCE JUL 1      0                         0      0        0

 COOLING
  TODAY           23                        20      3       22
  MONTH TO DATE  667                       622     45      701
  SINCE JUN 1   1990                      1841    149     1987
  SINCE JAN 1   2840                      2600    240     2893
..................................................................


WIND (MPH)
  HIGHEST WIND SPEED    17   HIGHEST WIND DIRECTION    SE (120)
  HIGHEST GUST SPEED    22   HIGHEST GUST DIRECTION     E (100)
  AVERAGE WIND SPEED     9.8



WEATHER CONDITIONS
 THE FOLLOWING WEATHER WAS RECORDED TODAY.
  NO SIGNIFICANT WEATHER WAS OBSERVED.


RELATIVE HUMIDITY (PERCENT)
 HIGHEST    79           700 AM
 LOWEST     38           300 PM
 AVERAGE    59

..........................................................


THE DEL RIO CLIMATE NORMALS FOR TOMORROW
                         NORMAL    RECORD    YEAR
 MAXIMUM TEMPERATURE (F)   95       105      1956
 MINIMUM TEMPERATURE (F)   74        66      1940


SUNRISE AND SUNSET
AUGUST 29 2014........SUNRISE   720 AM CDT   SUNSET   809 PM CDT
AUGUST 30 2014........SUNRISE   720 AM CDT   SUNSET   808 PM CDT


-  INDICATES NEGATIVE NUMBERS.
R  INDICATES RECORD WAS SET OR TIED.
MM INDICATES DATA IS MISSING.
T  INDICATES TRACE AMOUNT.




$$
