000
CDUS44 KDRT 140715
CLIDRT


CLIMATE REPORT
NATIONAL WEATHER SERVICE AUSTIN/SAN ANTONIO, TX
114 AM CST SUN FEB 14 2016


...................................

...THE DEL RIO CLIMATE SUMMARY FOR FEBRUARY 13 2016...

CLIMATE NORMAL PERIOD 1981 TO 2010
CLIMATE RECORD PERIOD 1906 TO 2016


WEATHER ITEM   OBSERVED TIME   RECORD YEAR NORMAL DEPARTURE LAST
                VALUE   (LST)  VALUE       VALUE  FROM      YEAR
                                                  NORMAL
..................................................................
TEMPERATURE (F)
 YESTERDAY
  MAXIMUM         79    257 PM  88    1991  68     11       69
  MINIMUM         47    757 AM  25    1963  45      2       47
                                      1948
  AVERAGE         63                        56      7       58

PRECIPITATION (IN)
  YESTERDAY        0.00          1.09 1969   0.03  -0.03     0.00
  MONTH TO DATE    0.00                      0.38  -0.38     0.19
  SINCE DEC 1      1.02                      1.75  -0.73     1.21
  SINCE JAN 1      0.68                      1.10  -0.42     0.96

SNOWFALL (IN)
  YESTERDAY        0.0
  MONTH TO DATE    0.0
  SINCE DEC 1      T
  SINCE JUL 1      T

DEGREE DAYS
 HEATING
  YESTERDAY        2                         9     -7        7
  MONTH TO DATE  121                       134    -13      120
  SINCE DEC 1    788                       927   -139      868
  SINCE JUL 1    931                      1124   -193     1140

 COOLING
  YESTERDAY        0                         0      0        0
  MONTH TO DATE    5                         0      5        3
  SINCE DEC 1      6                         6      0        9
  SINCE JAN 1      5                         3      2        3
..................................................................


WIND (MPH)
  HIGHEST WIND SPEED    22   HIGHEST WIND DIRECTION    SE (140)
  HIGHEST GUST SPEED    26   HIGHEST GUST DIRECTION    SE (130)
  AVERAGE WIND SPEED     7.9


SKY COVER
  AVERAGE SKY COVER 0.0


WEATHER CONDITIONS
 THE FOLLOWING WEATHER WAS RECORDED YESTERDAY.
  NO SIGNIFICANT WEATHER WAS OBSERVED.


RELATIVE HUMIDITY (PERCENT)
 HIGHEST    77           700 AM
 LOWEST     30           400 PM
 AVERAGE    54

..........................................................


THE DEL RIO CLIMATE NORMALS FOR TODAY
                         NORMAL    RECORD    YEAR
 MAXIMUM TEMPERATURE (F)   68        92      2014
 MINIMUM TEMPERATURE (F)   45        25      1965


SUNRISE AND SUNSET
FEBRUARY 14 2016......SUNRISE   724 AM CST   SUNSET   632 PM CST
FEBRUARY 15 2016......SUNRISE   723 AM CST   SUNSET   633 PM CST


-  INDICATES NEGATIVE NUMBERS.
R  INDICATES RECORD WAS SET OR TIED.
MM INDICATES DATA IS MISSING.
T  INDICATES TRACE AMOUNT.




$$
