000
CDUS43 KDMX 300629 RRB
CLIDSM

CLIMATE REPORT
NATIONAL WEATHER SERVICE DES MOINES IA
128 AM CDT MON MAY 30 2016


...................................

...THE DES MOINES IA CLIMATE SUMMARY FOR MAY 29 2016...

CLIMATE NORMAL PERIOD 1981 TO 2010
CLIMATE RECORD PERIOD 1878 TO 2016


WEATHER ITEM   OBSERVED TIME   RECORD YEAR NORMAL DEPARTURE LAST
                VALUE   (LST)  VALUE       VALUE  FROM      YEAR
                                                  NORMAL
..................................................................
TEMPERATURE (F)
 YESTERDAY
  MAXIMUM         84    444 PM 104    1934  76      8       76
  MINIMUM         58    447 AM  32    1947  57      1       61
  AVERAGE         71                        66      5       69

PRECIPITATION (IN)
  YESTERDAY        0.00          1.41 1880   0.15  -0.15     0.19
  MONTH TO DATE    3.46                      4.43  -0.97     4.31
  SINCE MAR 1      8.81                     10.59  -1.78     7.31
  SINCE JAN 1     10.58                     12.87  -2.29     9.33

SNOWFALL (IN)
  YESTERDAY        0.0          MM      MM   0.0    0.0      0.0
  MONTH TO DATE    0.0                       0.0    0.0      0.0
  SINCE MAR 1      0.3                       7.0   -6.7       T
  SINCE JUL 1     30.3                      35.3   -5.0     29.1
  SNOW DEPTH       0

DEGREE DAYS
 HEATING
  YESTERDAY        0                         2     -2        0
  MONTH TO DATE  128                       142    -14       95
  SINCE MAR 1   1023                      1350   -327     1065
  SINCE JUL 1   5006                      6181  -1175     5903

 COOLING
  YESTERDAY        6                         4      2        4
  MONTH TO DATE   54                        55     -1       73
  SINCE MAR 1     73                        69      4       80
  SINCE JAN 1     73                        69      4       80
..................................................................


WIND (MPH)
  HIGHEST WIND SPEED    17   HIGHEST WIND DIRECTION     W (270)
  HIGHEST GUST SPEED    21   HIGHEST GUST DIRECTION     W (280)
  AVERAGE WIND SPEED     6.7


SKY COVER
  POSSIBLE SUNSHINE  MM
  AVERAGE SKY COVER 0.2


WEATHER CONDITIONS
 THE FOLLOWING WEATHER WAS RECORDED YESTERDAY.
  NO SIGNIFICANT WEATHER WAS OBSERVED.


RELATIVE HUMIDITY (PERCENT)
 HIGHEST    87           400 AM
 LOWEST     34           400 PM
 AVERAGE    61

..........................................................


THE DES MOINES IA CLIMATE NORMALS FOR TODAY
                         NORMAL    RECORD    YEAR
 MAXIMUM TEMPERATURE (F)   77       105      1934
 MINIMUM TEMPERATURE (F)   57        40      1897


SUNRISE AND SUNSET
MAY 30 2016...........SUNRISE   544 AM CDT   SUNSET   841 PM CDT
MAY 31 2016...........SUNRISE   543 AM CDT   SUNSET   842 PM CDT


-  INDICATES NEGATIVE NUMBERS.
R  INDICATES RECORD WAS SET OR TIED.
MM INDICATES DATA IS MISSING.
T  INDICATES TRACE AMOUNT.




$$
