000
CDUS43 KDMX 280629 RRA
CLIDSM

CLIMATE REPORT
NATIONAL WEATHER SERVICE DES MOINES IA
127 AM CDT TUE JUL 28 2015


...................................

...THE DES MOINES IA CLIMATE SUMMARY FOR JULY 27 2015...

CLIMATE NORMAL PERIOD 1981 TO 2010
CLIMATE RECORD PERIOD 1878 TO 2015


WEATHER ITEM   OBSERVED TIME   RECORD YEAR NORMAL DEPARTURE LAST
                VALUE   (LST)  VALUE       VALUE  FROM      YEAR
                                                  NORMAL
..................................................................
TEMPERATURE (F)
 YESTERDAY
  MAXIMUM         86    942 AM 106    1930  86      0       80
  MINIMUM         71   1217 PM  53    1971  67      4       66
  AVERAGE         79                        76      3       73

PRECIPITATION (IN)
  YESTERDAY        1.26          1.40 2008   0.14   1.12     0.00
  MONTH TO DATE    4.73                      3.94   0.79     2.35
  SINCE JUN 1     13.13                      8.88   4.25     9.84
  SINCE JAN 1     22.48                     22.06   0.42    20.99

SNOWFALL (IN)
  YESTERDAY        0.0          MM      MM   0.0    0.0      0.0
  MONTH TO DATE    0.0                       0.0    0.0      0.0
  SINCE JUN 1      0.0                       0.0    0.0      0.0
  SINCE JUL 1      0.0                       0.0    0.0      0.0
  SNOW DEPTH       0

DEGREE DAYS
 HEATING
  YESTERDAY        0                         0      0        0
  MONTH TO DATE    0                         0      0        2
  SINCE JUN 1      3                        17    -14        2
  SINCE JUL 1      0                         0      0        2

 COOLING
  YESTERDAY       14                        11      3        8
  MONTH TO DATE  299                       304     -5      231
  SINCE JUN 1    556                       525     31      487
  SINCE JAN 1    636                       601     35      618
..................................................................


WIND (MPH)
  HIGHEST WIND SPEED    30   HIGHEST WIND DIRECTION    NW (320)
  HIGHEST GUST SPEED    35   HIGHEST GUST DIRECTION    NW (310)
  AVERAGE WIND SPEED     9.2


SKY COVER
  POSSIBLE SUNSHINE  MM
  AVERAGE SKY COVER 0.8


WEATHER CONDITIONS
 THE FOLLOWING WEATHER WAS RECORDED YESTERDAY.
  THUNDERSTORM
  HEAVY RAIN
  RAIN
  LIGHT RAIN
  FOG
  HAZE


RELATIVE HUMIDITY (PERCENT)
 HIGHEST    93           100 PM
 LOWEST     74          1200 AM
 AVERAGE    84

..........................................................


THE DES MOINES IA CLIMATE NORMALS FOR TODAY
                         NORMAL    RECORD    YEAR
 MAXIMUM TEMPERATURE (F)   85       107      1931
 MINIMUM TEMPERATURE (F)   67        51      2013


SUNRISE AND SUNSET
JULY 28 2015..........SUNRISE   605 AM CDT   SUNSET   836 PM CDT
JULY 29 2015..........SUNRISE   606 AM CDT   SUNSET   835 PM CDT


-  INDICATES NEGATIVE NUMBERS.
R  INDICATES RECORD WAS SET OR TIED.
MM INDICATES DATA IS MISSING.
T  INDICATES TRACE AMOUNT.




$$
