000
CDUS43 KDMX 302231
CLIDSM

CLIMATE REPORT
NATIONAL WEATHER SERVICE DES MOINES IA
531 PM CDT SAT MAY 30 2015


...................................

...THE DES MOINES IA CLIMATE SUMMARY FOR MAY 30 2015...
VALID TODAY AS OF 0500 PM LOCAL TIME.

CLIMATE NORMAL PERIOD 1981 TO 2010
CLIMATE RECORD PERIOD 1878 TO 2015


WEATHER ITEM   OBSERVED TIME   RECORD YEAR NORMAL DEPARTURE LAST
                VALUE   (LST)  VALUE       VALUE  FROM      YEAR
                                                  NORMAL
..................................................................
TEMPERATURE (F)
 TODAY
  MAXIMUM         64    321 PM 105    1934  77    -13       88
  MINIMUM         56    639 AM  40    1897  57     -1       70
  AVERAGE         60                        67     -7       79

PRECIPITATION (IN)
  TODAY            0.01          2.52 1903   0.15  -0.14     0.00
  MONTH TO DATE    4.32                      4.58  -0.26     3.39
  SINCE MAR 1      7.32                     10.74  -3.42     8.80
  SINCE JAN 1      9.34                     13.02  -3.68    11.14

SNOWFALL (IN)
  TODAY            0.0          MM      MM   0.0    0.0      0.0
  MONTH TO DATE    0.0                       0.0    0.0       T
  SINCE MAR 1      T                         7.0   -7.0      6.4
  SINCE JUL 1     29.1                      35.3   -6.2     48.3
  SNOW DEPTH       0

DEGREE DAYS
 HEATING
  TODAY            5                         2      3        0
  MONTH TO DATE  100                       144    -44      137
  SINCE MAR 1   1070                      1352   -282     1480
  SINCE JUL 1   5908                      6183   -275     6787

 COOLING
  TODAY            0                         4     -4       14
  MONTH TO DATE   73                        59     14      105
  SINCE MAR 1     80                        73      7      117
  SINCE JAN 1     80                        73      7      117
..................................................................


WIND (MPH)
  HIGHEST WIND SPEED    20   HIGHEST WIND DIRECTION    NE (30)
  HIGHEST GUST SPEED    26   HIGHEST GUST DIRECTION    NE (30)
  AVERAGE WIND SPEED    13.5


SKY COVER
  POSSIBLE SUNSHINE  MM
  AVERAGE SKY COVER 1.0


WEATHER CONDITIONS
 THE FOLLOWING WEATHER WAS RECORDED TODAY.
  RAIN
  LIGHT RAIN
  FOG
  HAZE


RELATIVE HUMIDITY (PERCENT)
 HIGHEST    97          1200 AM
 LOWEST     67           100 PM
 AVERAGE    82

..........................................................


THE DES MOINES IA CLIMATE NORMALS FOR TOMORROW
                         NORMAL    RECORD    YEAR
 MAXIMUM TEMPERATURE (F)   77       102      1934
 MINIMUM TEMPERATURE (F)   57        34      1889


SUNRISE AND SUNSET
MAY 30 2015...........SUNRISE   544 AM CDT   SUNSET   840 PM CDT
MAY 31 2015...........SUNRISE   544 AM CDT   SUNSET   841 PM CDT


-  INDICATES NEGATIVE NUMBERS.
R  INDICATES RECORD WAS SET OR TIED.
MM INDICATES DATA IS MISSING.
T  INDICATES TRACE AMOUNT.

$$
