000
CDUS43 KDTX 222129
CLIDTW


CLIMATE REPORT
NATIONAL WEATHER SERVICE DETROIT/PONTIAC MI
428 PM EST SUN JAN 22 2017


...................................

...THE DETROIT MI CLIMATE SUMMARY FOR JANUARY 22 2017...
VALID TODAY AS OF 0400 PM LOCAL TIME.

CLIMATE NORMAL PERIOD 1981 TO 2010
CLIMATE RECORD PERIOD 1874 TO 2017


WEATHER ITEM   OBSERVED TIME   RECORD YEAR NORMAL DEPARTURE LAST
                VALUE   (LST)  VALUE       VALUE  FROM      YEAR
                                                  NORMAL
..................................................................
TEMPERATURE (F)
 TODAY
  MAXIMUM         49    359 PM  62    1906  32     17       29
  MINIMUM         40    250 AM -10    1970  19     21       21
  AVERAGE         45                        25     20       25

PRECIPITATION (IN)
  TODAY            0.00          1.19 1874   0.06  -0.06      T
  MONTH TO DATE    2.29                      1.43   0.86     1.18
  SINCE DEC 1      4.45                      3.89   0.56     4.19
  SINCE JAN 1      2.29                      1.43   0.86     1.18

SNOWFALL (IN)
  TODAY            0.0          12.2  2005   0.4   -0.4      0.1
  MONTH TO DATE    4.6                       9.0   -4.4      8.2
  SINCE DEC 1     21.4                      18.6    2.8      9.5
  SINCE JUL 1     21.5                      20.2    1.3     15.7
  SNOW DEPTH       0

DEGREE DAYS
 HEATING
  TODAY           20                        40    -20       40
  MONTH TO DATE  734                       870   -136      859
  SINCE DEC 1   1844                      1952   -108     1591
  SINCE JUL 1   2712                      3167   -455     2511

 COOLING
  TODAY            0                         0      0        0
  MONTH TO DATE    0                         0      0        0
  SINCE DEC 1      0                         0      0        0
  SINCE JAN 1      0                         0      0        0
..................................................................


WIND (MPH)
  HIGHEST WIND SPEED     8   HIGHEST WIND DIRECTION     N (10)
  HIGHEST GUST SPEED    10   HIGHEST GUST DIRECTION     N (20)
  AVERAGE WIND SPEED     2.6


SKY COVER
  POSSIBLE SUNSHINE  MM
  AVERAGE SKY COVER 1.0


WEATHER CONDITIONS
 THE FOLLOWING WEATHER WAS RECORDED TODAY.
  FOG
  FOG W/VISIBILITY <= 1/4 MILE


RELATIVE HUMIDITY (PERCENT)
 HIGHEST   100          1200 AM
 LOWEST     93           300 AM
 AVERAGE    97

..........................................................


THE DETROIT MI CLIMATE NORMALS FOR TOMORROW
                         NORMAL    RECORD    YEAR
 MAXIMUM TEMPERATURE (F)   32        61      1967
 MINIMUM TEMPERATURE (F)   19       -12      1963


SUNRISE AND SUNSET
JANUARY 22 2017.......SUNRISE   755 AM EST   SUNSET   535 PM EST
JANUARY 23 2017.......SUNRISE   754 AM EST   SUNSET   537 PM EST


-  INDICATES NEGATIVE NUMBERS.
R  INDICATES RECORD WAS SET OR TIED.
MM INDICATES DATA IS MISSING.
T  INDICATES TRACE AMOUNT.




$$
