000
CDUS43 KDTX 230542
CLIDTW


CLIMATE REPORT
NATIONAL WEATHER SERVICE DETROIT/PONTIAC MI
1242 AM EST THU NOV 23 2017


...................................

...THE DETROIT MI CLIMATE SUMMARY FOR NOVEMBER 22 2017...

CLIMATE NORMAL PERIOD 1981 TO 2010
CLIMATE RECORD PERIOD 1874 TO 2017


WEATHER ITEM   OBSERVED TIME   RECORD YEAR NORMAL DEPARTURE LAST
                VALUE   (LST)  VALUE       VALUE  FROM      YEAR
                                                  NORMAL
..................................................................
TEMPERATURE (F)
 YESTERDAY
  MAXIMUM         38    159 PM  69    1913  46     -8       41
  MINIMUM         26   1144 PM   0    1880  32     -6       21
  AVERAGE         32                        39     -7       31

PRECIPITATION (IN)
  YESTERDAY        T             2.59 1909   0.09  -0.09     0.00
  MONTH TO DATE    4.78                      2.05   2.73     1.04
  SINCE SEP 1      8.53                      7.84   0.69    10.30
  SINCE JAN 1     33.83                     30.27   3.56    31.52

SNOWFALL (IN)
  YESTERDAY        T             1.1  2002   0.1   -0.1      0.0
  MONTH TO DATE    T                         0.7   -0.7      0.1
  SINCE SEP 1      T                         0.8   -0.8      0.1
  SINCE JUL 1      T                         0.8   -0.8      0.1
  SNOW DEPTH       0

DEGREE DAYS
 HEATING
  YESTERDAY       33                        26      7       34
  MONTH TO DATE  540                       481     59      365
  SINCE SEP 1    869                       982   -113      692
  SINCE JUL 1    873                       992   -119      692

 COOLING
  YESTERDAY        0                         0      0        0
  MONTH TO DATE    0                         0      0        0
  SINCE SEP 1    168                        92     76      154
  SINCE JAN 1    918                       803    115     1177
..................................................................


WIND (MPH)
  HIGHEST WIND SPEED    17   HIGHEST WIND DIRECTION    NW (330)
  HIGHEST GUST SPEED    23   HIGHEST GUST DIRECTION    NW (320)
  AVERAGE WIND SPEED     7.5


SKY COVER
  POSSIBLE SUNSHINE  MM
  AVERAGE SKY COVER 0.9


WEATHER CONDITIONS
 THE FOLLOWING WEATHER WAS RECORDED YESTERDAY.
  LIGHT SNOW


RELATIVE HUMIDITY (PERCENT)
 HIGHEST    69          1000 PM
 LOWEST     47          1000 AM
 AVERAGE    58

..........................................................


THE DETROIT MI CLIMATE NORMALS FOR TODAY
                         NORMAL    RECORD    YEAR
 MAXIMUM TEMPERATURE (F)   45        69      1931
 MINIMUM TEMPERATURE (F)   32         8      1880


SUNRISE AND SUNSET
NOVEMBER 23 2017......SUNRISE   734 AM EST   SUNSET   506 PM EST
NOVEMBER 24 2017......SUNRISE   735 AM EST   SUNSET   505 PM EST


-  INDICATES NEGATIVE NUMBERS.
R  INDICATES RECORD WAS SET OR TIED.
MM INDICATES DATA IS MISSING.
T  INDICATES TRACE AMOUNT.




$$
