000
CDUS43 KDTX 290536
CLIDTW


CLIMATE REPORT
NATIONAL WEATHER SERVICE DETROIT/PONTIAC MI
1236 AM EST SAT NOV 29 2014


...................................

...THE DETROIT MI CLIMATE SUMMARY FOR NOVEMBER 28 2014...

CLIMATE NORMAL PERIOD 1981 TO 2010
CLIMATE RECORD PERIOD 1874 TO 2014


WEATHER ITEM   OBSERVED TIME   RECORD YEAR NORMAL DEPARTURE LAST
                VALUE   (LST)  VALUE       VALUE  FROM      YEAR
                                                  NORMAL
..................................................................
TEMPERATURE (F)
 YESTERDAY
  MAXIMUM         30   1159 PM  68    1990  43    -13       29
  MINIMUM         18    715 AM   8    1955  30    -12       18
  AVERAGE         24                        36    -12       24

PRECIPITATION (IN)
  YESTERDAY        0.01          1.52 1968   0.10  -0.09     0.02
  MONTH TO DATE    1.66                      2.61  -0.95     1.82
  SINCE SEP 1      8.73                      8.40   0.33     6.50
  SINCE JAN 1     36.15                     30.83   5.32    37.48

SNOWFALL (IN)
  YESTERDAY        0.3           2.0  1979   0.1    0.2      0.5
  MONTH TO DATE    4.0                       1.3    2.7      1.2
  SINCE SEP 1      4.0                       1.4    2.6      1.2
  SINCE JUL 1      4.0                       1.4    2.6      1.2
  SNOW DEPTH       0

DEGREE DAYS
 HEATING
  YESTERDAY       41                        29     12       41
  MONTH TO DATE  828                       646    182      749
  SINCE SEP 1   1327                      1147    180     1222
  SINCE JUL 1   1340                      1157    183     1234

 COOLING
  YESTERDAY        0                         0      0        0
  MONTH TO DATE    0                         0      0        0
  SINCE SEP 1     72                        92    -20       98
  SINCE JAN 1    704                       803    -99      891
..................................................................


WIND (MPH)
  HIGHEST WIND SPEED    17   HIGHEST WIND DIRECTION     S (190)
  HIGHEST GUST SPEED    20   HIGHEST GUST DIRECTION     S (190)
  AVERAGE WIND SPEED     7.2


SKY COVER
  POSSIBLE SUNSHINE  MM
  AVERAGE SKY COVER 1.0


WEATHER CONDITIONS
 THE FOLLOWING WEATHER WAS RECORDED YESTERDAY.
  LIGHT SNOW
  FOG


RELATIVE HUMIDITY (PERCENT)
 HIGHEST    88           600 PM
 LOWEST     54          1100 AM
 AVERAGE    71

..........................................................


THE DETROIT MI CLIMATE NORMALS FOR TODAY
                         NORMAL    RECORD    YEAR
 MAXIMUM TEMPERATURE (F)   42        67      2006
 MINIMUM TEMPERATURE (F)   30         5      1929


SUNRISE AND SUNSET
NOVEMBER 29 2014......SUNRISE   740 AM EST   SUNSET   503 PM EST
NOVEMBER 30 2014......SUNRISE   741 AM EST   SUNSET   502 PM EST


-  INDICATES NEGATIVE NUMBERS.
R  INDICATES RECORD WAS SET OR TIED.
MM INDICATES DATA IS MISSING.
T  INDICATES TRACE AMOUNT.




$$
