000
CDUS43 KDTX 040536
CLIDTW


CLIMATE REPORT
NATIONAL WEATHER SERVICE DETROIT/PONTIAC MI
136 AM EDT FRI SEP 4 2015


...................................

...THE DETROIT MI CLIMATE SUMMARY FOR SEPTEMBER 3 2015...

CLIMATE NORMAL PERIOD 1981 TO 2010
CLIMATE RECORD PERIOD 1874 TO 2015


WEATHER ITEM   OBSERVED TIME   RECORD YEAR NORMAL DEPARTURE LAST
                VALUE   (LST)  VALUE       VALUE  FROM      YEAR
                                                  NORMAL
..................................................................
TEMPERATURE (F)
 YESTERDAY
  MAXIMUM         89   1254 PM 100    1953  79     10       81
  MINIMUM         67    711 PM  43    1976  60      7       61
                                      1946
  AVERAGE         78                        69      9       71

PRECIPITATION (IN)
  YESTERDAY        0.42          3.21 1879   0.10   0.32     0.00
  MONTH TO DATE    0.42                      0.32   0.10     0.92
  SINCE SEP 1      0.42                      0.32   0.10     0.92
  SINCE JAN 1     22.40                     22.75  -0.35    28.34

SNOWFALL (IN)
  YESTERDAY        0.0           0.0    MM   0.0    0.0      0.0
  MONTH TO DATE    0.0                       0.0    0.0      0.0
  SINCE SEP 1      0.0                       0.0    0.0      0.0
  SINCE JUL 1      0.0                       0.0    0.0      0.0
  SNOW DEPTH       0

DEGREE DAYS
 HEATING
  YESTERDAY        0                         1     -1        0
  MONTH TO DATE    0                         3     -3        0
  SINCE SEP 1      0                         3     -3        0
  SINCE JUL 1     10                        13     -3       13

 COOLING
  YESTERDAY       13                         5      8        6
  MONTH TO DATE   43                        15     28       26
  SINCE SEP 1     43                        15     28       26
  SINCE JAN 1    763                       726     37      658
..................................................................


WIND (MPH)
  HIGHEST WIND SPEED    21   HIGHEST WIND DIRECTION    NW (300)
  HIGHEST GUST SPEED    26   HIGHEST GUST DIRECTION    NW (300)
  AVERAGE WIND SPEED     5.3


SKY COVER
  POSSIBLE SUNSHINE  MM
  AVERAGE SKY COVER 0.8


WEATHER CONDITIONS
 THE FOLLOWING WEATHER WAS RECORDED YESTERDAY.
  THUNDERSTORM
  HEAVY RAIN
  RAIN
  LIGHT RAIN
  FOG
  HAZE


RELATIVE HUMIDITY (PERCENT)
 HIGHEST    93           700 AM
 LOWEST     55          1200 PM
 AVERAGE    74

..........................................................


THE DETROIT MI CLIMATE NORMALS FOR TODAY
                         NORMAL    RECORD    YEAR
 MAXIMUM TEMPERATURE (F)   78        92      1973
 MINIMUM TEMPERATURE (F)   59        40      1974


SUNRISE AND SUNSET
SEPTEMBER  4 2015.....SUNRISE   701 AM EDT   SUNSET   802 PM EDT
SEPTEMBER  5 2015.....SUNRISE   703 AM EDT   SUNSET   801 PM EDT


-  INDICATES NEGATIVE NUMBERS.
R  INDICATES RECORD WAS SET OR TIED.
MM INDICATES DATA IS MISSING.
T  INDICATES TRACE AMOUNT.




$$
