000
CDUS43 KDTX 250555
CLIDTW


CLIMATE REPORT
NATIONAL WEATHER SERVICE DETROIT/PONTIAC MI
155 AM EDT TUE APR 25 2017


...................................

...THE DETROIT MI CLIMATE SUMMARY FOR APRIL 24 2017...

CLIMATE NORMAL PERIOD 1981 TO 2010
CLIMATE RECORD PERIOD 1874 TO 2017


WEATHER ITEM   OBSERVED TIME   RECORD YEAR NORMAL DEPARTURE LAST
                VALUE   (LST)  VALUE       VALUE  FROM      YEAR
                                                  NORMAL
..................................................................
TEMPERATURE (F)
 YESTERDAY
  MAXIMUM         71    428 PM  86    2009  63      8       66
                                      1960
                                      1925
  MINIMUM         41    605 AM  27    1892  42     -1       38
                                      1883
                                      1875
  AVERAGE         56                        52      4       52

PRECIPITATION (IN)
  YESTERDAY        0.00          1.57 1880   0.09  -0.09     0.00
  MONTH TO DATE    2.91                      2.31   0.60     1.10
  SINCE MAR 1      7.17                      4.59   2.58     5.96
  SINCE JAN 1     11.90                      8.57   3.33     9.32

SNOWFALL (IN)
  YESTERDAY        0.0           3.1  2005   0.0    0.0      0.0
  MONTH TO DATE    0.1                       1.6   -1.5      1.3
  SINCE MAR 1      7.0                       8.5   -1.5      8.7
  SINCE JUL 1     37.9                      42.4   -4.5     35.3
  SNOW DEPTH       0

DEGREE DAYS
 HEATING
  YESTERDAY        9                        13     -4       13
  MONTH TO DATE  276                       409   -133      465
  SINCE MAR 1   1141                      1271   -130     1135
  SINCE JUL 1   4879                      5824   -945     4900

 COOLING
  YESTERDAY        0                         0      0        0
  MONTH TO DATE    5                         0      5        0
  SINCE MAR 1      5                         0      5        0
  SINCE JAN 1      5                         0      5        0
..................................................................


WIND (MPH)
  HIGHEST WIND SPEED    17   HIGHEST WIND DIRECTION     E (100)
  HIGHEST GUST SPEED    26   HIGHEST GUST DIRECTION     E (110)
  AVERAGE WIND SPEED     9.6


SKY COVER
  POSSIBLE SUNSHINE  MM
  AVERAGE SKY COVER 0.5


WEATHER CONDITIONS
 THE FOLLOWING WEATHER WAS RECORDED YESTERDAY.
  NO SIGNIFICANT WEATHER WAS OBSERVED.


RELATIVE HUMIDITY (PERCENT)
 HIGHEST    83           700 AM
 LOWEST     25           500 PM
 AVERAGE    54

..........................................................


THE DETROIT MI CLIMATE NORMALS FOR TODAY
                         NORMAL    RECORD    YEAR
 MAXIMUM TEMPERATURE (F)   63        87      1994
                                             1990
                                             1915
 MINIMUM TEMPERATURE (F)   43        26      1892


SUNRISE AND SUNSET
APRIL 25 2017.........SUNRISE   637 AM EDT   SUNSET   826 PM EDT
APRIL 26 2017.........SUNRISE   635 AM EDT   SUNSET   827 PM EDT


-  INDICATES NEGATIVE NUMBERS.
R  INDICATES RECORD WAS SET OR TIED.
MM INDICATES DATA IS MISSING.
T  INDICATES TRACE AMOUNT.




$$
