000
CDUS43 KDTX 270548
CLIDTW


CLIMATE REPORT
NATIONAL WEATHER SERVICE DETROIT/PONTIAC MI
1248 AM EST MON FEB 27 2017


...................................

...THE DETROIT MI CLIMATE SUMMARY FOR FEBRUARY 26 2017...

CLIMATE NORMAL PERIOD 1981 TO 2010
CLIMATE RECORD PERIOD 1874 TO 2017


WEATHER ITEM   OBSERVED TIME   RECORD YEAR NORMAL DEPARTURE LAST
                VALUE   (LST)  VALUE       VALUE  FROM      YEAR
                                                  NORMAL
..................................................................
TEMPERATURE (F)
 YESTERDAY
  MAXIMUM         43    511 PM  69    2000  38      5       33
  MINIMUM         24    747 AM  -1    1963  23      1       23
  AVERAGE         34                        31      3       28

PRECIPITATION (IN)
  YESTERDAY        T             1.19 2013   0.07  -0.07      T
  MONTH TO DATE    1.72                      1.86  -0.14     1.85
  SINCE DEC 1      6.71                      6.28   0.43     6.20
  SINCE JAN 1      4.55                      3.82   0.73     3.19

SNOWFALL (IN)
  YESTERDAY        T             7.1  1921   0.3   -0.3       T
  MONTH TO DATE    2.2                       9.5   -7.3     10.7
  SINCE DEC 1     30.8                      31.6   -0.8     20.4
  SINCE JUL 1     30.9                      33.2   -2.3     26.6
  SNOW DEPTH       T

DEGREE DAYS
 HEATING
  YESTERDAY       31                        34     -3       37
  MONTH TO DATE  710                       965   -255      905
  SINCE DEC 1   2829                      3270   -441     2776
  SINCE JUL 1   3697                      4485   -788     3696

 COOLING
  YESTERDAY        0                         0      0        0
  MONTH TO DATE    0                         0      0        0
  SINCE DEC 1      0                         0      0        0
  SINCE JAN 1      0                         0      0        0
..................................................................


WIND (MPH)
  HIGHEST WIND SPEED    29   HIGHEST WIND DIRECTION    SW (210)
  HIGHEST GUST SPEED    39   HIGHEST GUST DIRECTION    SW (220)
  AVERAGE WIND SPEED    16.2


SKY COVER
  POSSIBLE SUNSHINE  MM
  AVERAGE SKY COVER 0.7


WEATHER CONDITIONS
 THE FOLLOWING WEATHER WAS RECORDED YESTERDAY.
  LIGHT SNOW


RELATIVE HUMIDITY (PERCENT)
 HIGHEST    74           400 AM
 LOWEST     39           400 PM
 AVERAGE    57

..........................................................


THE DETROIT MI CLIMATE NORMALS FOR TODAY
                         NORMAL    RECORD    YEAR
 MAXIMUM TEMPERATURE (F)   39        63      1976
 MINIMUM TEMPERATURE (F)   23        -4      2015
                                             1934


SUNRISE AND SUNSET
FEBRUARY 27 2017......SUNRISE   711 AM EST   SUNSET   621 PM EST
FEBRUARY 28 2017......SUNRISE   710 AM EST   SUNSET   622 PM EST


-  INDICATES NEGATIVE NUMBERS.
R  INDICATES RECORD WAS SET OR TIED.
MM INDICATES DATA IS MISSING.
T  INDICATES TRACE AMOUNT.




$$
