000
CDUS45 KTWC 280044
CLIDUG

CLIMATE REPORT
NATIONAL WEATHER SERVICE TUCSON AZ
543 PM MST SAT DEC 27 2014


...................................

...THE DOUGLAS AZ CLIMATE SUMMARY FOR DECEMBER 27 2014...
VALID TODAY AS OF 0500 PM LOCAL TIME.

CLIMATE NORMAL PERIOD 1981 TO 2010
CLIMATE RECORD PERIOD 1948 TO 2014


WEATHER ITEM   OBSERVED TIME   RECORD YEAR NORMAL DEPARTURE LAST
                VALUE   (LST)  VALUE       VALUE  FROM      YEAR
                                                  NORMAL
..................................................................
TEMPERATURE (F)
 TODAY
  MAXIMUM         49    402 PM  79    1980  62    -13       60
  MINIMUM         20    753 AM  13    1987  29     -9       18
                                      1956
  AVERAGE         35                        45    -10       39

PRECIPITATION (IN)
  TODAY            0.00                      0.03  -0.03     0.00
  MONTH TO DATE    0.60                      0.85  -0.25     0.30
  SINCE OCT 1      1.97                      2.43  -0.46     0.82
  SINCE JAN 1     15.54                     12.98   2.56    17.93

DEGREE DAYS
 HEATING
  TODAY           30                        20     10       26
  MONTH TO DATE  474                       512    -38      555
  SINCE DEC 1    474                       512    -38      555
  SINCE JUL 1    868                       947    -79     1001
..................................................................


WIND (MPH)
  HIGHEST WIND SPEED    15   HIGHEST WIND DIRECTION     N (340)
  HIGHEST GUST SPEED    19   HIGHEST GUST DIRECTION    NW (330)
  AVERAGE WIND SPEED     8.1


SKY COVER
  POSSIBLE SUNSHINE  MM
  AVERAGE SKY COVER 0.1


WEATHER CONDITIONS
 THE FOLLOWING WEATHER WAS RECORDED TODAY.
  NO SIGNIFICANT WEATHER WAS OBSERVED.


RELATIVE HUMIDITY (PERCENT)
 HIGHEST    77
 LOWEST     26
 AVERAGE    52

..........................................................


THE DOUGLAS AZ CLIMATE NORMALS FOR TOMORROW
                         NORMAL    RECORD    YEAR
 MAXIMUM TEMPERATURE (F)   62        79      1980
 MINIMUM TEMPERATURE (F)   29        10      1988


SUNRISE AND SUNSET
DECEMBER 27 2014......SUNRISE   716 AM MST   SUNSET   523 PM MST
DECEMBER 28 2014......SUNRISE   717 AM MST   SUNSET   524 PM MST


-  INDICATES NEGATIVE NUMBERS.
R  INDICATES RECORD WAS SET OR TIED.
MM INDICATES DATA IS MISSING.
T  INDICATES TRACE AMOUNT.




$$
