000
CDUS45 KTWC 200730 RRA
CLIDUG

CLIMATE REPORT
NATIONAL WEATHER SERVICE TUCSON AZ
1230 AM MST TUE FEB 20 2018


...................................

...THE DOUGLAS AZ CLIMATE SUMMARY FOR FEBRUARY 19 2018...

CLIMATE NORMAL PERIOD 1981 TO 2010
CLIMATE RECORD PERIOD 1948 TO 2018


WEATHER ITEM   OBSERVED TIME   RECORD YEAR NORMAL DEPARTURE LAST
                VALUE   (LST)  VALUE       VALUE  FROM      YEAR
                                                  NORMAL
..................................................................
TEMPERATURE (F)
 YESTERDAY
  MAXIMUM         64    208 PM  83    1986  67     -3       54
  MINIMUM         48    731 AM  19    1975  34     14       35
  AVERAGE         56                        50      6       45

PRECIPITATION (IN)
  YESTERDAY        T             0.26 1997   0.02  -0.02     0.10
  MONTH TO DATE    0.92                      0.46   0.46     0.38
  SINCE OCT 1      1.76                      3.75  -1.99     2.97
  SINCE JAN 1      0.93                      1.20  -0.27     1.62

DEGREE DAYS
 HEATING
  YESTERDAY        9                        15     -6       20
  MONTH TO DATE  198                       307   -109      243
  SINCE DEC 1   1278                      1477   -199     1340
  SINCE JUL 1   1476                      1912   -436     1676

 COOLING
  YESTERDAY        0                         0      0        0
  MONTH TO DATE    0                         0      0        0
  SINCE DEC 1      0                         0      0        0
  SINCE JAN 1      0                         0      0        0
..................................................................


WIND (MPH)
  HIGHEST WIND SPEED    33   HIGHEST WIND DIRECTION    SW (240)
  HIGHEST GUST SPEED    42   HIGHEST GUST DIRECTION    SW (230)
  AVERAGE WIND SPEED    14.0


SKY COVER
  POSSIBLE SUNSHINE  MM
  AVERAGE SKY COVER  MM


WEATHER CONDITIONS
 THE FOLLOWING WEATHER WAS RECORDED YESTERDAY.
  NO SIGNIFICANT WEATHER WAS OBSERVED.


RELATIVE HUMIDITY (PERCENT)
 HIGHEST    MM
 LOWEST     MM
 AVERAGE    MM

..........................................................


THE DOUGLAS AZ CLIMATE NORMALS FOR TODAY
                         NORMAL    RECORD    YEAR
 MAXIMUM TEMPERATURE (F)   67        79      1972
 MINIMUM TEMPERATURE (F)   34        13      1955


SUNRISE AND SUNSET
FEBRUARY 20 2018......SUNRISE   655 AM MST   SUNSET   610 PM MST
FEBRUARY 21 2018......SUNRISE   654 AM MST   SUNSET   610 PM MST


-  INDICATES NEGATIVE NUMBERS.
R  INDICATES RECORD WAS SET OR TIED.
MM INDICATES DATA IS MISSING.
T  INDICATES TRACE AMOUNT.




$$
