810
CDUS45 KTWC 231433 RRA
CLIDUG

CLIMATE REPORT
NATIONAL WEATHER SERVICE TUCSON AZ
732 AM MST FRI JUN 23 2017


...................................

...THE DOUGLAS AZ CLIMATE SUMMARY FOR JUNE 23 2017...
VALID AS OF 0700 AM LOCAL TIME.

CLIMATE NORMAL PERIOD 1981 TO 2010
CLIMATE RECORD PERIOD 1948 TO 2017


WEATHER ITEM   OBSERVED TIME   RECORD YEAR NORMAL DEPARTURE LAST
                VALUE   (LST)  VALUE       VALUE  FROM      YEAR
                                                  NORMAL
..................................................................
TEMPERATURE (F)
 TODAY
  MINIMUM         76    557 AM  50    1951  63     13       70

PRECIPITATION (IN)
  TODAY            0.00          0.54 1965   0.03  -0.03      T
  MONTH TO DATE    T                         0.36  -0.36     0.27
  SINCE OCT 1      3.12                      5.31  -2.19     2.95
  SINCE JAN 1      1.77                      2.76  -0.99     1.74

DEGREE DAYS
 HEATING
  TODAY            0                         0      0        0

 COOLING
  TODAY           15                        15      0       17
..................................................................


WIND (MPH)
  HIGHEST WIND SPEED    15   HIGHEST WIND DIRECTION    NW (330)
  HIGHEST GUST SPEED    20   HIGHEST GUST DIRECTION    NW (330)
  AVERAGE WIND SPEED     7.6


SKY COVER
  POSSIBLE SUNSHINE  MM
  AVERAGE SKY COVER 0.0


WEATHER CONDITIONS
 THE FOLLOWING WEATHER WAS RECORDED TODAY.
  NO SIGNIFICANT WEATHER WAS OBSERVED.


RELATIVE HUMIDITY (PERCENT)
 HIGHEST    43           600 AM

..........................................................


THE DOUGLAS AZ CLIMATE NORMALS FOR TOMORROW
                         NORMAL    RECORD    YEAR
 MAXIMUM TEMPERATURE (F)   97       105      1994
                                             1990
 MINIMUM TEMPERATURE (F)   63        49      1982


SUNRISE AND SUNSET
JUNE 23 2017..........SUNRISE   515 AM MST   SUNSET   727 PM MST
JUNE 24 2017..........SUNRISE   515 AM MST   SUNSET   727 PM MST


-  INDICATES NEGATIVE NUMBERS.
R  INDICATES RECORD WAS SET OR TIED.
MM INDICATES DATA IS MISSING.
T  INDICATES TRACE AMOUNT.




$$
