000
CDUS45 KTWC 070035
CLIDUG

CLIMATE REPORT
NATIONAL WEATHER SERVICE TUCSON AZ
534 PM MST FRI MAR 6 2015


...................................

...THE DOUGLAS AZ CLIMATE SUMMARY FOR MARCH 6 2015...
VALID TODAY AS OF 0500 PM LOCAL TIME.

CLIMATE NORMAL PERIOD 1981 TO 2010
CLIMATE RECORD PERIOD 1948 TO 2015


WEATHER ITEM   OBSERVED TIME   RECORD YEAR NORMAL DEPARTURE LAST
                VALUE   (LST)  VALUE       VALUE  FROM      YEAR
                                                  NORMAL
..................................................................
TEMPERATURE (F)
 TODAY
  MAXIMUM         67    328 PM  85    1972  70     -3       78
  MINIMUM         43    443 AM  18    1959  36      7       38
  AVERAGE         55                        53      2       58

PRECIPITATION (IN)
  TODAY            0.00                      0.02  -0.02     0.00
  MONTH TO DATE    0.39                      0.12   0.27     0.43
  SINCE OCT 1      3.87                      4.06  -0.19     1.25
  SINCE JAN 1      1.90                      1.51   0.39     0.43

DEGREE DAYS
 HEATING
  TODAY           10                        12     -2        7
  MONTH TO DATE   77                        75      2       53
  SINCE MAR 1     77                        75      2       53
  SINCE JUL 1   1915                      2111   -196     2017

 COOLING
  TODAY            0                         0      0        0
  MONTH TO DATE    0                         0      0        0
  SINCE MAR 1      0                         0      0        0
  SINCE JAN 1      0                         0      0        0
..................................................................


WIND (MPH)
  HIGHEST WIND SPEED    25   HIGHEST WIND DIRECTION     E (90)
  HIGHEST GUST SPEED    32   HIGHEST GUST DIRECTION     E (80)
  AVERAGE WIND SPEED    15.2


SKY COVER
  POSSIBLE SUNSHINE  MM
  AVERAGE SKY COVER 0.0


WEATHER CONDITIONS
 THE FOLLOWING WEATHER WAS RECORDED TODAY.
  NO SIGNIFICANT WEATHER WAS OBSERVED.


RELATIVE HUMIDITY (PERCENT)
 HIGHEST    49
 LOWEST     24
 AVERAGE    37

..........................................................


THE DOUGLAS AZ CLIMATE NORMALS FOR TOMORROW
                         NORMAL    RECORD    YEAR
 MAXIMUM TEMPERATURE (F)   70        88      1960
 MINIMUM TEMPERATURE (F)   36        20      1967


SUNRISE AND SUNSET
MARCH  6 2015.........SUNRISE   640 AM MST   SUNSET   620 PM MST
MARCH  7 2015.........SUNRISE   638 AM MST   SUNSET   621 PM MST


-  INDICATES NEGATIVE NUMBERS.
R  INDICATES RECORD WAS SET OR TIED.
MM INDICATES DATA IS MISSING.
T  INDICATES TRACE AMOUNT.




$$
