000
CDUS45 KTWC 300027
CLIDUG

CLIMATE REPORT
NATIONAL WEATHER SERVICE TUCSON AZ
526 PM MST MON SEP 29 2014


...................................

...THE DOUGLAS AZ CLIMATE SUMMARY FOR SEPTEMBER 29 2014...
VALID TODAY AS OF 0500 PM LOCAL TIME.

CLIMATE NORMAL PERIOD 1981 TO 2010
CLIMATE RECORD PERIOD 1948 TO 2014


WEATHER ITEM   OBSERVED TIME   RECORD YEAR NORMAL DEPARTURE LAST
                VALUE   (LST)  VALUE       VALUE  FROM      YEAR
                                                  NORMAL
..................................................................
TEMPERATURE (F)
 TODAY
  MAXIMUM         85    409 PM  96    2011  86     -1       86
                                      2009
  MINIMUM         61    459 AM  44    1970  54      7       45
  AVERAGE         73                        70      3       66

PRECIPITATION (IN)
  TODAY            0.00                      0.04  -0.04     0.00
  MONTH TO DATE    4.13                      1.50   2.63     2.16
  SINCE OCT 1     14.39                     13.06   1.33    17.74
  SINCE JAN 1     13.57                     10.51   3.06    17.11

DEGREE DAYS
 HEATING
  TODAY            0                         0      0        0
  MONTH TO DATE    0                         0      0        0
  SINCE SEP 1      0                         0      0        0
  SINCE JUL 1      0                         0      0        0

 COOLING
  TODAY            8                         6      2        1
  MONTH TO DATE  281                       276      5      272
  SINCE SEP 1    281                       276      5      272
  SINCE JAN 1   1727                      1746    -19     1812
..................................................................


WIND (MPH)
  HIGHEST WIND SPEED    18   HIGHEST WIND DIRECTION    SW (210)
  HIGHEST GUST SPEED    27   HIGHEST GUST DIRECTION    SW (210)
  AVERAGE WIND SPEED     7.7


SKY COVER
  POSSIBLE SUNSHINE  MM
  AVERAGE SKY COVER 0.1


WEATHER CONDITIONS
 THE FOLLOWING WEATHER WAS RECORDED TODAY.
  NO SIGNIFICANT WEATHER WAS OBSERVED.


RELATIVE HUMIDITY (PERCENT)
 HIGHEST    90
 LOWEST     34
 AVERAGE    62

..........................................................


THE DOUGLAS AZ CLIMATE NORMALS FOR TOMORROW
                         NORMAL    RECORD    YEAR
 MAXIMUM TEMPERATURE (F)   86        96      2010
                                             2003
 MINIMUM TEMPERATURE (F)   54        36      1965


SUNRISE AND SUNSET
SEPTEMBER 29 2014.....SUNRISE   611 AM MST   SUNSET   606 PM MST
SEPTEMBER 30 2014.....SUNRISE   612 AM MST   SUNSET   605 PM MST


-  INDICATES NEGATIVE NUMBERS.
R  INDICATES RECORD WAS SET OR TIED.
MM INDICATES DATA IS MISSING.
T  INDICATES TRACE AMOUNT.




$$
