000
CDUS45 KTWC 220730
CLIDUG

CLIMATE REPORT
NATIONAL WEATHER SERVICE TUCSON AZ
1229 AM MST SUN JAN 22 2017


...................................

...THE DOUGLAS AZ CLIMATE SUMMARY FOR JANUARY 21 2017...

CLIMATE NORMAL PERIOD 1981 TO 2010
CLIMATE RECORD PERIOD 1948 TO 2017


WEATHER ITEM   OBSERVED TIME   RECORD YEAR NORMAL DEPARTURE LAST
                VALUE   (LST)  VALUE       VALUE  FROM      YEAR
                                                  NORMAL
..................................................................
TEMPERATURE (F)
 YESTERDAY
  MAXIMUM         51    123 PM  81    1950  63    -12       62
  MINIMUM         31   1143 PM  10    1959  30      1       29
  AVERAGE         41                        46     -5       46

PRECIPITATION (IN)
  YESTERDAY        0.47          0.59 1956   0.02   0.45     0.00
  MONTH TO DATE    1.24                      0.49   0.75     1.16
  SINCE OCT 1      2.59                      3.04  -0.45     2.37
  SINCE JAN 1      1.24                      0.49   0.75     1.16

DEGREE DAYS
 HEATING
  YESTERDAY       24                        19      5       19
  MONTH TO DATE  365                       401    -36      476
  SINCE DEC 1    869                       990   -121     1139
  SINCE JUL 1   1205                      1425   -220     1592

 COOLING
  YESTERDAY        0                         0      0        0
  MONTH TO DATE    0                         0      0        0
  SINCE DEC 1      0                         0      0        0
  SINCE JAN 1      0                         0      0        0
..................................................................


WIND (MPH)
  HIGHEST WIND SPEED    43   HIGHEST WIND DIRECTION     W (280)
  HIGHEST GUST SPEED    54   HIGHEST GUST DIRECTION     W (290)
  AVERAGE WIND SPEED    17.0


SKY COVER
  POSSIBLE SUNSHINE  MM
  AVERAGE SKY COVER 0.6


WEATHER CONDITIONS
 THE FOLLOWING WEATHER WAS RECORDED YESTERDAY.
  HEAVY RAIN
  RAIN
  LIGHT RAIN
  FOG


RELATIVE HUMIDITY (PERCENT)
 HIGHEST   100
 LOWEST     39
 AVERAGE    70

..........................................................


THE DOUGLAS AZ CLIMATE NORMALS FOR TODAY
                         NORMAL    RECORD    YEAR
 MAXIMUM TEMPERATURE (F)   63        77      1950
 MINIMUM TEMPERATURE (F)   30        15      1966


SUNRISE AND SUNSET
JANUARY 22 2017.......SUNRISE   716 AM MST   SUNSET   545 PM MST
JANUARY 23 2017.......SUNRISE   716 AM MST   SUNSET   545 PM MST


-  INDICATES NEGATIVE NUMBERS.
R  INDICATES RECORD WAS SET OR TIED.
MM INDICATES DATA IS MISSING.
T  INDICATES TRACE AMOUNT.




$$
