000
CDUS45 KTWC 110736
CLIDUG

CLIMATE REPORT
NATIONAL WEATHER SERVICE TUCSON AZ
1234 AM MST MON DEC 11 2017

...................................

...THE DOUGLAS AZ CLIMATE SUMMARY FOR DECEMBER 10 2017...

CLIMATE NORMAL PERIOD 1981 TO 2010
CLIMATE RECORD PERIOD 1948 TO 2017


WEATHER ITEM   OBSERVED TIME   RECORD YEAR NORMAL DEPARTURE LAST
                VALUE   (LST)  VALUE       VALUE  FROM      YEAR
                                                  NORMAL
..................................................................
TEMPERATURE (F)
 YESTERDAY
  MAXIMUM         64    220 PM  78    2015  63      1       72
                                      1993
  MINIMUM         41    735 AM   7    1978  30     11       26
  AVERAGE         53                        46      7       49

PRECIPITATION (IN)
  YESTERDAY        0.00          1.08 1982   0.04  -0.04     0.00
  MONTH TO DATE    0.03                      0.32  -0.29     0.16
  SINCE OCT 1      0.26                      1.90  -1.64     0.42
  SINCE JAN 1      8.94                     12.45  -3.51    12.56

DEGREE DAYS
 HEATING
  YESTERDAY       12                        19     -7       16
  MONTH TO DATE  144                       179    -35      184
  SINCE DEC 1    144                       179    -35      184
  SINCE JUL 1    342                       614   -272      520

 COOLING
  YESTERDAY        0                         0      0        0
  MONTH TO DATE    0                         0      0        0
  SINCE DEC 1      0                         0      0        0
  SINCE JAN 1   1892                      1813     79     1786
..................................................................


WIND (MPH)
  HIGHEST WIND SPEED    22   HIGHEST WIND DIRECTION     E (80)
  HIGHEST GUST SPEED    27   HIGHEST GUST DIRECTION     E (80)
  AVERAGE WIND SPEED    11.8


SKY COVER
  POSSIBLE SUNSHINE  MM
  AVERAGE SKY COVER  MM


WEATHER CONDITIONS
 THE FOLLOWING WEATHER WAS RECORDED YESTERDAY.
  NO SIGNIFICANT WEATHER WAS OBSERVED.


RELATIVE HUMIDITY (PERCENT)
 HIGHEST    MM
 LOWEST     MM
 AVERAGE    MM

..........................................................


THE DOUGLAS AZ CLIMATE NORMALS FOR TODAY
                         NORMAL    RECORD    YEAR
 MAXIMUM TEMPERATURE (F)   63        80      1987
 MINIMUM TEMPERATURE (F)   30        14      1978


SUNRISE AND SUNSET
DECEMBER 11 2017......SUNRISE   708 AM MST   SUNSET   516 PM MST
DECEMBER 12 2017......SUNRISE   708 AM MST   SUNSET   516 PM MST


-  INDICATES NEGATIVE NUMBERS.
R  INDICATES RECORD WAS SET OR TIED.
MM INDICATES DATA IS MISSING.
T  INDICATES TRACE AMOUNT.

$$
