000
CDUS43 KDVN 280905
CLIDVN


CLIMATE REPORT
NATIONAL WEATHER SERVICE QUAD CITIES IA IL
404 AM CDT SAT MAR 28 2015


...................................

...THE DAVENPORT IA CLIMATE SUMMARY FOR MARCH 27 2015...

CLIMATE NORMAL PERIOD 1981 TO 2010
CLIMATE RECORD PERIOD 9999 TO 9999


WEATHER ITEM   OBSERVED TIME   RECORD YEAR NORMAL DEPARTURE LAST
                VALUE   (LST)  VALUE       VALUE  FROM      YEAR
                                                  NORMAL
..................................................................
TEMPERATURE (F)
 YESTERDAY
  MAXIMUM         38    358 PM  MM      MM  54    -16       53
  MINIMUM         22   1159 PM  MM      MM  32    -10       36
  AVERAGE         30                        43    -13       45

PRECIPITATION (IN)
  YESTERDAY        0.00         MM      MM   0.08  -0.08     0.08
  MONTH TO DATE    0.79                      2.17  -1.38     0.49
  SINCE MAR 1      0.79                      2.17  -1.38     0.49
  SINCE JAN 1      3.36                      4.70  -1.34     3.28

SNOWFALL (IN)
  YESTERDAY        0.0          MM      MM  MM     MM         T
  MONTH TO DATE    0.3                      MM     MM        7.4
  SINCE MAR 1      0.3                      MM     MM        7.4
  SINCE JUL 1     32.5                      MM     MM       50.2
  SNOW DEPTH       0

DEGREE DAYS
 HEATING
  YESTERDAY       35                        22     13       20
  MONTH TO DATE  796                       749     47      958
  SINCE MAR 1    796                       749     47      958
  SINCE JUL 1   6292                      5774    518     6821

 COOLING
  YESTERDAY        0                         0      0        0
  MONTH TO DATE    0                         0      0        0
  SINCE MAR 1      0                         0      0        0
  SINCE JAN 1      0                         0      0        0
..................................................................


WIND (MPH)
  HIGHEST WIND SPEED    20   HIGHEST WIND DIRECTION    NE (40)
  HIGHEST GUST SPEED    24   HIGHEST GUST DIRECTION     N (20)
  AVERAGE WIND SPEED     9.4


SKY COVER
  POSSIBLE SUNSHINE  MM
  AVERAGE SKY COVER 0.3


WEATHER CONDITIONS
 THE FOLLOWING WEATHER WAS RECORDED YESTERDAY.
  NO SIGNIFICANT WEATHER WAS OBSERVED.


RELATIVE HUMIDITY (PERCENT)
 HIGHEST    81           300 AM
 LOWEST     29           300 PM
 AVERAGE    55

..........................................................


THE DAVENPORT IA CLIMATE NORMALS FOR TODAY
                         NORMAL    RECORD    YEAR
 MAXIMUM TEMPERATURE (F)   54        MM        MM
 MINIMUM TEMPERATURE (F)   32        MM        MM


SUNRISE AND SUNSET
MARCH 28 2015.........SUNRISE   652 AM CDT   SUNSET   723 PM CDT
MARCH 29 2015.........SUNRISE   651 AM CDT   SUNSET   724 PM CDT


-  INDICATES NEGATIVE NUMBERS.
R  INDICATES RECORD WAS SET OR TIED.
MM INDICATES DATA IS MISSING.
T  INDICATES TRACE AMOUNT.




$$
