000
CDUS43 KDVN 222222
CLIDVN


CLIMATE REPORT
NATIONAL WEATHER SERVICE QUAD CITIES IA IL
420 PM CST SUN JAN 22 2017


...................................

...THE DAVENPORT IA CLIMATE SUMMARY FOR JANUARY 22 2017...
VALID TODAY AS OF 0400 PM LOCAL TIME.

CLIMATE NORMAL PERIOD 1981 TO 2010
CLIMATE RECORD PERIOD 9999 TO 9999


WEATHER ITEM   OBSERVED TIME   RECORD YEAR NORMAL DEPARTURE LAST
                VALUE   (LST)  VALUE       VALUE  FROM      YEAR
                                                  NORMAL
..................................................................
TEMPERATURE (F)
 TODAY
  MAXIMUM         42    332 PM  MM      MM  30     12       27
  MINIMUM         28    614 AM  MM      MM  13     15       17
  AVERAGE         35                        21     14       22

PRECIPITATION (IN)
  TODAY            0.00         MM      MM   0.05  -0.05      T
  MONTH TO DATE    1.03                      0.62   0.41     0.25
  SINCE DEC 1      2.41                      2.35   0.06     4.69
  SINCE JAN 1      1.03                      0.62   0.41     0.25

SNOWFALL (IN)
  TODAY            0.0          MM      MM  MM     MM         T
  MONTH TO DATE    T                        MM     MM        1.6
  SINCE DEC 1     16.5                      MM     MM        5.9
  SINCE JUL 1     16.5                      MM     MM       12.8
  SNOW DEPTH       0

DEGREE DAYS
 HEATING
  TODAY           30                        44    -14       43
  MONTH TO DATE  866                       967   -101      997
  SINCE DEC 1   2108                      2199    -91     1850
  SINCE JUL 1   2963                      3547   -584     2913

 COOLING
  TODAY            0                         0      0        0
  MONTH TO DATE    0                         0      0        0
  SINCE DEC 1      0                         0      0        0
  SINCE JAN 1      0                         0      0        0
..................................................................


WIND (MPH)
  HIGHEST WIND SPEED    10   HIGHEST WIND DIRECTION     N (350)
  HIGHEST GUST SPEED    13   HIGHEST GUST DIRECTION    NW (310)
  AVERAGE WIND SPEED     4.3


SKY COVER
  POSSIBLE SUNSHINE  MM
  AVERAGE SKY COVER 0.8


WEATHER CONDITIONS
 THE FOLLOWING WEATHER WAS RECORDED TODAY.
  FOG
  FOG W/VISIBILITY <= 1/4 MILE


RELATIVE HUMIDITY (PERCENT)
 HIGHEST   100           200 AM
 LOWEST     82           300 PM
 AVERAGE    91

..........................................................


THE DAVENPORT IA CLIMATE NORMALS FOR TOMORROW
                         NORMAL    RECORD    YEAR
 MAXIMUM TEMPERATURE (F)   30        MM        MM
 MINIMUM TEMPERATURE (F)   13        MM        MM


SUNRISE AND SUNSET
JANUARY 22 2017.......SUNRISE   723 AM CST   SUNSET   506 PM CST
JANUARY 23 2017.......SUNRISE   722 AM CST   SUNSET   507 PM CST


-  INDICATES NEGATIVE NUMBERS.
R  INDICATES RECORD WAS SET OR TIED.
MM INDICATES DATA IS MISSING.
T  INDICATES TRACE AMOUNT.




$$
