000
CDUS43 KDVN 290920
CLIDVN


CLIMATE REPORT
NATIONAL WEATHER SERVICE QUAD CITIES IA IL
420 AM CDT FRI APR 29 2016


...................................

...THE DAVENPORT IA CLIMATE SUMMARY FOR APRIL 28 2016...

CLIMATE NORMAL PERIOD 1981 TO 2010
CLIMATE RECORD PERIOD 9999 TO 9999


WEATHER ITEM   OBSERVED TIME   RECORD YEAR NORMAL DEPARTURE LAST
                VALUE   (LST)  VALUE       VALUE  FROM      YEAR
                                                  NORMAL
..................................................................
TEMPERATURE (F)
 YESTERDAY
  MAXIMUM         54    416 PM  MM      MM  66    -12       70
  MINIMUM         46   1159 PM  MM      MM  43      3       37
  AVERAGE         50                        55     -5       54

PRECIPITATION (IN)
  YESTERDAY        0.02         MM      MM   0.17  -0.15     0.00
  MONTH TO DATE    1.65                      3.15  -1.50     1.89
  SINCE MAR 1      4.77                      5.67  -0.90     2.75
  SINCE JAN 1      5.55                      8.20  -2.65     5.32

SNOWFALL (IN)
  YESTERDAY        0.0          MM      MM  MM     MM        0.0
  MONTH TO DATE    T                        MM     MM         T
  SINCE MAR 1      1.2                      MM     MM        0.3
  SINCE JUL 1     16.6                      MM     MM       32.5
  SNOW DEPTH       0

DEGREE DAYS
 HEATING
  YESTERDAY       15                        11      4       11
  MONTH TO DATE  421                       426     -5      387
  SINCE MAR 1   1070                      1259   -189     1268
  SINCE JUL 1   5294                      6284   -990     6764

 COOLING
  YESTERDAY        0                         0      0        0
  MONTH TO DATE   10                         0     10        1
  SINCE MAR 1     11                         0     11        1
  SINCE JAN 1     11                         0     11        1
..................................................................


WIND (MPH)
  HIGHEST WIND SPEED    24   HIGHEST WIND DIRECTION     E (70)
  HIGHEST GUST SPEED    29   HIGHEST GUST DIRECTION     E (70)
  AVERAGE WIND SPEED     7.3


SKY COVER
  POSSIBLE SUNSHINE  MM
  AVERAGE SKY COVER 0.9


WEATHER CONDITIONS
 THE FOLLOWING WEATHER WAS RECORDED YESTERDAY.
  LIGHT RAIN
  FOG
  HAZE


RELATIVE HUMIDITY (PERCENT)
 HIGHEST   100          1100 PM
 LOWEST     83          1200 PM
 AVERAGE    92

..........................................................


THE DAVENPORT IA CLIMATE NORMALS FOR TODAY
                         NORMAL    RECORD    YEAR
 MAXIMUM TEMPERATURE (F)   66        MM        MM
 MINIMUM TEMPERATURE (F)   44        MM        MM


SUNRISE AND SUNSET
APRIL 29 2016.........SUNRISE   601 AM CDT   SUNSET   759 PM CDT
APRIL 30 2016.........SUNRISE   600 AM CDT   SUNSET   800 PM CDT


-  INDICATES NEGATIVE NUMBERS.
R  INDICATES RECORD WAS SET OR TIED.
MM INDICATES DATA IS MISSING.
T  INDICATES TRACE AMOUNT.




$$
