000
CDUS43 KDVN 041048
CLIDVN


CLIMATE REPORT
NATIONAL WEATHER SERVICE QUAD CITIES IA IL
447 AM CST WED MAR 4 2015


...................................

...THE DAVENPORT IA CLIMATE SUMMARY FOR MARCH 3 2015...

CLIMATE NORMAL PERIOD 1981 TO 2010
CLIMATE RECORD PERIOD 9999 TO 9999


WEATHER ITEM   OBSERVED TIME   RECORD YEAR NORMAL DEPARTURE LAST
                VALUE   (LST)  VALUE       VALUE  FROM      YEAR
                                                  NORMAL
..................................................................
TEMPERATURE (F)
 YESTERDAY
  MAXIMUM         34    324 PM  MM      MM  41     -7       12
  MINIMUM         19   1159 PM  MM      MM  23     -4      -13
  AVERAGE         27                        32     -5        0

PRECIPITATION (IN)
  YESTERDAY        0.37         MM      MM   0.07   0.30     0.00
  MONTH TO DATE    0.37                      0.22   0.15     0.21
  SINCE MAR 1      0.37                      0.22   0.15     0.21
  SINCE JAN 1      2.94                      2.75   0.19     3.00

SNOWFALL (IN)
  YESTERDAY        0.3          MM      MM  MM     MM        0.0
  MONTH TO DATE    0.3                      MM     MM        4.0
  SINCE MAR 1      0.3                      MM     MM        4.0
  SINCE JUL 1     32.5                      MM     MM       46.8
  SNOW DEPTH       3

DEGREE DAYS
 HEATING
  YESTERDAY       38                        33      5       65
  MONTH TO DATE  138                       100     38      180
  SINCE MAR 1    138                       100     38      180
  SINCE JUL 1   5634                      5125    509     6043

 COOLING
  YESTERDAY        0                         0      0        0
  MONTH TO DATE    0                         0      0        0
  SINCE MAR 1      0                         0      0        0
  SINCE JAN 1      0                         0      0        0
..................................................................


WIND (MPH)
  HIGHEST WIND SPEED    26   HIGHEST WIND DIRECTION    NW (300)
  HIGHEST GUST SPEED    30   HIGHEST GUST DIRECTION    NW (300)
  AVERAGE WIND SPEED    17.2


SKY COVER
  POSSIBLE SUNSHINE  MM
  AVERAGE SKY COVER 0.9


WEATHER CONDITIONS
 THE FOLLOWING WEATHER WAS RECORDED YESTERDAY.
  FREEZING RAIN
  LT FREEZING RAIN
  LIGHT SNOW
  FOG


RELATIVE HUMIDITY (PERCENT)
 HIGHEST    92           600 AM
 LOWEST     63           100 AM
 AVERAGE    78

..........................................................


THE DAVENPORT IA CLIMATE NORMALS FOR TODAY
                         NORMAL    RECORD    YEAR
 MAXIMUM TEMPERATURE (F)   42        MM        MM
 MINIMUM TEMPERATURE (F)   24        MM        MM


SUNRISE AND SUNSET
MARCH  4 2015.........SUNRISE   633 AM CST   SUNSET   556 PM CST
MARCH  5 2015.........SUNRISE   631 AM CST   SUNSET   557 PM CST


-  INDICATES NEGATIVE NUMBERS.
R  INDICATES RECORD WAS SET OR TIED.
MM INDICATES DATA IS MISSING.
T  INDICATES TRACE AMOUNT.




$$
