000
CDUS43 KDVN 091011
CLIDVN


CLIMATE REPORT
NATIONAL WEATHER SERVICE QUAD CITIES IA IL
410 AM CST TUE FEB 9 2016


...................................

...THE DAVENPORT IA CLIMATE SUMMARY FOR FEBRUARY 8 2016...

CLIMATE NORMAL PERIOD 1981 TO 2010
CLIMATE RECORD PERIOD 9999 TO 9999


WEATHER ITEM   OBSERVED TIME   RECORD YEAR NORMAL DEPARTURE LAST
                VALUE   (LST)  VALUE       VALUE  FROM      YEAR
                                                  NORMAL
..................................................................
TEMPERATURE (F)
 YESTERDAY
  MAXIMUM         33   1258 AM  MM      MM  32      1       39
  MINIMUM         16   1159 PM  MM      MM  16      0       24
  AVERAGE         25                        24      1       32

PRECIPITATION (IN)
  YESTERDAY        T            MM      MM   0.04  -0.04     0.00
  MONTH TO DATE    0.31                      0.33  -0.02     1.39
  SINCE DEC 1      5.15                      3.25   1.90     3.17
  SINCE JAN 1      0.71                      1.52  -0.81     2.38

SNOWFALL (IN)
  YESTERDAY        0.2          MM      MM  MM     MM        0.0
  MONTH TO DATE    0.5                      MM     MM       12.5
  SINCE DEC 1      6.4                      MM     MM       24.4
  SINCE JUL 1     13.3                      MM     MM       28.4
  SNOW DEPTH       T

DEGREE DAYS
 HEATING
  YESTERDAY       40                        41     -1       33
  MONTH TO DATE  279                       335    -56      390
  SINCE DEC 1   2436                      2923   -487     2805
  SINCE JUL 1   3499                      4271   -772     4410

 COOLING
  YESTERDAY        0                         0      0        0
  MONTH TO DATE    0                         0      0        0
  SINCE DEC 1      0                         0      0        0
  SINCE JAN 1      0                         0      0        0
..................................................................


WIND (MPH)
  HIGHEST WIND SPEED    30   HIGHEST WIND DIRECTION    NW (300)
  HIGHEST GUST SPEED    36   HIGHEST GUST DIRECTION    NW (300)
  AVERAGE WIND SPEED    19.3


SKY COVER
  POSSIBLE SUNSHINE  MM
  AVERAGE SKY COVER 1.0


WEATHER CONDITIONS
 THE FOLLOWING WEATHER WAS RECORDED YESTERDAY.
  LIGHT RAIN
  LIGHT SNOW
  FOG


RELATIVE HUMIDITY (PERCENT)
 HIGHEST    89          1200 AM
 LOWEST     67           400 PM
 AVERAGE    78

..........................................................


THE DAVENPORT IA CLIMATE NORMALS FOR TODAY
                         NORMAL    RECORD    YEAR
 MAXIMUM TEMPERATURE (F)   32        MM        MM
 MINIMUM TEMPERATURE (F)   16        MM        MM


SUNRISE AND SUNSET
FEBRUARY  9 2016......SUNRISE   706 AM CST   SUNSET   528 PM CST
FEBRUARY 10 2016......SUNRISE   705 AM CST   SUNSET   529 PM CST


-  INDICATES NEGATIVE NUMBERS.
R  INDICATES RECORD WAS SET OR TIED.
MM INDICATES DATA IS MISSING.
T  INDICATES TRACE AMOUNT.




$$
