000
CDUS46 KOTX 230823
CLIEAT


CLIMATE REPORT
NATIONAL WEATHER SERVICE SPOKANE, WA
122 AM PDT SAT JUL 23 2016


...................................

...THE WENATCHEE WA PANGBORN FIELD CLIMATE SUMMARY FOR JULY 22 2016...

CLIMATE NORMAL PERIOD 1981 TO 2010
CLIMATE RECORD PERIOD 1959 TO 2016


WEATHER ITEM   OBSERVED TIME   RECORD YEAR NORMAL DEPARTURE LAST
                VALUE   (LST)  VALUE       VALUE  FROM      YEAR
                                                  NORMAL
..................................................................
TEMPERATURE (F)
 YESTERDAY
  MAXIMUM         81    203 PM 107    1994  89     -8       84
  MINIMUM         61   1150 PM  49    1982  63     -2       62
  AVERAGE         71                        76     -5       73

PRECIPITATION (IN)
  YESTERDAY        0.05          0.08 1992   0.01   0.04     0.00
  MONTH TO DATE    0.26                      0.21   0.05     0.24
  SINCE OCT 1     11.16                      7.41   3.75     7.15
  SINCE JAN 1      7.30                      4.46   2.84     3.97

SNOWFALL (IN)
  YESTERDAY       MM

DEGREE DAYS
 HEATING
  YESTERDAY        0                         0      0        0
  MONTH TO DATE    2                         2      0        0
  SINCE JUN 1     58                        60     -2        0
  SINCE JUL 1      2                         2      0        0

 COOLING
  YESTERDAY        6                        11     -5        8
  MONTH TO DATE  112                       191    -79      384
  SINCE JUN 1    292                       483   -191      767
  SINCE JAN 1    334                       630   -296      866
..................................................................


WIND (MPH)
  HIGHEST WIND SPEED    29   HIGHEST WIND DIRECTION    NW (310)
  HIGHEST GUST SPEED    35   HIGHEST GUST DIRECTION    NW (310)
  AVERAGE WIND SPEED    15.7


SKY COVER
  POSSIBLE SUNSHINE  MM
  AVERAGE SKY COVER 0.2


WEATHER CONDITIONS
 THE FOLLOWING WEATHER WAS RECORDED YESTERDAY.
  LIGHT RAIN


RELATIVE HUMIDITY (PERCENT)
 HIGHEST    84           400 AM
 LOWEST     28           200 PM
 AVERAGE    56

..........................................................


THE WENATCHEE WA PANGBORN FIELD CLIMATE NORMALS FOR TODAY
                         NORMAL    RECORD    YEAR
 MAXIMUM TEMPERATURE (F)   89       107      2006
 MINIMUM TEMPERATURE (F)   63        49      1963


SUNRISE AND SUNSET
JULY 23 2016..........SUNRISE   529 AM PDT   SUNSET   845 PM PDT
JULY 24 2016..........SUNRISE   530 AM PDT   SUNSET   844 PM PDT


-  INDICATES NEGATIVE NUMBERS.
R  INDICATES RECORD WAS SET OR TIED.
MM INDICATES DATA IS MISSING.
T  INDICATES TRACE AMOUNT.




$$
