000
CDUS46 KOTX 252325
CLIEAT


CLIMATE REPORT
NATIONAL WEATHER SERVICE SPOKANE, WA
424 PM PDT FRI JUL 25 2014


...................................

...THE WENATCHEE WA PANGBORN FIELD CLIMATE SUMMARY FOR JULY 25 2014...
VALID AS OF 0400 PM LOCAL TIME.

CLIMATE NORMAL PERIOD 1981 TO 2010
CLIMATE RECORD PERIOD 1959 TO 2014


WEATHER ITEM   OBSERVED TIME   RECORD YEAR NORMAL DEPARTURE LAST
                VALUE   (LST)  VALUE       VALUE  FROM      YEAR
                                                  NORMAL
..................................................................
TEMPERATURE (F)
 TODAY
  MAXIMUM         82    259 PM 102    1998  89     -7      100
  MINIMUM         56    511 AM  52    1966  63     -7       68
  AVERAGE         69                        76     -7       84

PRECIPITATION (IN)
  TODAY            0.00        0.31   2011  0.01  -0.01     0.00
  MONTH TO DATE    0.38                     0.23   0.15     0.06
  SINCE OCT 1      3.69                     7.43  -3.74     7.77
  SINCE JAN 1      3.13                     4.48  -1.35     3.97

SNOWFALL (IN)
  TODAY           MM                        0.0     MM       MM
  MONTH TO DATE   MM                        0.0     MM       MM
  SINCE JUN 1     MM                        0.0     MM       MM
  SINCE JUL 1     MM                        0.0     MM       MM
  SNOW DEPTH      MM

DEGREE DAYS
 HEATING
  TODAY            0                         0      0        0
  MONTH TO DATE    0                         2     -2        0
  SINCE JUN 1     15                        60    -45       35
  SINCE JUL 1      0                         2     -2        0

 COOLING
  TODAY            4                        11     -7       19
  MONTH TO DATE  379                       224    155      342
  SINCE JUN 1    535                       516     19      448
  SINCE JAN 1    593                       663    -70      508
..................................................................


WIND (MPH)
  HIGHEST WIND SPEED    21   HIGHEST WIND DIRECTION    NW (300)
  HIGHEST GUST SPEED    26   HIGHEST GUST DIRECTION    NW (300)
  AVERAGE WIND SPEED     7.0


SKY COVER
  POSSIBLE SUNSHINE  MM
  AVERAGE SKY COVER 0.0


WEATHER CONDITIONS
 THE FOLLOWING WEATHER WAS RECORDED TODAY.
  NO SIGNIFICANT WEATHER WAS OBSERVED.


RELATIVE HUMIDITY (PERCENT)
 HIGHEST    62           200 AM
 LOWEST     26           300 PM
 AVERAGE    44

..........................................................


THE WENATCHEE WA PANGBORN FIELD CLIMATE NORMALS FOR TOMORROW
                         NORMAL    RECORD    YEAR
 MAXIMUM TEMPERATURE (F)   89       106      1998
 MINIMUM TEMPERATURE (F)   63        53      1983


SUNRISE AND SUNSET
JULY 25 2014..........SUNRISE   531 AM PDT   SUNSET   843 PM PDT
JULY 26 2014..........SUNRISE   532 AM PDT   SUNSET   842 PM PDT


-  INDICATES NEGATIVE NUMBERS.
R  INDICATES RECORD WAS SET OR TIED.
MM INDICATES DATA IS MISSING.
T  INDICATES TRACE AMOUNT.

$$
