000
CDUS46 KOTX 200822
CLIEAT


CLIMATE REPORT
NATIONAL WEATHER SERVICE SPOKANE, WA
122 AM PDT WED SEP 20 2017


...................................

...THE WENATCHEE WA PANGBORN FIELD CLIMATE SUMMARY FOR SEPTEMBER 19 2017...

CLIMATE NORMAL PERIOD 1981 TO 2010
CLIMATE RECORD PERIOD 1959 TO 2017


WEATHER ITEM   OBSERVED TIME   RECORD YEAR NORMAL DEPARTURE LAST
                VALUE   (LST)  VALUE       VALUE  FROM      YEAR
                                                  NORMAL
..................................................................
TEMPERATURE (F)
 YESTERDAY
  MAXIMUM         63    249 PM  90    1994  75    -12       71
  MINIMUM         46    249 AM  37    1983  51     -5       48
  AVERAGE         55                        63     -8       60

PRECIPITATION (IN)
  YESTERDAY        T             0.44 2010   0.01  -0.01     0.00
  MONTH TO DATE    T                         0.21  -0.21     0.04
  SINCE OCT 1      9.88                      7.88   2.00    11.20
  SINCE JAN 1      7.06                      4.93   2.13     7.34

SNOWFALL (IN)
  YESTERDAY       MM

DEGREE DAYS
 HEATING
  YESTERDAY       10                         4      6        5
  MONTH TO DATE   38                        40     -2       39
  SINCE SEP 1     38                        40     -2       39
  SINCE JUL 1     38                        54    -16       43

 COOLING
  YESTERDAY        0                         2     -2        0
  MONTH TO DATE  113                        68     45       17
  SINCE SEP 1    113                        68     45       17
  SINCE JAN 1   1058                       856    202      790
..................................................................


WIND (MPH)
  HIGHEST WIND SPEED    23   HIGHEST WIND DIRECTION     W (270)
  HIGHEST GUST SPEED    28   HIGHEST GUST DIRECTION     W (270)
  AVERAGE WIND SPEED     7.8


SKY COVER
  POSSIBLE SUNSHINE  MM
  AVERAGE SKY COVER 0.3


WEATHER CONDITIONS
 THE FOLLOWING WEATHER WAS RECORDED YESTERDAY.
  LIGHT RAIN


RELATIVE HUMIDITY (PERCENT)
 HIGHEST    80           400 AM
 LOWEST     34           200 PM
 AVERAGE    57

..........................................................


THE WENATCHEE WA PANGBORN FIELD CLIMATE NORMALS FOR TODAY
                         NORMAL    RECORD    YEAR
 MAXIMUM TEMPERATURE (F)   75        91      1967
 MINIMUM TEMPERATURE (F)   51        33      1983


SUNRISE AND SUNSET
SEPTEMBER 20 2017.....SUNRISE   645 AM PDT   SUNSET   702 PM PDT
SEPTEMBER 21 2017.....SUNRISE   647 AM PDT   SUNSET   700 PM PDT


-  INDICATES NEGATIVE NUMBERS.
R  INDICATES RECORD WAS SET OR TIED.
MM INDICATES DATA IS MISSING.
T  INDICATES TRACE AMOUNT.




$$
