000
CDUS46 KOTX 080824
CLIEAT


CLIMATE REPORT
NATIONAL WEATHER SERVICE SPOKANE, WA
1223 AM PST MON FEB 8 2016


...................................

...THE WENATCHEE WA PANGBORN FIELD CLIMATE SUMMARY FOR FEBRUARY 7 2016...

CLIMATE NORMAL PERIOD 1981 TO 2010
CLIMATE RECORD PERIOD 1959 TO 2016


WEATHER ITEM   OBSERVED TIME   RECORD YEAR NORMAL DEPARTURE LAST
                VALUE   (LST)  VALUE       VALUE  FROM      YEAR
                                                  NORMAL
..................................................................
TEMPERATURE (F)
 YESTERDAY
  MAXIMUM         42    311 PM  57    2015  39      3       57
  MINIMUM         26    609 AM   3    1969  27     -1       38
  AVERAGE         34                        33      1       48

PRECIPITATION (IN)
  YESTERDAY        0.00          0.38 1996   0.03  -0.03     0.17
  MONTH TO DATE    0.06                      0.21  -0.15     0.32
  SINCE OCT 1      6.14                      4.22   1.92     4.13
  SINCE JAN 1      2.28                      1.27   1.01     0.95

SNOWFALL (IN)
  YESTERDAY       MM

DEGREE DAYS
 HEATING
  YESTERDAY       31                        32     -1       17
  MONTH TO DATE  239                       227     12      181
  SINCE DEC 1   2292                      2475   -183     2104
  SINCE JUL 1   3357                      3847   -490     3210

 COOLING
  YESTERDAY        0                         0      0        0
  MONTH TO DATE    0                         0      0        0
  SINCE DEC 1      0                         0      0        0
  SINCE JAN 1      0                         0      0        0
..................................................................


WIND (MPH)
  HIGHEST WIND SPEED     9   HIGHEST WIND DIRECTION     W (270)
  HIGHEST GUST SPEED    11   HIGHEST GUST DIRECTION     W (270)
  AVERAGE WIND SPEED     2.3


SKY COVER
  POSSIBLE SUNSHINE  MM
  AVERAGE SKY COVER 0.1


WEATHER CONDITIONS
 THE FOLLOWING WEATHER WAS RECORDED YESTERDAY.
  NO SIGNIFICANT WEATHER WAS OBSERVED.


RELATIVE HUMIDITY (PERCENT)
 HIGHEST    92           200 AM
 LOWEST     55           200 PM
 AVERAGE    74

..........................................................


THE WENATCHEE WA PANGBORN FIELD CLIMATE NORMALS FOR TODAY
                         NORMAL    RECORD    YEAR
 MAXIMUM TEMPERATURE (F)   40        53      1995
 MINIMUM TEMPERATURE (F)   27         5      1994


SUNRISE AND SUNSET
FEBRUARY  8 2016......SUNRISE   718 AM PST   SUNSET   513 PM PST
FEBRUARY  9 2016......SUNRISE   716 AM PST   SUNSET   515 PM PST


-  INDICATES NEGATIVE NUMBERS.
R  INDICATES RECORD WAS SET OR TIED.
MM INDICATES DATA IS MISSING.
T  INDICATES TRACE AMOUNT.




$$
