000
CDUS46 KOTX 120835
CLIEAT


CLIMATE REPORT
NATIONAL WEATHER SERVICE SPOKANE, WA
1234 AM PST TUE DEC 12 2017


...................................

...THE WENATCHEE WA PANGBORN FIELD CLIMATE SUMMARY FOR DECEMBER 11 2017...

CLIMATE NORMAL PERIOD 1981 TO 2010
CLIMATE RECORD PERIOD 1959 TO 2017


WEATHER ITEM   OBSERVED TIME   RECORD YEAR NORMAL DEPARTURE LAST
                VALUE   (LST)  VALUE       VALUE  FROM      YEAR
                                                  NORMAL
..................................................................
TEMPERATURE (F)
 YESTERDAY
  MAXIMUM         30    620 PM  50    1974  33     -3       24
  MINIMUM         28   1152 PM   4    1972  24      4       15
  AVERAGE         29                        28      1       20

PRECIPITATION (IN)
  YESTERDAY        0.00          0.83 2010   0.05  -0.05     0.00
  MONTH TO DATE    0.05                      0.51  -0.46     0.18
  SINCE OCT 1      2.26                      2.06   0.20     2.59
  SINCE JAN 1      9.34                      7.12   2.22     9.94

SNOWFALL (IN)
  YESTERDAY       MM

DEGREE DAYS
 HEATING
  YESTERDAY       36                        37     -1       45
  MONTH TO DATE  373                       388    -15      411
  SINCE DEC 1    373                       388    -15      411
  SINCE JUL 1   1796                      1760     36     1488

 COOLING
  YESTERDAY        0                         0      0        0
  MONTH TO DATE    0                         0      0        0
  SINCE DEC 1      0                         0      0        0
  SINCE JAN 1   1058                       790    268      801
..................................................................


WIND (MPH)
  HIGHEST WIND SPEED     7   HIGHEST WIND DIRECTION    SW (230)
  HIGHEST GUST SPEED     9   HIGHEST GUST DIRECTION     W (250)
  AVERAGE WIND SPEED     2.4


SKY COVER
  POSSIBLE SUNSHINE  MM
  AVERAGE SKY COVER 1.0


WEATHER CONDITIONS
 THE FOLLOWING WEATHER WAS RECORDED YESTERDAY.
  NO SIGNIFICANT WEATHER WAS OBSERVED.


RELATIVE HUMIDITY (PERCENT)
 HIGHEST    85           500 AM
 LOWEST     69          1200 PM
 AVERAGE    77

..........................................................


THE WENATCHEE WA PANGBORN FIELD CLIMATE NORMALS FOR TODAY
                         NORMAL    RECORD    YEAR
 MAXIMUM TEMPERATURE (F)   32        50      1995
 MINIMUM TEMPERATURE (F)   24         6      1972


SUNRISE AND SUNSET
DECEMBER 12 2017......SUNRISE   739 AM PST   SUNSET   410 PM PST
DECEMBER 13 2017......SUNRISE   740 AM PST   SUNSET   410 PM PST


-  INDICATES NEGATIVE NUMBERS.
R  INDICATES RECORD WAS SET OR TIED.
MM INDICATES DATA IS MISSING.
T  INDICATES TRACE AMOUNT.




$$
