000
CDUS43 KMPX 020627
CLIEAU


CLIMATE REPORT
NATIONAL WEATHER SERVICE CHANHASSEN MN
125 AM CDT THU JUL 2 2015


...................................

...THE EAU CLAIRE WI CLIMATE SUMMARY FOR JULY 1 2015...

CLIMATE NORMAL PERIOD 1981 TO 2010
CLIMATE RECORD PERIOD 1893 TO 2015


WEATHER ITEM   OBSERVED TIME   RECORD YEAR NORMAL DEPARTURE LAST
                VALUE   (LST)  VALUE       VALUE  FROM      YEAR
                                                  NORMAL
..................................................................
TEMPERATURE (F)
 YESTERDAY
  MAXIMUM         74    454 PM 100    1931  82     -8       76
  MINIMUM         45    450 AM  44    1924  60    -15       59
                                      1969
  AVERAGE         60                        71    -11       68

PRECIPITATION (IN)
  YESTERDAY        0.00          1.70 1931   0.13  -0.13     0.06
  MONTH TO DATE    0.00                      0.13  -0.13     0.06
  SINCE JUN 1      4.83                      4.26   0.57     9.90
  SINCE JAN 1     14.28                     13.90   0.38    24.00

SNOWFALL (IN)
  YESTERDAY        0.0           0.0    MM   0.0    0.0      0.0
  MONTH TO DATE    0.0                       0.0    0.0      0.0
  SINCE JUN 1      0.0                       0.0    0.0      0.0
  SINCE JUL 1      0.0                       0.0    0.0      0.0
  SNOW DEPTH       0

DEGREE DAYS
 HEATING
  YESTERDAY        5                         1      4        0
  MONTH TO DATE    5                         1      4        0
  SINCE JUN 1     33                        63    -30       25
  SINCE JUL 1      5                         1      4        0

 COOLING
  YESTERDAY        0                         6     -6        3
  MONTH TO DATE    0                         6     -6        3
  SINCE JUN 1     82                       126    -44      137
  SINCE JAN 1    100                       158    -58      172
..................................................................


WIND (MPH)
  HIGHEST WIND SPEED    12   HIGHEST WIND DIRECTION    NE (60)
  HIGHEST GUST SPEED    15   HIGHEST GUST DIRECTION     E (70)
  AVERAGE WIND SPEED     3.1


SKY COVER
  POSSIBLE SUNSHINE  MM
  AVERAGE SKY COVER 0.0


WEATHER CONDITIONS
 THE FOLLOWING WEATHER WAS RECORDED YESTERDAY.
  FOG


RELATIVE HUMIDITY (PERCENT)
 HIGHEST    93           200 AM
 LOWEST     44           100 PM
 AVERAGE    69

..........................................................


THE EAU CLAIRE WI CLIMATE NORMALS FOR TODAY
                         NORMAL    RECORD    YEAR
 MAXIMUM TEMPERATURE (F)   83        99      2012
 MINIMUM TEMPERATURE (F)   60        45      2001
                                             1924


SUNRISE AND SUNSET
JULY  2 2015..........SUNRISE   524 AM CDT   SUNSET   856 PM CDT
JULY  3 2015..........SUNRISE   525 AM CDT   SUNSET   855 PM CDT


-  INDICATES NEGATIVE NUMBERS.
R  INDICATES RECORD WAS SET OR TIED.
MM INDICATES DATA IS MISSING.
T  INDICATES TRACE AMOUNT.




$$
