000
CDUS43 KMPX 280648
CLIEAU


CLIMATE REPORT
NATIONAL WEATHER SERVICE CHANHASSEN MN
148 AM CDT THU JUL 28 2016


...................................

...THE EAU CLAIRE WI CLIMATE SUMMARY FOR JULY 27 2016...

CLIMATE NORMAL PERIOD 1981 TO 2010
CLIMATE RECORD PERIOD 1893 TO 2016


WEATHER ITEM   OBSERVED TIME   RECORD YEAR NORMAL DEPARTURE LAST
                VALUE   (LST)  VALUE       VALUE  FROM      YEAR
                                                  NORMAL
..................................................................
TEMPERATURE (F)
 YESTERDAY
  MAXIMUM         83    222 PM 102    1931  83      0       86
  MINIMUM         66   1159 PM  46    2013  60      6       60
                                      1981
  AVERAGE         75                        71      4       73

PRECIPITATION (IN)
  YESTERDAY        0.43          1.66 1987   0.12   0.31     0.00
  MONTH TO DATE    3.47                      3.35   0.12     5.79
  SINCE JUN 1      9.76                      7.48   2.28    10.62
  SINCE JAN 1     21.95                     17.12   4.83    20.07

SNOWFALL (IN)
  YESTERDAY        0.0           0.0    MM   0.0    0.0      0.0
  MONTH TO DATE    0.0                       0.0    0.0      0.0
  SINCE JUN 1      0.0                       0.0    0.0      0.0
  SINCE JUL 1      0.0                       0.0    0.0      0.0
  SNOW DEPTH       0

DEGREE DAYS
 HEATING
  YESTERDAY        0                         0      0        0
  MONTH TO DATE    4                         2      2       16
  SINCE JUN 1     36                        64    -28       44
  SINCE JUL 1      4                         2      2       16

 COOLING
  YESTERDAY       10                         7      3        8
  MONTH TO DATE  201                       188     13      146
  SINCE JUN 1    327                       308     19      228
  SINCE JAN 1    367                       340     27      246
..................................................................


WIND (MPH)
  HIGHEST WIND SPEED    23   HIGHEST WIND DIRECTION    NW (310)
  HIGHEST GUST SPEED    28   HIGHEST GUST DIRECTION    NW (320)
  AVERAGE WIND SPEED     5.1


SKY COVER
  POSSIBLE SUNSHINE  MM
  AVERAGE SKY COVER 0.6


WEATHER CONDITIONS
 THE FOLLOWING WEATHER WAS RECORDED YESTERDAY.
  THUNDERSTORM
  HEAVY RAIN
  RAIN
  LIGHT RAIN
  FOG


RELATIVE HUMIDITY (PERCENT)
 HIGHEST   100           500 AM
 LOWEST     62           300 PM
 AVERAGE    81

..........................................................


THE EAU CLAIRE WI CLIMATE NORMALS FOR TODAY
                         NORMAL    RECORD    YEAR
 MAXIMUM TEMPERATURE (F)   83       101      1931
 MINIMUM TEMPERATURE (F)   60        47      1928


SUNRISE AND SUNSET
JULY 28 2016..........SUNRISE   548 AM CDT   SUNSET   836 PM CDT
JULY 29 2016..........SUNRISE   549 AM CDT   SUNSET   835 PM CDT


-  INDICATES NEGATIVE NUMBERS.
R  INDICATES RECORD WAS SET OR TIED.
MM INDICATES DATA IS MISSING.
T  INDICATES TRACE AMOUNT.




$$
