000
CDUS43 KMPX 050715
CLIEAU


CLIMATE REPORT
NATIONAL WEATHER SERVICE CHANHASSEN MN
214 AM CDT THU MAY 5 2016


...................................

...THE EAU CLAIRE WI CLIMATE SUMMARY FOR MAY 4 2016...

CLIMATE NORMAL PERIOD 1981 TO 2010
CLIMATE RECORD PERIOD 1893 TO 2016


WEATHER ITEM   OBSERVED TIME   RECORD YEAR NORMAL DEPARTURE LAST
                VALUE   (LST)  VALUE       VALUE  FROM      YEAR
                                                  NORMAL
..................................................................
TEMPERATURE (F)
 YESTERDAY
  MAXIMUM         64    436 PM  91    1949  66     -2       71
  MINIMUM         39    419 AM  20    1907  42     -3       45
  AVERAGE         52                        54     -2       58

PRECIPITATION (IN)
  YESTERDAY        0.00          1.38 1902   0.11  -0.11     0.00
  MONTH TO DATE    0.15                      0.44  -0.29     1.06
  SINCE MAR 1      7.37                      4.92   2.45     4.53
  SINCE JAN 1      8.53                      6.62   1.91     5.12

SNOWFALL (IN)
  YESTERDAY        0.0           T    1907   0.0    0.0      0.0
  MONTH TO DATE    0.0                       0.1   -0.1      0.0
  SINCE MAR 1     13.9                      10.6    3.3      7.3
  SINCE JUL 1     38.0                      46.9   -8.9     38.1
  SNOW DEPTH       0

DEGREE DAYS
 HEATING
  YESTERDAY       13                        11      2        7
  MONTH TO DATE   47                        47      0       22
  SINCE MAR 1   1435                      1667   -232     1533
  SINCE JUL 1   6613                      7687  -1074     7886

 COOLING
  YESTERDAY        0                         0      0        0
  MONTH TO DATE    0                         0      0        3
  SINCE MAR 1      4                         4      0        3
  SINCE JAN 1      4                         4      0        3
..................................................................


WIND (MPH)
  HIGHEST WIND SPEED    22   HIGHEST WIND DIRECTION     N (340)
  HIGHEST GUST SPEED    31   HIGHEST GUST DIRECTION     N (360)
  AVERAGE WIND SPEED    11.3


SKY COVER
  POSSIBLE SUNSHINE  MM
  AVERAGE SKY COVER 0.0


WEATHER CONDITIONS
 THE FOLLOWING WEATHER WAS RECORDED YESTERDAY.
  NO SIGNIFICANT WEATHER WAS OBSERVED.


RELATIVE HUMIDITY (PERCENT)
 HIGHEST    79           400 AM
 LOWEST     17           500 PM
 AVERAGE    48

..........................................................


THE EAU CLAIRE WI CLIMATE NORMALS FOR TODAY
                         NORMAL    RECORD    YEAR
 MAXIMUM TEMPERATURE (F)   67        90      1939
                                             1909
 MINIMUM TEMPERATURE (F)   42        24      1967


SUNRISE AND SUNSET
MAY  5 2016...........SUNRISE   549 AM CDT   SUNSET   817 PM CDT
MAY  6 2016...........SUNRISE   548 AM CDT   SUNSET   818 PM CDT


-  INDICATES NEGATIVE NUMBERS.
R  INDICATES RECORD WAS SET OR TIED.
MM INDICATES DATA IS MISSING.
T  INDICATES TRACE AMOUNT.




$$
