000
CDUS42 KAKQ 220845
CLIECG


CLIMATE REPORT
NATIONAL WEATHER SERVICE WAKEFIELD, VA
445 AM EDT FRI AUG 22 2014


...................................

...THE ELIZABETH CITY NC CLIMATE SUMMARY FOR AUGUST 21 2014...

CLIMATE NORMAL PERIOD 1981 TO 2010
CLIMATE RECORD PERIOD 1934 TO 2014


WEATHER ITEM   OBSERVED TIME   RECORD YEAR NORMAL DEPARTURE LAST
                VALUE   (LST)  VALUE       VALUE  FROM      YEAR
                                                  NORMAL
..................................................................
TEMPERATURE (F)
 YESTERDAY
  MAXIMUM         90    327 PM  96    2007  86      4       85
                                      1983
  MINIMUM         72    536 AM  55    1998  68      4       70
  AVERAGE         81                        77      4       78

PRECIPITATION (IN)
  YESTERDAY        0.00          4.54 1946   0.23  -0.23     0.00
  MONTH TO DATE    2.94                      4.54  -1.60     5.06
  SINCE JUN 1     12.15                     14.69  -2.54    18.16
  SINCE JAN 1     27.11                     31.86  -4.75    28.83

SNOWFALL (IN)
  YESTERDAY        0.0           T    1954  MM     MM
  MONTH TO DATE    0.0                      MM     MM
  SINCE NOV 1     10.2                      MM     MM
  SINCE JUL 1      0.0                      MM     MM
  SNOW DEPTH       0

DEGREE DAYS
 HEATING
  YESTERDAY        0                         0      0        0
  MONTH TO DATE    0                         0      0        0
  SINCE JUN 1      5                         3      2        0
  SINCE JUL 1      0                         0      0        0

 COOLING
  YESTERDAY       16                        12      4       13
  MONTH TO DATE  235                       276    -41      250
  SINCE JUN 1    920                      1016    -96     1070
  SINCE JAN 1   1129                      1180    -51     1276
..................................................................


WIND (MPH)
  HIGHEST WIND SPEED    14   HIGHEST WIND DIRECTION     S (200)
  HIGHEST GUST SPEED    16   HIGHEST GUST DIRECTION    SW (210)
  AVERAGE WIND SPEED     3.7


SKY COVER
  POSSIBLE SUNSHINE  MM
  AVERAGE SKY COVER 0.2


WEATHER CONDITIONS
 THE FOLLOWING WEATHER WAS RECORDED YESTERDAY.
  FOG
  HAZE


RELATIVE HUMIDITY (PERCENT)
 HIGHEST   100           500 AM
 LOWEST     52           400 PM
 AVERAGE    76

..........................................................


THE ELIZABETH CITY NC CLIMATE NORMALS FOR TODAY
                         NORMAL    RECORD    YEAR
 MAXIMUM TEMPERATURE (F)   86        99      1983
 MINIMUM TEMPERATURE (F)   68        53      2000


SUNRISE AND SUNSET
AUGUST 22 2014........SUNRISE   628 AM EDT   SUNSET   746 PM EDT
AUGUST 23 2014........SUNRISE   629 AM EDT   SUNSET   745 PM EDT


-  INDICATES NEGATIVE NUMBERS.
R  INDICATES RECORD WAS SET OR TIED.
MM INDICATES DATA IS MISSING.
T  INDICATES TRACE AMOUNT.




$$
