000
CDUS42 KAKQ 050630
CLIECG


CLIMATE REPORT
NATIONAL WEATHER SERVICE WAKEFIELD, VA
130 AM EST THU MAR 5 2015


...................................

...THE ELIZABETH CITY NC CLIMATE SUMMARY FOR MARCH 4 2015...

CLIMATE NORMAL PERIOD 1981 TO 2010
CLIMATE RECORD PERIOD 1934 TO 2015


WEATHER ITEM   OBSERVED TIME   RECORD YEAR NORMAL DEPARTURE LAST
                VALUE   (LST)  VALUE       VALUE  FROM      YEAR
                                                  NORMAL
..................................................................
TEMPERATURE (F)
 YESTERDAY
  MAXIMUM         76    403 PM  82    2004  57     19       33
  MINIMUM         46    246 AM  16    1943  37      9       23
  AVERAGE         61                        47     14       28

PRECIPITATION (IN)
  YESTERDAY        T             1.40 1966   0.10  -0.10      T
  MONTH TO DATE    0.62                      0.41   0.21     0.10
  SINCE MAR 1      0.62                      0.41   0.21     0.10
  SINCE JAN 1      7.42                      6.85   0.57     4.24

SNOWFALL (IN)
  YESTERDAY       MM             0.0  2002  MM     MM
  MONTH TO DATE    0.0                      MM     MM
  SINCE NOV 1      T                        MM     MM
  SINCE JUL 1      T                        MM     MM
  SNOW DEPTH       0

DEGREE DAYS
 HEATING
  YESTERDAY        4                        18    -14       37
  MONTH TO DATE   78                        74      4      100
  SINCE MAR 1     78                        74      4      100
  SINCE JUL 1   2612                      2546     66     2675

 COOLING
  YESTERDAY        0                         0      0        0
  MONTH TO DATE    0                         0      0        0
  SINCE MAR 1      0                         0      0        0
  SINCE JAN 1      2                         2      0        0
..................................................................


WIND (MPH)
  HIGHEST WIND SPEED    23   HIGHEST WIND DIRECTION    SW (240)
  HIGHEST GUST SPEED    29   HIGHEST GUST DIRECTION    SW (230)
  AVERAGE WIND SPEED    13.2


SKY COVER
  POSSIBLE SUNSHINE  MM
  AVERAGE SKY COVER 0.6


WEATHER CONDITIONS
 THE FOLLOWING WEATHER WAS RECORDED YESTERDAY.
  LIGHT RAIN
  FOG
  FOG W/VISIBILITY <= 1/4 MILE


RELATIVE HUMIDITY (PERCENT)
 HIGHEST   100           300 AM
 LOWEST     64           300 PM
 AVERAGE    82

..........................................................


THE ELIZABETH CITY NC CLIMATE NORMALS FOR TODAY
                         NORMAL    RECORD    YEAR
 MAXIMUM TEMPERATURE (F)   57        84      1961
 MINIMUM TEMPERATURE (F)   37        21      2002


SUNRISE AND SUNSET
MARCH  5 2015.........SUNRISE   630 AM EST   SUNSET   603 PM EST
MARCH  6 2015.........SUNRISE   629 AM EST   SUNSET   604 PM EST


-  INDICATES NEGATIVE NUMBERS.
R  INDICATES RECORD WAS SET OR TIED.
MM INDICATES DATA IS MISSING.
T  INDICATES TRACE AMOUNT.




$$
