000
CDUS42 KAKQ 230545
CLIECG


CLIMATE REPORT
NATIONAL WEATHER SERVICE WAKEFIELD, VA
145 AM EDT TUE MAY 23 2017


...................................

...THE ELIZABETH CITY NC CLIMATE SUMMARY FOR MAY 22 2017...

CLIMATE NORMAL PERIOD 1981 TO 2010
CLIMATE RECORD PERIOD 1934 TO 2017


WEATHER ITEM   OBSERVED TIME   RECORD YEAR NORMAL DEPARTURE LAST
                VALUE   (LST)  VALUE       VALUE  FROM      YEAR
                                                  NORMAL
..................................................................
TEMPERATURE (F)
 YESTERDAY
  MAXIMUM         84    203 PM  96    1941  78      6       64
  MINIMUM         65    114 AM  44    1981  59      6       56
                                      1950
  AVERAGE         75                        68      7       60

PRECIPITATION (IN)
  YESTERDAY        0.55          1.95 1955   0.12   0.43     0.11
  MONTH TO DATE    3.21                      2.42   0.79     2.77
  SINCE MAR 1      9.52                      9.54  -0.02     9.03
  SINCE JAN 1     14.13                     15.98  -1.85    16.62

SNOWFALL (IN)
  YESTERDAY        0.0           0.0  2002  MM     MM
  MONTH TO DATE    0.0                      MM     MM
  SINCE NOV 1      1.2                      MM     MM
  SINCE JUL 1      1.2                      MM     MM
  SNOW DEPTH       0

DEGREE DAYS
 HEATING
  YESTERDAY        0                         1     -1        5
  MONTH TO DATE   34                        60    -26       55
  SINCE MAR 1    592                       749   -157      567
  SINCE JUL 1   2687                      3221   -534     2478

 COOLING
  YESTERDAY       10                         5      5        0
  MONTH TO DATE   89                        69     20       48
  SINCE MAR 1    220                       109    111      103
  SINCE JAN 1    223                       111    112      103
..................................................................


WIND (MPH)
  HIGHEST WIND SPEED    25   HIGHEST WIND DIRECTION     W (260)
  HIGHEST GUST SPEED    32   HIGHEST GUST DIRECTION     W (270)
  AVERAGE WIND SPEED     6.8


SKY COVER
  POSSIBLE SUNSHINE  MM
  AVERAGE SKY COVER 0.4


WEATHER CONDITIONS
 THE FOLLOWING WEATHER WAS RECORDED YESTERDAY.
  THUNDERSTORM
  HEAVY RAIN
  LIGHT RAIN
  FOG
  HAZE


RELATIVE HUMIDITY (PERCENT)
 HIGHEST   100          1200 AM
 LOWEST     61           200 PM
 AVERAGE    81

..........................................................


THE ELIZABETH CITY NC CLIMATE NORMALS FOR TODAY
                         NORMAL    RECORD    YEAR
 MAXIMUM TEMPERATURE (F)   79       101      1941
 MINIMUM TEMPERATURE (F)   59        44      2002


SUNRISE AND SUNSET
MAY 23 2017...........SUNRISE   553 AM EDT   SUNSET   811 PM EDT
MAY 24 2017...........SUNRISE   552 AM EDT   SUNSET   811 PM EDT


-  INDICATES NEGATIVE NUMBERS.
R  INDICATES RECORD WAS SET OR TIED.
MM INDICATES DATA IS MISSING.
T  INDICATES TRACE AMOUNT.




$$
