000
CDUS42 KAKQ 060638
CLIECG


CLIMATE REPORT
NATIONAL WEATHER SERVICE WAKEFIELD, VA
138 AM EST TUE DEC 6 2016


...................................

...THE ELIZABETH CITY NC CLIMATE SUMMARY FOR DECEMBER 5 2016...

CLIMATE NORMAL PERIOD 1981 TO 2010
CLIMATE RECORD PERIOD 1934 TO 2016


WEATHER ITEM   OBSERVED TIME   RECORD YEAR NORMAL DEPARTURE LAST
                VALUE   (LST)  VALUE       VALUE  FROM      YEAR
                                                  NORMAL
..................................................................
TEMPERATURE (F)
 YESTERDAY
  MAXIMUM         57    245 PM  77    1982  57      0       59
  MINIMUM         46    659 AM  17    1935  37      9       42
  AVERAGE         52                        47      5       51

PRECIPITATION (IN)
  YESTERDAY        0.49          2.40 1945   0.08   0.41     0.00
  MONTH TO DATE    0.66                      0.42   0.24     0.19
  SINCE DEC 1      0.66                      0.42   0.24     0.19
  SINCE JAN 1     52.10                     44.44   7.66    43.01

SNOWFALL (IN)
  YESTERDAY       MM             T    1957  MM     MM
  MONTH TO DATE    0.0                      MM     MM
  SINCE NOV 1      0.0                      MM     MM
  SINCE JUL 1      0.0                      MM     MM
  SNOW DEPTH       0

DEGREE DAYS
 HEATING
  YESTERDAY       13                        18     -5       14
  MONTH TO DATE   81                        87     -6       63
  SINCE DEC 1     81                        87     -6       63
  SINCE JUL 1    571                       602    -31      419

 COOLING
  YESTERDAY        0                         0      0        0
  MONTH TO DATE    0                         0      0        0
  SINCE DEC 1      0                         0      0        0
  SINCE JAN 1   1954                      1588    366     1843
..................................................................


WIND (MPH)
  HIGHEST WIND SPEED    17   HIGHEST WIND DIRECTION     N (360)
  HIGHEST GUST SPEED    22   HIGHEST GUST DIRECTION    NW (330)
  AVERAGE WIND SPEED     9.6


SKY COVER
  POSSIBLE SUNSHINE  MM
  AVERAGE SKY COVER 0.5


WEATHER CONDITIONS
 THE FOLLOWING WEATHER WAS RECORDED YESTERDAY.
  RAIN
  LIGHT RAIN
  FOG


RELATIVE HUMIDITY (PERCENT)
 HIGHEST   100           600 AM
 LOWEST     66           400 PM
 AVERAGE    83

..........................................................


THE ELIZABETH CITY NC CLIMATE NORMALS FOR TODAY
                         NORMAL    RECORD    YEAR
 MAXIMUM TEMPERATURE (F)   57        80      1998
 MINIMUM TEMPERATURE (F)   37        21      1997


SUNRISE AND SUNSET
DECEMBER  6 2016......SUNRISE   702 AM EST   SUNSET   450 PM EST
DECEMBER  7 2016......SUNRISE   703 AM EST   SUNSET   450 PM EST


-  INDICATES NEGATIVE NUMBERS.
R  INDICATES RECORD WAS SET OR TIED.
MM INDICATES DATA IS MISSING.
T  INDICATES TRACE AMOUNT.




$$
