000
CDUS42 KAKQ 210634
CLIECG


CLIMATE REPORT
NATIONAL WEATHER SERVICE WAKEFIELD, VA
133 AM EST SAT JAN 21 2017


...................................

...THE ELIZABETH CITY NC CLIMATE SUMMARY FOR JANUARY 20 2017...

CLIMATE NORMAL PERIOD 1981 TO 2010
CLIMATE RECORD PERIOD 1934 TO 2017


WEATHER ITEM   OBSERVED TIME   RECORD YEAR NORMAL DEPARTURE LAST
                VALUE   (LST)  VALUE       VALUE  FROM      YEAR
                                                  NORMAL
..................................................................
TEMPERATURE (F)
 YESTERDAY
  MAXIMUM         54   1216 PM  73    1951  51      3       36
  MINIMUM         38   1243 AM   8    1994  32      6       17
  AVERAGE         46                        41      5       27

PRECIPITATION (IN)
  YESTERDAY        0.11          1.56 1978   0.10   0.01      T
  MONTH TO DATE    3.14                      2.01   1.13     1.46
  SINCE DEC 1      5.81                      4.57   1.24     5.47
  SINCE JAN 1      3.14                      2.01   1.13     1.46

SNOWFALL (IN)
  YESTERDAY        0.0           T    2016  MM     MM
                                      2009
                                      2008
  MONTH TO DATE    1.2                      MM     MM
  SINCE NOV 1      1.2                      MM     MM
  SINCE JUL 1      1.2                      MM     MM
  SNOW DEPTH       0

DEGREE DAYS
 HEATING
  YESTERDAY       19                        24     -5       38
  MONTH TO DATE  410                       480    -70      473
  SINCE DEC 1   1015                      1120   -105      717
  SINCE JUL 1   1505                      1635   -130     1073

 COOLING
  YESTERDAY        0                         0      0        0
  MONTH TO DATE    0                         0      0        0
  SINCE DEC 1      0                         2     -2       31
  SINCE JAN 1      0                         0      0        0
..................................................................


WIND (MPH)
  HIGHEST WIND SPEED    12   HIGHEST WIND DIRECTION    SE (130)
  HIGHEST GUST SPEED    15   HIGHEST GUST DIRECTION    SE (130)
  AVERAGE WIND SPEED     5.1


SKY COVER
  POSSIBLE SUNSHINE  MM
  AVERAGE SKY COVER 0.5


WEATHER CONDITIONS
 THE FOLLOWING WEATHER WAS RECORDED YESTERDAY.
  LIGHT RAIN
  FOG
  FOG W/VISIBILITY <= 1/4 MILE


RELATIVE HUMIDITY (PERCENT)
 HIGHEST   100           600 AM
 LOWEST     66          1200 PM
 AVERAGE    83

..........................................................


THE ELIZABETH CITY NC CLIMATE NORMALS FOR TODAY
                         NORMAL    RECORD    YEAR
 MAXIMUM TEMPERATURE (F)   51        75      1935
 MINIMUM TEMPERATURE (F)   32        -2      1985


SUNRISE AND SUNSET
JANUARY 21 2017.......SUNRISE   713 AM EST   SUNSET   520 PM EST
JANUARY 22 2017.......SUNRISE   712 AM EST   SUNSET   521 PM EST


-  INDICATES NEGATIVE NUMBERS.
R  INDICATES RECORD WAS SET OR TIED.
MM INDICATES DATA IS MISSING.
T  INDICATES TRACE AMOUNT.




$$
