000
CDUS42 KAKQ 160629
CLIECG


CLIMATE REPORT
NATIONAL WEATHER SERVICE WAKEFIELD, VA
128 AM EST SAT DEC 16 2017


...................................

...THE ELIZABETH CITY NC CLIMATE SUMMARY FOR DECEMBER 15 2017...

CLIMATE NORMAL PERIOD 1981 TO 2010
CLIMATE RECORD PERIOD 1934 TO 2017


WEATHER ITEM   OBSERVED TIME   RECORD YEAR NORMAL DEPARTURE LAST
                VALUE   (LST)  VALUE       VALUE  FROM      YEAR
                                                  NORMAL
..................................................................
TEMPERATURE (F)
 YESTERDAY
  MAXIMUM         60    148 PM  74    1971  54      6       45
  MINIMUM         29   1136 PM  14    1943  35     -6       25
  AVERAGE         45                        44      1       35

PRECIPITATION (IN)
  YESTERDAY        0.00          1.34 1981   0.09  -0.09     0.00
  MONTH TO DATE    2.73                      1.26   1.47     1.52
  SINCE DEC 1      2.73                      1.26   1.47     1.52
  SINCE JAN 1     44.33                     45.28  -0.95    52.96

SNOWFALL (IN)
  YESTERDAY        0.0           5.4  1943  MM     MM
  MONTH TO DATE    0.0                      MM     MM
  SINCE NOV 1      0.0                      MM     MM
  SINCE JUL 1      0.0                      MM     MM
  SNOW DEPTH       0

DEGREE DAYS
 HEATING
  YESTERDAY       20                        21     -1       30
  MONTH TO DATE  282                       281      1      294
  SINCE DEC 1    282                       281      1      294
  SINCE JUL 1    716                       796    -80      784

 COOLING
  YESTERDAY        0                         0      0        0
  MONTH TO DATE    0                         0      0        0
  SINCE DEC 1      0                         0      0        0
  SINCE JAN 1   1961                      1588    373     1954
..................................................................


WIND (MPH)
  HIGHEST WIND SPEED    22   HIGHEST WIND DIRECTION     W (280)
  HIGHEST GUST SPEED    27   HIGHEST GUST DIRECTION     W (290)
  AVERAGE WIND SPEED     9.8


SKY COVER
  POSSIBLE SUNSHINE  MM
  AVERAGE SKY COVER 0.0


WEATHER CONDITIONS
 THE FOLLOWING WEATHER WAS RECORDED YESTERDAY.
  NO SIGNIFICANT WEATHER WAS OBSERVED.


RELATIVE HUMIDITY (PERCENT)
 HIGHEST    92           200 AM
 LOWEST     51           300 PM
 AVERAGE    72

..........................................................


THE ELIZABETH CITY NC CLIMATE NORMALS FOR TODAY
                         NORMAL    RECORD    YEAR
 MAXIMUM TEMPERATURE (F)   54        75      1971
 MINIMUM TEMPERATURE (F)   34        11      1958


SUNRISE AND SUNSET
DECEMBER 16 2017......SUNRISE   709 AM EST   SUNSET   452 PM EST
DECEMBER 17 2017......SUNRISE   710 AM EST   SUNSET   452 PM EST


-  INDICATES NEGATIVE NUMBERS.
R  INDICATES RECORD WAS SET OR TIED.
MM INDICATES DATA IS MISSING.
T  INDICATES TRACE AMOUNT.




$$
