000
CDUS42 KAKQ 220529
CLIECG


CLIMATE REPORT
NATIONAL WEATHER SERVICE WAKEFIELD, VA
128 AM EDT TUE AUG 22 2017


...................................

...THE ELIZABETH CITY NC CLIMATE SUMMARY FOR AUGUST 21 2017...

CLIMATE NORMAL PERIOD 1981 TO 2010
CLIMATE RECORD PERIOD 1934 TO 2017


WEATHER ITEM   OBSERVED TIME   RECORD YEAR NORMAL DEPARTURE LAST
                VALUE   (LST)  VALUE       VALUE  FROM      YEAR
                                                  NORMAL
..................................................................
TEMPERATURE (F)
 YESTERDAY
  MAXIMUM         88    332 PM  97    1983  86      2       93
  MINIMUM         73    212 AM  53    1998  68      5       71
  AVERAGE         81                        77      4       82

PRECIPITATION (IN)
  YESTERDAY        0.00          4.54 1946   0.23  -0.23     0.10
  MONTH TO DATE    5.04                      4.54   0.50     2.29
  SINCE JUN 1     17.20                     14.69   2.51     8.45
  SINCE JAN 1     34.17                     31.86   2.31    26.66

SNOWFALL (IN)
  YESTERDAY        0.0           T    1954  MM     MM
  MONTH TO DATE    0.0                      MM     MM
  SINCE NOV 1      1.2                      MM     MM
  SINCE JUL 1      0.0                      MM     MM
  SNOW DEPTH       0

DEGREE DAYS
 HEATING
  YESTERDAY        0                         0      0        0
  MONTH TO DATE    0                         0      0        0
  SINCE JUN 1      4                         3      1        0
  SINCE JUL 1      0                         0      0        0

 COOLING
  YESTERDAY       16                        12      4       17
  MONTH TO DATE  298                       276     22      361
  SINCE JUN 1   1123                      1016    107     1197
  SINCE JAN 1   1421                      1180    241     1367
..................................................................


WIND (MPH)
  HIGHEST WIND SPEED    12   HIGHEST WIND DIRECTION    SE (130)
  HIGHEST GUST SPEED    15   HIGHEST GUST DIRECTION    SE (140)
  AVERAGE WIND SPEED     5.2


SKY COVER
  POSSIBLE SUNSHINE  MM
  AVERAGE SKY COVER 0.1


WEATHER CONDITIONS
 THE FOLLOWING WEATHER WAS RECORDED YESTERDAY.
  FOG


RELATIVE HUMIDITY (PERCENT)
 HIGHEST   100           100 AM
 LOWEST     63          1200 PM
 AVERAGE    82

..........................................................


THE ELIZABETH CITY NC CLIMATE NORMALS FOR TODAY
                         NORMAL    RECORD    YEAR
 MAXIMUM TEMPERATURE (F)   86        95      1975
 MINIMUM TEMPERATURE (F)   68        53      2000


SUNRISE AND SUNSET
AUGUST 22 2017........SUNRISE   629 AM EDT   SUNSET   746 PM EDT
AUGUST 23 2017........SUNRISE   629 AM EDT   SUNSET   745 PM EDT


-  INDICATES NEGATIVE NUMBERS.
R  INDICATES RECORD WAS SET OR TIED.
MM INDICATES DATA IS MISSING.
T  INDICATES TRACE AMOUNT.




$$
