000
CDUS44 KBMX 220739
CLIEET


CLIMATE REPORT
NATIONAL WEATHER SERVICE BIRMINGHAM, AL
239 AM CDT THU JUN 22 2017


...................................

...THE SHELBY COUNTY AIRPORT CLIMATE SUMMARY FOR JUNE 21 2017...

CLIMATE NORMAL PERIOD 1981 TO 2010
CLIMATE RECORD PERIOD 9999 TO 9999


WEATHER ITEM   OBSERVED TIME   RECORD YEAR NORMAL DEPARTURE LAST
                VALUE   (LST)  VALUE       VALUE  FROM      YEAR
                                                  NORMAL
..................................................................
TEMPERATURE (F)
 YESTERDAY
  MAXIMUM         77    532 PM  MM      MM  88    -11       89
  MINIMUM         70    337 AM  MM      MM  69      1       65
  AVERAGE         74                        78     -4       77

PRECIPITATION (IN)
  YESTERDAY        0.52                      0.15   0.37     0.00
  MONTH TO DATE    6.06                      3.30   2.76     2.56
  SINCE JUN 1      6.06                      3.30   2.76     2.56
  SINCE JAN 1     33.84                     27.23   6.61    25.08

DEGREE DAYS
 COOLING
  YESTERDAY        9                        14     -5       12
  MONTH TO DATE  252                       247      5      302
  SINCE JUN 1    252                       247      5      302
  SINCE JAN 1    674                       516    158      606
..................................................................


WIND (MPH)
  HIGHEST WIND SPEED     9   HIGHEST WIND DIRECTION     E (110)
  HIGHEST GUST SPEED    14   HIGHEST GUST DIRECTION     E (70)
  AVERAGE WIND SPEED     3.6


SKY COVER
  POSSIBLE SUNSHINE  MM
  AVERAGE SKY COVER 0.7


WEATHER CONDITIONS
 THE FOLLOWING WEATHER WAS RECORDED YESTERDAY.
  HEAVY RAIN
  RAIN
  LIGHT RAIN
  FOG


RELATIVE HUMIDITY (PERCENT)
 HIGHEST   100          1200 AM
 LOWEST     88           500 PM
 AVERAGE    94

..........................................................


THE SHELBY COUNTY AIRPORT CLIMATE NORMALS FOR TODAY
                         NORMAL    RECORD    YEAR
 MAXIMUM TEMPERATURE (F)   89        MM        MM
 MINIMUM TEMPERATURE (F)   69        MM        MM


SUNRISE AND SUNSET
JUNE 22 2017..........SUNRISE   539 AM CDT   SUNSET   800 PM CDT
JUNE 23 2017..........SUNRISE   539 AM CDT   SUNSET   800 PM CDT


-  INDICATES NEGATIVE NUMBERS.
R  INDICATES RECORD WAS SET OR TIED.
MM INDICATES DATA IS MISSING.
T  INDICATES TRACE AMOUNT.




$$
