000
CDUS44 KBMX 310732
CLIEET


CLIMATE REPORT
NATIONAL WEATHER SERVICE BIRMINGHAM, AL
231 AM CDT TUE MAY 31 2016


...................................

...THE SHELBY COUNTY AIRPORT CLIMATE SUMMARY FOR MAY 30 2016...

CLIMATE NORMAL PERIOD 1981 TO 2010
CLIMATE RECORD PERIOD 9999 TO 9999


WEATHER ITEM   OBSERVED TIME   RECORD YEAR NORMAL DEPARTURE LAST
                VALUE   (LST)  VALUE       VALUE  FROM      YEAR
                                                  NORMAL
..................................................................
TEMPERATURE (F)
 YESTERDAY
  MAXIMUM         92   1206 PM  MM      MM  84      8       88
  MINIMUM         66    452 AM  MM      MM  64      2       65
  AVERAGE         79                        74      5       77

PRECIPITATION (IN)
  YESTERDAY        T                         0.16  -0.16     0.00
  MONTH TO DATE    1.51                      4.32  -2.81     3.51
  SINCE MAR 1     11.88                     12.69  -0.81    14.11
  SINCE JAN 1     22.52                     23.77  -1.25    23.48

DEGREE DAYS
 COOLING
  YESTERDAY       14                         9      5       12
  MONTH TO DATE  186                       185      1      230
  SINCE MAR 1    281                       256     25      339
  SINCE JAN 1    288                       260     28      339
..................................................................


WIND (MPH)
  HIGHEST WIND SPEED    10   HIGHEST WIND DIRECTION     W (270)
  HIGHEST GUST SPEED    17   HIGHEST GUST DIRECTION     E (100)
  AVERAGE WIND SPEED     1.7


SKY COVER
  POSSIBLE SUNSHINE  MM
  AVERAGE SKY COVER 0.1


WEATHER CONDITIONS
 THE FOLLOWING WEATHER WAS RECORDED YESTERDAY.
  THUNDERSTORM
  LIGHT RAIN
  FOG


RELATIVE HUMIDITY (PERCENT)
 HIGHEST    97          1200 AM
 LOWEST     38          1200 PM
 AVERAGE    68

..........................................................


THE SHELBY COUNTY AIRPORT CLIMATE NORMALS FOR TODAY
                         NORMAL    RECORD    YEAR
 MAXIMUM TEMPERATURE (F)   84        MM        MM
 MINIMUM TEMPERATURE (F)   64        MM        MM


SUNRISE AND SUNSET
MAY 31 2016...........SUNRISE   539 AM CDT   SUNSET   751 PM CDT
JUNE  1 2016..........SUNRISE   539 AM CDT   SUNSET   752 PM CDT


-  INDICATES NEGATIVE NUMBERS.
R  INDICATES RECORD WAS SET OR TIED.
MM INDICATES DATA IS MISSING.
T  INDICATES TRACE AMOUNT.




$$
