000
CDUS46 KEKA 241212
CLIEKA


CLIMATE REPORT
NATIONAL WEATHER SERVICE EUREKA CA
511 AM PDT MON APR 24 2017


...................................

...THE EUREKA CA CLIMATE SUMMARY FOR APRIL 23 2017...

CLIMATE NORMAL PERIOD 1981 TO 2010
CLIMATE RECORD PERIOD 1886 TO 2017


WEATHER ITEM   OBSERVED RECORD YEAR NORMAL DEPARTURE LAST
                VALUE   VALUE       VALUE  FROM      YEAR
                                           NORMAL
...........................................................
TEMPERATURE (F)
 YESTERDAY
  MAXIMUM         58     68    1888  58      0       60
  MINIMUM         47     38    1960  45      2       49
                               1892
  AVERAGE         53                 51      2       55

PRECIPITATION (IN)
  YESTERDAY        0.24   1.46 1996   0.10   0.14     0.05
  MONTH TO DATE    4.45               2.71   1.74     2.38
  SINCE OCT 1     59.80              36.11  23.69    46.25
  SINCE JAN 1     34.03              20.14  13.89    25.53

SNOWFALL (IN)
  YESTERDAY       MM     MM      MM   0.0   MM        0.0
  MONTH TO DATE    T                  0.0    0.0      0.0
  SINCE MAR 1      T                  0.0    0.0      0.0
  SINCE JUL 1      T                  0.2   -0.2       T
  SNOW DEPTH       0

DEGREE DAYS
 HEATING
  YESTERDAY       12                 14     -2       10
  MONTH TO DATE  292                333    -41      222
  SINCE MAR 1    722                809    -87      613
  SINCE JUL 1   3611               3731   -120     3023

 COOLING
  YESTERDAY        0                  0      0        0
  MONTH TO DATE    0                  0      0        0
  SINCE MAR 1      0                  0      0        0
  SINCE JAN 1      0                  0      0        0
...........................................................


WIND (MPH)
  HIGHEST WIND SPEED    12   HIGHEST WIND DIRECTION     W (270)
  HIGHEST GUST SPEED    15   HIGHEST GUST DIRECTION    SW (240)
  AVERAGE WIND SPEED     4.4


SKY COVER
  AVERAGE SKY COVER 1.0


WEATHER CONDITIONS
 THE FOLLOWING WEATHER WAS RECORDED YESTERDAY.
  LIGHT RAIN


..........................................................


THE EUREKA CA CLIMATE NORMALS FOR TODAY
                         NORMAL    RECORD    YEAR
 MAXIMUM TEMPERATURE (F)   58        70      2013
 MINIMUM TEMPERATURE (F)   45        36      2008


SUNRISE AND SUNSET
APRIL 24 2017.........SUNRISE   624 AM PDT   SUNSET   806 PM PDT
APRIL 25 2017.........SUNRISE   623 AM PDT   SUNSET   807 PM PDT


-  INDICATES NEGATIVE NUMBERS.
R  INDICATES RECORD WAS SET OR TIED.
MM INDICATES DATA IS MISSING.
T  INDICATES TRACE AMOUNT.




&&

..........................................................

TOTAL SEASON     NORMAL   % OF NORMAL     LAST SEASON

    59.80         36.11        166            46.25


$$
