000
CDUS46 KEKA 221214
CLIEKA


CLIMATE REPORT
NATIONAL WEATHER SERVICE EUREKA CA
414 AM PST MON DEC 22 2014


...................................

...THE EUREKA CA CLIMATE SUMMARY FOR DECEMBER 21 2014...

CLIMATE NORMAL PERIOD 1981 TO 2010
CLIMATE RECORD PERIOD 1886 TO 2014


WEATHER ITEM   OBSERVED RECORD YEAR NORMAL DEPARTURE LAST
                VALUE   VALUE       VALUE  FROM      YEAR
                                           NORMAL
...........................................................
TEMPERATURE (F)
 YESTERDAY
  MAXIMUM         59     67    1940  55      4       49
  MINIMUM         57     23    1998  40     17       42
                               1990
  AVERAGE         58                 48     10       46

PRECIPITATION (IN)
  YESTERDAY        0.92   2.15 1964   0.28   0.64     0.04
  MONTH TO DATE    8.84               5.58   3.26     0.55
  SINCE JUL 1     20.60              14.51   6.09     5.11
  SINCE JAN 1     36.59              37.79  -1.20    16.59

SNOWFALL (IN)
  YESTERDAY        0.0    0.0  2001   0.0    0.0     MM
  MONTH TO DATE    0.0                0.0    0.0       T
  SINCE DEC 1      0.0                0.0    0.0       T
  SINCE JUL 1      0.0                0.0    0.0       T
  SNOW DEPTH       0

DEGREE DAYS
 HEATING
  YESTERDAY        7                 17    -10       19
  MONTH TO DATE  193                356   -163      496
  SINCE DEC 1    193                356   -163      496
  SINCE JUL 1   1213               1778   -565     1947

 COOLING
  YESTERDAY        0                  0      0        0
  MONTH TO DATE    0                  0      0        0
  SINCE DEC 1      0                  0      0        0
  SINCE JAN 1      4                  0      4        6
...........................................................


WIND (MPH)
  HIGHEST WIND SPEED     9   HIGHEST WIND DIRECTION     W (260)
  HIGHEST GUST SPEED    12   HIGHEST GUST DIRECTION    MM
  AVERAGE WIND SPEED     4.5


SKY COVER
  AVERAGE SKY COVER 1.0


WEATHER CONDITIONS
 THE FOLLOWING WEATHER WAS RECORDED YESTERDAY.
  LIGHT RAIN
  FOG


..........................................................


THE EUREKA CA CLIMATE NORMALS FOR TODAY
                         NORMAL    RECORD    YEAR
 MAXIMUM TEMPERATURE (F)   55        65      1964
 MINIMUM TEMPERATURE (F)   40        22      1990


SUNRISE AND SUNSET
DECEMBER 22 2014......SUNRISE   738 AM PST   SUNSET   453 PM PST
DECEMBER 23 2014......SUNRISE   738 AM PST   SUNSET   453 PM PST


-  INDICATES NEGATIVE NUMBERS.
R  INDICATES RECORD WAS SET OR TIED.
MM INDICATES DATA IS MISSING.
T  INDICATES TRACE AMOUNT.




&&

..........................................................

TOTAL SEASON     NORMAL   % OF NORMAL     LAST SEASON

    20.60         14.51        142             5.11


$$
