000
CDUS46 KEKA 201217
CLIEKA


CLIMATE REPORT
NATIONAL WEATHER SERVICE EUREKA CA
517 AM PDT MON OCT 20 2014


...................................

...THE EUREKA CA CLIMATE SUMMARY FOR OCTOBER 19 2014...

CLIMATE NORMAL PERIOD 1981 TO 2010
CLIMATE RECORD PERIOD 1886 TO 2014


WEATHER ITEM   OBSERVED RECORD YEAR NORMAL DEPARTURE LAST
                VALUE   VALUE       VALUE  FROM      YEAR
                                           NORMAL
...........................................................
TEMPERATURE (F)
 YESTERDAY
  MAXIMUM         74     78    1913  62     12       50
  MINIMUM         56     34    1949  47      9       40
  AVERAGE         65                 54     11       45

PRECIPITATION (IN)
  YESTERDAY        0.04   1.99 2007   0.08  -0.04     0.00
  MONTH TO DATE    1.18               1.01   0.17      T
  SINCE JUL 1      4.31               2.09   2.22     3.22
  SINCE JAN 1     20.30              25.37  -5.07    14.70

SNOWFALL (IN)
  YESTERDAY        0.0    0.0  2002   0.0    0.0      0.0
                               2001
  MONTH TO DATE    0.0                0.0    0.0      0.0
  SINCE SEP 1      0.0                0.0    0.0      0.0
  SINCE JUL 1      0.0                0.0    0.0      0.0
  SNOW DEPTH       0

DEGREE DAYS
 HEATING
  YESTERDAY        0                 11    -11       20
  MONTH TO DATE  108                192    -84      234
  SINCE SEP 1    268                431   -163      372
  SINCE JUL 1    631                857   -226      791

 COOLING
  YESTERDAY        0                  0      0        0
  MONTH TO DATE    0                  0      0        0
  SINCE SEP 1      3                  0      3        1
  SINCE JAN 1      4                  0      4        6
...........................................................


WIND (MPH)
  HIGHEST WIND SPEED    16   HIGHEST WIND DIRECTION    SE (150)
  HIGHEST GUST SPEED    24   HIGHEST GUST DIRECTION    SE (150)
  AVERAGE WIND SPEED     8.3


SKY COVER
  AVERAGE SKY COVER 0.3


WEATHER CONDITIONS
 THE FOLLOWING WEATHER WAS RECORDED YESTERDAY.
  RAIN
  LIGHT RAIN
  FOG


..........................................................


THE EUREKA CA CLIMATE NORMALS FOR TODAY
                         NORMAL    RECORD    YEAR
 MAXIMUM TEMPERATURE (F)   62        77      1998
 MINIMUM TEMPERATURE (F)   47        35      1949


SUNRISE AND SUNSET
OCTOBER 20 2014.......SUNRISE   734 AM PDT   SUNSET   629 PM PDT
OCTOBER 21 2014.......SUNRISE   735 AM PDT   SUNSET   627 PM PDT


-  INDICATES NEGATIVE NUMBERS.
R  INDICATES RECORD WAS SET OR TIED.
MM INDICATES DATA IS MISSING.
T  INDICATES TRACE AMOUNT.




&&

..........................................................

TOTAL SEASON     NORMAL   % OF NORMAL     LAST SEASON

     4.31          2.09        206             3.22


$$
