000
CDUS46 KEKA 211215
CLIEKA


CLIMATE REPORT
NATIONAL WEATHER SERVICE EUREKA CA
514 AM PDT THU AUG 21 2014


...................................

...THE EUREKA CA CLIMATE SUMMARY FOR AUGUST 20 2014...

CLIMATE NORMAL PERIOD 1981 TO 2010
CLIMATE RECORD PERIOD 1886 TO 2014


WEATHER ITEM   OBSERVED RECORD YEAR NORMAL DEPARTURE LAST
                VALUE   VALUE       VALUE  FROM      YEAR
                                           NORMAL
...........................................................
TEMPERATURE (F)
 YESTERDAY
  MAXIMUM         65     75    1964  64      1       64
  MINIMUM         56     47    1996  53      3       53
  AVERAGE         61                 59      2       59

PRECIPITATION (IN)
  YESTERDAY        T      0.37 1968   0.01  -0.01     0.00
  MONTH TO DATE    0.01               0.16  -0.15     0.03
  SINCE JUL 1      0.03               0.34  -0.31     0.03
  SINCE JAN 1     16.02              23.62  -7.60    11.51

SNOWFALL (IN)
  YESTERDAY        0.0    0.0  2002   0.0    0.0      0.0
                               2001
  MONTH TO DATE    0.0                0.0    0.0      0.0
  SINCE JUN 1      0.0                0.0    0.0      0.0
  SINCE JUL 1      0.0                0.0    0.0      0.0
  SNOW DEPTH       0

DEGREE DAYS
 HEATING
  YESTERDAY        4                  6     -2        6
  MONTH TO DATE  120                126     -6      116
  SINCE JUN 1    560                618    -58      599
  SINCE JUL 1    308                352    -44      376

 COOLING
  YESTERDAY        0                  0      0        0
  MONTH TO DATE    0                  0      0        2
  SINCE JUN 1      0                  0      0        2
  SINCE JAN 1      1                  0      1        2
...........................................................


WIND (MPH)
  HIGHEST WIND SPEED     9   HIGHEST WIND DIRECTION    NW (320)
  HIGHEST GUST SPEED    16   HIGHEST GUST DIRECTION    MM
  AVERAGE WIND SPEED     3.4


SKY COVER
  AVERAGE SKY COVER 0.5


WEATHER CONDITIONS
 THE FOLLOWING WEATHER WAS RECORDED YESTERDAY.
  LIGHT RAIN
  FOG


..........................................................


THE EUREKA CA CLIMATE NORMALS FOR TODAY
                         NORMAL    RECORD    YEAR
 MAXIMUM TEMPERATURE (F)   65        73      1971
 MINIMUM TEMPERATURE (F)   53        47      1910
                                             1890


SUNRISE AND SUNSET
AUGUST 21 2014........SUNRISE   633 AM PDT   SUNSET   806 PM PDT
AUGUST 22 2014........SUNRISE   634 AM PDT   SUNSET   804 PM PDT


-  INDICATES NEGATIVE NUMBERS.
R  INDICATES RECORD WAS SET OR TIED.
MM INDICATES DATA IS MISSING.
T  INDICATES TRACE AMOUNT.




&&

..........................................................

TOTAL SEASON     NORMAL   % OF NORMAL     LAST SEASON

     0.03          0.34        9             0.03

$$
