000
CDUS46 KEKA 061210
CLIEKA


CLIMATE REPORT
NATIONAL WEATHER SERVICE EUREKA CA
509 AM PDT MON JUL 6 2015


...................................

...THE EUREKA CA CLIMATE SUMMARY FOR JULY 5 2015...

CLIMATE NORMAL PERIOD 1981 TO 2010
CLIMATE RECORD PERIOD 1886 TO 2015


WEATHER ITEM   OBSERVED RECORD YEAR NORMAL DEPARTURE LAST
                VALUE   VALUE       VALUE  FROM      YEAR
                                           NORMAL
...........................................................
TEMPERATURE (F)
 YESTERDAY
  MAXIMUM         65     70    1983  63      2       64
  MINIMUM         55     46    1996  51      4       52
                               1977
                               1932
  AVERAGE         60                 57      3       58

PRECIPITATION (IN)
  YESTERDAY        0.00   0.22 1948   0.01  -0.01     0.00
  MONTH TO DATE    0.02               0.04  -0.02      T
  SINCE OCT 1     30.69              39.29  -8.60    17.89
  SINCE JAN 1     12.31              23.32 -11.01    15.99

SNOWFALL (IN)
  YESTERDAY        0.0    0.0  2002   0.0    0.0      0.0
                               2001
  MONTH TO DATE    0.0                0.0    0.0      0.0
  SINCE JUN 1      0.0                0.0    0.0      0.0
  SINCE JUL 1      0.0                0.0    0.0      0.0
  SNOW DEPTH       0

DEGREE DAYS
 HEATING
  YESTERDAY        5                  8     -3        7
  MONTH TO DATE   29                 40    -11       34
  SINCE JUN 1    270                306    -36      286
  SINCE JUL 1     29                 40    -11       34

 COOLING
  YESTERDAY        0                  0      0        0
  MONTH TO DATE    0                  0      0        0
  SINCE JUN 1      0                  0      0        0
  SINCE JAN 1      0                  0      0        1
...........................................................


WIND (MPH)
  HIGHEST WIND SPEED     9   HIGHEST WIND DIRECTION     W (260)
  HIGHEST GUST SPEED    13   HIGHEST GUST DIRECTION    MM
  AVERAGE WIND SPEED     4.2


SKY COVER
  AVERAGE SKY COVER 0.9


WEATHER CONDITIONS
 THE FOLLOWING WEATHER WAS RECORDED YESTERDAY.
  FOG


..........................................................


THE EUREKA CA CLIMATE NORMALS FOR TODAY
                         NORMAL    RECORD    YEAR
 MAXIMUM TEMPERATURE (F)   63        73      1954
 MINIMUM TEMPERATURE (F)   51        46      1932
                                             1891
                                             1889


SUNRISE AND SUNSET
JULY  6 2015..........SUNRISE   552 AM PDT   SUNSET   851 PM PDT
JULY  7 2015..........SUNRISE   552 AM PDT   SUNSET   851 PM PDT


-  INDICATES NEGATIVE NUMBERS.
R  INDICATES RECORD WAS SET OR TIED.
MM INDICATES DATA IS MISSING.
T  INDICATES TRACE AMOUNT.




&&

..........................................................

TOTAL SEASON     NORMAL   % OF NORMAL     LAST SEASON

    30.69         39.29        78            17.89


$$
