000
CDUS46 KEKA 181401
CLIEKA


CLIMATE REPORT
NATIONAL WEATHER SERVICE EUREKA CA
700 AM PDT THU SEP 18 2014


...................................

...THE EUREKA CA CLIMATE SUMMARY FOR SEPTEMBER 17 2014...

CLIMATE NORMAL PERIOD 1981 TO 2010
CLIMATE RECORD PERIOD 1886 TO 2014


WEATHER ITEM   OBSERVED RECORD YEAR NORMAL DEPARTURE LAST
                VALUE   VALUE       VALUE  FROM      YEAR
                                           NORMAL
...........................................................
TEMPERATURE (F)
 YESTERDAY
  MAXIMUM         65     82    1897  64      1       64
  MINIMUM         55     44    2003  50      5       53
                               1965
  AVERAGE         60                 57      3       59

PRECIPITATION (IN)
  YESTERDAY        0.38   1.07 1967   0.02   0.36     0.09
  MONTH TO DATE    0.38               0.27   0.11     0.12
  SINCE JUL 1      0.42               0.76  -0.34     0.20
  SINCE JAN 1     16.41              24.04  -7.63    11.68

SNOWFALL (IN)
  YESTERDAY        0.0    0.0  2002   0.0    0.0      0.0
                               2001
  MONTH TO DATE    0.0                0.0    0.0      0.0
  SINCE SEP 1      0.0                0.0    0.0      0.0
  SINCE JUL 1      0.0                0.0    0.0      0.0
  SNOW DEPTH       0

DEGREE DAYS
 HEATING
  YESTERDAY        5                  8     -3        6
  MONTH TO DATE  122                126     -4       52
  SINCE SEP 1    122                126     -4       52
  SINCE JUL 1    485                552    -67      471

 COOLING
  YESTERDAY        0                  0      0        0
  MONTH TO DATE    0                  0      0        1
  SINCE SEP 1      0                  0      0        1
  SINCE JAN 1      1                  0      1        6
...........................................................


WIND (MPH)
  HIGHEST WIND SPEED     8   HIGHEST WIND DIRECTION    NW (310)
  HIGHEST GUST SPEED    MM   HIGHEST GUST DIRECTION    MM
  AVERAGE WIND SPEED     3.3


SKY COVER
  AVERAGE SKY COVER 1.0


WEATHER CONDITIONS
 THE FOLLOWING WEATHER WAS RECORDED YESTERDAY.
  THUNDERSTORM
  RAIN
  LIGHT RAIN
  FOG


..........................................................


THE EUREKA CA CLIMATE NORMALS FOR TODAY
                         NORMAL    RECORD    YEAR
 MAXIMUM TEMPERATURE (F)   64        76      1946
 MINIMUM TEMPERATURE (F)   50        42      1988
                                             1908


SUNRISE AND SUNSET
SEPTEMBER 18 2014.....SUNRISE   700 AM PDT   SUNSET   720 PM PDT
SEPTEMBER 19 2014.....SUNRISE   701 AM PDT   SUNSET   719 PM PDT


-  INDICATES NEGATIVE NUMBERS.
R  INDICATES RECORD WAS SET OR TIED.
MM INDICATES DATA IS MISSING.
T  INDICATES TRACE AMOUNT.




&&

..........................................................

TOTAL SEASON     NORMAL   % OF NORMAL     LAST SEASON

     0.42          0.76        55             0.20


$$
