000
CDUS46 KEKA 011210
CLIEKA


CLIMATE REPORT
NATIONAL WEATHER SERVICE EUREKA CA
509 AM PDT SAT OCT 1 2016


...................................

...THE EUREKA CA CLIMATE SUMMARY FOR SEPTEMBER 30 2016...

CLIMATE NORMAL PERIOD 1981 TO 2010
CLIMATE RECORD PERIOD 1886 TO 2016


WEATHER ITEM   OBSERVED RECORD YEAR NORMAL DEPARTURE LAST
                VALUE   VALUE       VALUE  FROM      YEAR
                                           NORMAL
...........................................................
TEMPERATURE (F)
 YESTERDAY
  MAXIMUM         64     80    1992  63      1       64
  MINIMUM         50     41    1946  49      1       51
  AVERAGE         57                 56      1       58

PRECIPITATION (IN)
  YESTERDAY        0.00   0.75 1897   0.03  -0.03     0.00
  MONTH TO DATE    0.01               0.59  -0.58     0.27
  SINCE OCT 1     48.08              40.33   7.75    31.50
  SINCE JAN 1     27.36              24.36   3.00    13.12

SNOWFALL (IN)
  YESTERDAY        0.0    0.0  2002   0.0    0.0      0.0
                               2001
  MONTH TO DATE    0.0                0.0    0.0      0.0
  SINCE SEP 1      0.0                0.0    0.0      0.0
  SINCE JUL 1      0.0                0.0    0.0      0.0
  SNOW DEPTH       0

DEGREE DAYS
 HEATING
  YESTERDAY        8                  9     -1        7
  MONTH TO DATE  237                239     -2      199
  SINCE SEP 1    237                239     -2      199
  SINCE JUL 1    684                665     19      422

 COOLING
  YESTERDAY        0                  0      0        0
  MONTH TO DATE    0                  0      0        0
  SINCE SEP 1      0                  0      0        0
  SINCE JAN 1      0                  0      0        5
...........................................................


WIND (MPH)
  HIGHEST WIND SPEED    10   HIGHEST WIND DIRECTION     W (270)
  HIGHEST GUST SPEED    12   HIGHEST GUST DIRECTION    MM
  AVERAGE WIND SPEED     3.8


SKY COVER
  AVERAGE SKY COVER 0.8


WEATHER CONDITIONS
 THE FOLLOWING WEATHER WAS RECORDED YESTERDAY.
  NO SIGNIFICANT WEATHER WAS OBSERVED.


..........................................................


THE EUREKA CA CLIMATE NORMALS FOR TODAY
                         NORMAL    RECORD    YEAR
 MAXIMUM TEMPERATURE (F)   63        77      1902
 MINIMUM TEMPERATURE (F)   49        40      1893


SUNRISE AND SUNSET
OCTOBER  1 2016.......SUNRISE   714 AM PDT   SUNSET   658 PM PDT
OCTOBER  2 2016.......SUNRISE   715 AM PDT   SUNSET   656 PM PDT


-  INDICATES NEGATIVE NUMBERS.
R  INDICATES RECORD WAS SET OR TIED.
MM INDICATES DATA IS MISSING.
T  INDICATES TRACE AMOUNT.




&&

..........................................................

TOTAL SEASON     NORMAL   % OF NORMAL     LAST SEASON

    48.08         40.33        119            31.50


$$
