000
CDUS46 KEKA 251215
CLIEKA


CLIMATE REPORT
NATIONAL WEATHER SERVICE EUREKA CA
415 AM PST SAT FEB 25 2017


...................................

...THE EUREKA CA CLIMATE SUMMARY FOR FEBRUARY 24 2017...

CLIMATE NORMAL PERIOD 1981 TO 2010
CLIMATE RECORD PERIOD 1886 TO 2017


WEATHER ITEM   OBSERVED RECORD YEAR NORMAL DEPARTURE LAST
                VALUE   VALUE       VALUE  FROM      YEAR
                                           NORMAL
...........................................................
TEMPERATURE (F)
 YESTERDAY
  MAXIMUM         48     71    1991  56     -8       59
  MINIMUM         33     31    2013  42     -9       45
                               1913
  AVERAGE         41                 49     -8       52

PRECIPITATION (IN)
  YESTERDAY        0.03   1.76 1917   0.21  -0.18      T
  MONTH TO DATE   10.25               4.83   5.42     2.63
  SINCE OCT 1     46.53              27.30  19.23    35.41
  SINCE JAN 1     20.76              11.33   9.43    14.69

SNOWFALL (IN)
  YESTERDAY       MM     MM      MM   0.0   MM       MM
  MONTH TO DATE    T                  0.2   -0.2      0.0
  SINCE DEC 1      T                  0.2   -0.2       T
  SINCE JUL 1      T                  0.2   -0.2       T
  SNOW DEPTH       0

DEGREE DAYS
 HEATING
  YESTERDAY       24                 16      8       13
  MONTH TO DATE  344                384    -40      325
  SINCE DEC 1   1571               1433    138     1257
  SINCE JUL 1   2805               2855    -50     2339

 COOLING
  YESTERDAY        0                  0      0        0
  MONTH TO DATE    0                  0      0        0
  SINCE DEC 1      0                  0      0        0
  SINCE JAN 1      0                  0      0        0
...........................................................


WIND (MPH)
  HIGHEST WIND SPEED    12   HIGHEST WIND DIRECTION    SW (230)
  HIGHEST GUST SPEED    17   HIGHEST GUST DIRECTION    SW (230)
  AVERAGE WIND SPEED     4.2


SKY COVER
  AVERAGE SKY COVER 1.0


WEATHER CONDITIONS
 THE FOLLOWING WEATHER WAS RECORDED YESTERDAY.
  LIGHT RAIN


..........................................................


THE EUREKA CA CLIMATE NORMALS FOR TODAY
                         NORMAL    RECORD    YEAR
 MAXIMUM TEMPERATURE (F)   56        71      1992
 MINIMUM TEMPERATURE (F)   42        31      2011
                                             1996


SUNRISE AND SUNSET
FEBRUARY 25 2017......SUNRISE   656 AM PST   SUNSET   604 PM PST
FEBRUARY 26 2017......SUNRISE   655 AM PST   SUNSET   605 PM PST


-  INDICATES NEGATIVE NUMBERS.
R  INDICATES RECORD WAS SET OR TIED.
MM INDICATES DATA IS MISSING.
T  INDICATES TRACE AMOUNT.




&&

..........................................................

TOTAL SEASON     NORMAL   % OF NORMAL     LAST SEASON

    46.53         27.30        170            35.41


$$
