000
CDUS41 KRLX 022216
CLIEKN


CLIMATE REPORT
NATIONAL WEATHER SERVICE CHARLESTON WV
516 PM EST FRI DEC 2 2016


...................................

...THE ELKINS WV CLIMATE SUMMARY FOR DECEMBER 2 2016...
VALID TODAY AS OF 0500 PM LOCAL TIME.

CLIMATE NORMAL PERIOD 1981 TO 2010
CLIMATE RECORD PERIOD 1899 TO 2016


WEATHER ITEM   OBSERVED TIME   RECORD YEAR NORMAL DEPARTURE LAST
                VALUE   (LST)  VALUE       VALUE  FROM      YEAR
                                                  NORMAL
..................................................................
TEMPERATURE (F)
 TODAY
  MAXIMUM         37   1209 AM  74    1982  46     -9       56
  MINIMUM         33    359 PM   4    1924  26      7       39
  AVERAGE         35                        36     -1       48

PRECIPITATION (IN)
  TODAY            0.00          1.92 1991   0.12  -0.12     0.60
  MONTH TO DATE    T                         0.23  -0.23     1.41
  SINCE DEC 1      T                         0.23  -0.23     1.41
  SINCE JAN 1     40.19                     42.90  -2.71    44.88

DEGREE DAYS
 HEATING
  TODAY           30                        29      1       17
  MONTH TO DATE   53                        57     -4       29
  SINCE DEC 1     53                        57     -4       29
  SINCE JUL 1    998                      1341   -343     1032

 COOLING
  TODAY            0                         0      0        0
  MONTH TO DATE    0                         0      0        0
  SINCE DEC 1      0                         0      0        0
  SINCE JAN 1    809                       475    334      627
..................................................................


WIND (MPH)
  HIGHEST WIND SPEED    15   HIGHEST WIND DIRECTION     W (250)
  HIGHEST GUST SPEED    23   HIGHEST GUST DIRECTION     W (260)
  AVERAGE WIND SPEED     6.8


SKY COVER
  POSSIBLE SUNSHINE  MM
  AVERAGE SKY COVER 1.0


WEATHER CONDITIONS
 THE FOLLOWING WEATHER WAS RECORDED TODAY.
  NO SIGNIFICANT WEATHER WAS OBSERVED.


RELATIVE HUMIDITY (PERCENT)
 HIGHEST    75           100 PM
 LOWEST     64          1200 AM
 AVERAGE    70

..........................................................


THE ELKINS WV CLIMATE NORMALS FOR TOMORROW
                         NORMAL    RECORD    YEAR
 MAXIMUM TEMPERATURE (F)   46        72      1982
 MINIMUM TEMPERATURE (F)   26        -4      1976


SUNRISE AND SUNSET
DECEMBER  2 2016......SUNRISE   720 AM EST   SUNSET   458 PM EST
DECEMBER  3 2016......SUNRISE   721 AM EST   SUNSET   457 PM EST


-  INDICATES NEGATIVE NUMBERS.
R  INDICATES RECORD WAS SET OR TIED.
MM INDICATES DATA IS MISSING.
T  INDICATES TRACE AMOUNT.




$$
