000
CDUS41 KRLX 230729
CLIEKN


CLIMATE REPORT
NATIONAL WEATHER SERVICE CHARLESTON WV
321 AM EDT TUE SEP 23 2014


...................................

...THE ELKINS WV CLIMATE SUMMARY FOR SEPTEMBER 22 2014...

CLIMATE NORMAL PERIOD 1981 TO 2010
CLIMATE RECORD PERIOD 1899 TO 2014


WEATHER ITEM   OBSERVED TIME   RECORD YEAR NORMAL DEPARTURE LAST
                VALUE   (LST)  VALUE       VALUE  FROM      YEAR
                                                  NORMAL
..................................................................
TEMPERATURE (F)
 YESTERDAY
  MAXIMUM         60    336 PM  89    1914  72    -12       66
  MINIMUM         39   1130 PM  30    1999  48     -9       47
  AVERAGE         50                        60    -10       57

PRECIPITATION (IN)
  YESTERDAY        0.02          1.32 1919   0.12  -0.10     0.00
  MONTH TO DATE    1.20                      2.71  -1.51     2.36
  SINCE JAN 1     29.43                     35.52  -6.09    35.28

SNOWFALL (IN)
  YESTERDAY        0.0
  MONTH TO DATE    0.0
  SINCE SEP 1      0.0
  SNOW DEPTH       0

DEGREE DAYS
 HEATING
  YESTERDAY       15                         6      9        8
  MONTH TO DATE   67                        70     -3       63
  SINCE SEP 1     67                        70     -3       63
  SINCE JUL 1    118                       100     18       86

 COOLING
  YESTERDAY        0                         1     -1        0
  MONTH TO DATE   65                        40     25       60
  SINCE SEP 1     65                        40     25       60
  SINCE JAN 1    503                       466     37      523
..................................................................


WIND (MPH)
  HIGHEST WIND SPEED    16   HIGHEST WIND DIRECTION    NW (310)
  HIGHEST GUST SPEED    23   HIGHEST GUST DIRECTION    NW (330)
  AVERAGE WIND SPEED     5.1


SKY COVER
  POSSIBLE SUNSHINE  MM
  AVERAGE SKY COVER 0.7


WEATHER CONDITIONS
 THE FOLLOWING WEATHER WAS RECORDED YESTERDAY.
  LIGHT RAIN
  FOG
  FOG W/VISIBILITY <= 1/4 MILE


RELATIVE HUMIDITY (PERCENT)
 HIGHEST   100           600 AM
 LOWEST     62           400 PM
 AVERAGE    81

..........................................................


THE ELKINS WV CLIMATE NORMALS FOR TODAY
                         NORMAL    RECORD    YEAR
 MAXIMUM TEMPERATURE (F)   71        92      1908
 MINIMUM TEMPERATURE (F)   48        29      1974


SUNRISE AND SUNSET
SEPTEMBER 23 2014.....SUNRISE   708 AM EDT   SUNSET   715 PM EDT
SEPTEMBER 24 2014.....SUNRISE   709 AM EDT   SUNSET   713 PM EDT


-  INDICATES NEGATIVE NUMBERS.
R  INDICATES RECORD WAS SET OR TIED.
MM INDICATES DATA IS MISSING.
T  INDICATES TRACE AMOUNT.




$$
