000
CDUS41 KRLX 280721
CLIEKN


CLIMATE REPORT
NATIONAL WEATHER SERVICE CHARLESTON WV
320 AM EDT THU MAY 28 2015


...................................

...THE ELKINS WV CLIMATE SUMMARY FOR MAY 27 2015...

CLIMATE NORMAL PERIOD 1981 TO 2010
CLIMATE RECORD PERIOD 1899 TO 2015


WEATHER ITEM   OBSERVED TIME   RECORD YEAR NORMAL DEPARTURE LAST
                VALUE   (LST)  VALUE       VALUE  FROM      YEAR
                                                  NORMAL
..................................................................
TEMPERATURE (F)
 YESTERDAY
  MAXIMUM         82    439 PM  89    2012  73      9       82
  MINIMUM         59   1127 PM  30    1983  49     10       57
                                      1949
                                      1925
  AVERAGE         71                        61     10       70

PRECIPITATION (IN)
  YESTERDAY        0.09          2.18 1996   0.17  -0.08     0.33
  MONTH TO DATE    1.52                      4.46  -2.94     3.60
  SINCE JAN 1     21.58                     18.55   3.03    14.99

SNOWFALL (IN)
  YESTERDAY        0.0
  MONTH TO DATE    0.0
  SINCE SEP 1     70.3
  SNOW DEPTH       0

DEGREE DAYS
 HEATING
  YESTERDAY        0                         5     -5        0
  MONTH TO DATE  108                       217   -109      178
  SINCE MAR 1   1304                      1459   -155     1462
  SINCE JUL 1   5935                      5780    155     5985

 COOLING
  YESTERDAY        6                         1      5        5
  MONTH TO DATE   42                        14     28       26
  SINCE MAR 1     45                        17     28       28
  SINCE JAN 1     45                        17     28       28
..................................................................


WIND (MPH)
  HIGHEST WIND SPEED    13   HIGHEST WIND DIRECTION    SW (210)
  HIGHEST GUST SPEED    17   HIGHEST GUST DIRECTION    SW (210)
  AVERAGE WIND SPEED     3.4


SKY COVER
  POSSIBLE SUNSHINE  MM
  AVERAGE SKY COVER 0.5


WEATHER CONDITIONS
 THE FOLLOWING WEATHER WAS RECORDED YESTERDAY.
  RAIN
  LIGHT RAIN
  FOG


RELATIVE HUMIDITY (PERCENT)
 HIGHEST    93          1100 PM
 LOWEST     45           500 PM
 AVERAGE    69

..........................................................


THE ELKINS WV CLIMATE NORMALS FOR TODAY
                         NORMAL    RECORD    YEAR
 MAXIMUM TEMPERATURE (F)   73        88      2012
                                             1914
 MINIMUM TEMPERATURE (F)   49        31      1994


SUNRISE AND SUNSET
MAY 28 2015...........SUNRISE   558 AM EDT   SUNSET   836 PM EDT
MAY 29 2015...........SUNRISE   557 AM EDT   SUNSET   837 PM EDT


-  INDICATES NEGATIVE NUMBERS.
R  INDICATES RECORD WAS SET OR TIED.
MM INDICATES DATA IS MISSING.
T  INDICATES TRACE AMOUNT.




$$
