000
CDUS41 KRLX 022247
CLIEKN


CLIMATE REPORT
NATIONAL WEATHER SERVICE CHARLESTON WV
544 PM EST MON MAR 2 2015


...................................

...THE ELKINS WV CLIMATE SUMMARY FOR MARCH 2 2015...
VALID TODAY AS OF 0500 PM LOCAL TIME.

CLIMATE NORMAL PERIOD 1981 TO 2010
CLIMATE RECORD PERIOD 1899 TO 2015


WEATHER ITEM   OBSERVED TIME   RECORD YEAR NORMAL DEPARTURE LAST
                VALUE   (LST)  VALUE       VALUE  FROM      YEAR
                                                  NORMAL
..................................................................
TEMPERATURE (F)
 TODAY
  MAXIMUM         41    108 AM  74    1972  47     -6       49
  MINIMUM         29   1036 AM -15    1978  24      5       27
  AVERAGE         35                        36     -1       38

PRECIPITATION (IN)
  TODAY            0.17          0.94 1945   0.12   0.05     0.53
  MONTH TO DATE    0.94                      0.24   0.70     0.53
  SINCE MAR 1      0.94                      0.24   0.70     0.53
  SINCE JAN 1      6.66                      6.57   0.09     6.79

DEGREE DAYS
 HEATING
  TODAY           30                        29      1       27
  MONTH TO DATE   63                        59      4       63
  SINCE MAR 1     63                        59      4       63
  SINCE JUL 1   4694                      4380    314     4586

 COOLING
  TODAY            0                         0      0        0
  MONTH TO DATE    0                         0      0        0
  SINCE MAR 1      0                         0      0        0
  SINCE JAN 1      0                         0      0        0
..................................................................


WIND (MPH)
  HIGHEST WIND SPEED    23   HIGHEST WIND DIRECTION    NW (300)
  HIGHEST GUST SPEED    29   HIGHEST GUST DIRECTION    NW (310)
  AVERAGE WIND SPEED    11.9


SKY COVER
  POSSIBLE SUNSHINE  MM
  AVERAGE SKY COVER 0.7


WEATHER CONDITIONS
 THE FOLLOWING WEATHER WAS RECORDED TODAY.
  LIGHT RAIN
  LIGHT SNOW
  FOG
  HAZE


RELATIVE HUMIDITY (PERCENT)
 HIGHEST    96           500 AM
 LOWEST     47           400 PM
 AVERAGE    72

..........................................................


THE ELKINS WV CLIMATE NORMALS FOR TOMORROW
                         NORMAL    RECORD    YEAR
 MAXIMUM TEMPERATURE (F)   47        73      1974
 MINIMUM TEMPERATURE (F)   24       -14      1980


SUNRISE AND SUNSET
MARCH  2 2015.........SUNRISE   651 AM EST   SUNSET   613 PM EST
MARCH  3 2015.........SUNRISE   649 AM EST   SUNSET   614 PM EST


-  INDICATES NEGATIVE NUMBERS.
R  INDICATES RECORD WAS SET OR TIED.
MM INDICATES DATA IS MISSING.
T  INDICATES TRACE AMOUNT.




$$
