473
CDUS41 KRLX 252123
CLIEKN


CLIMATE REPORT
NATIONAL WEATHER SERVICE CHARLESTON WV
523 PM EDT MON JUL 25 2016


...................................

...THE ELKINS WV CLIMATE SUMMARY FOR JULY 25 2016...
VALID TODAY AS OF 0500 PM LOCAL TIME.

CLIMATE NORMAL PERIOD 1981 TO 2010
CLIMATE RECORD PERIOD 1899 TO 2016


WEATHER ITEM   OBSERVED TIME   RECORD YEAR NORMAL DEPARTURE LAST
                VALUE   (LST)  VALUE       VALUE  FROM      YEAR
                                                  NORMAL
..................................................................
TEMPERATURE (F)
 TODAY
  MAXIMUM         92    240 PM  94    1934  81     11       84
  MINIMUM         68    305 AM  46    1947  59      9       54
  AVERAGE         80                        70     10       69

PRECIPITATION (IN)
  TODAY            T             1.62 1959   0.16  -0.16     0.00
  MONTH TO DATE    3.28                      4.39  -1.11     4.54
  SINCE JUN 1      8.34                      8.79  -0.45    13.06
  SINCE JAN 1     25.78                     28.00  -2.22    34.91

DEGREE DAYS
 HEATING
  TODAY            0                         0      0        0
  MONTH TO DATE    0                         8     -8        0
  SINCE JUN 1     28                        63    -35       21
  SINCE JUL 1      0                         8     -8        0

 COOLING
  TODAY           15                         5     10        4
  MONTH TO DATE  190                       127     63      149
  SINCE JUN 1    311                       219     92      302
  SINCE JAN 1    340                       242     98      367
..................................................................


WIND (MPH)
  HIGHEST WIND SPEED    16   HIGHEST WIND DIRECTION    NW (300)
  HIGHEST GUST SPEED    22   HIGHEST GUST DIRECTION    NW (300)
  AVERAGE WIND SPEED     2.5


SKY COVER
  POSSIBLE SUNSHINE  MM
  AVERAGE SKY COVER 0.2


WEATHER CONDITIONS
 THE FOLLOWING WEATHER WAS RECORDED TODAY.
  LIGHT RAIN
  FOG
  HAZE


RELATIVE HUMIDITY (PERCENT)
 HIGHEST    90          1200 AM
 LOWEST     47           100 PM
 AVERAGE    69

..........................................................


THE ELKINS WV CLIMATE NORMALS FOR TOMORROW
                         NORMAL    RECORD    YEAR
 MAXIMUM TEMPERATURE (F)   81        96      1934
 MINIMUM TEMPERATURE (F)   59        43      1920


SUNRISE AND SUNSET
JULY 25 2016..........SUNRISE   615 AM EDT   SUNSET   837 PM EDT
JULY 26 2016..........SUNRISE   616 AM EDT   SUNSET   836 PM EDT


-  INDICATES NEGATIVE NUMBERS.
R  INDICATES RECORD WAS SET OR TIED.
MM INDICATES DATA IS MISSING.
T  INDICATES TRACE AMOUNT.




$$
