000
CDUS41 KRLX 050718
CLIEKN


CLIMATE REPORT
NATIONAL WEATHER SERVICE CHARLESTON WV
317 AM EDT SAT SEP 5 2015


...................................

...THE ELKINS WV CLIMATE SUMMARY FOR SEPTEMBER 4 2015...

CLIMATE NORMAL PERIOD 1981 TO 2010
CLIMATE RECORD PERIOD 1899 TO 2015


WEATHER ITEM   OBSERVED TIME   RECORD YEAR NORMAL DEPARTURE LAST
                VALUE   (LST)  VALUE       VALUE  FROM      YEAR
                                                  NORMAL
..................................................................
TEMPERATURE (F)
 YESTERDAY
  MAXIMUM         84    344 PM  91    1953  78      6       86
  MINIMUM         62    230 AM  36    1997  55      7       57
  AVERAGE         73                        66      7       72

PRECIPITATION (IN)
  YESTERDAY        T             2.24 1988   0.13  -0.13     0.61
  MONTH TO DATE    T                         0.51  -0.51     0.67
  SINCE JAN 1     37.45                     33.32   4.13    28.90

SNOWFALL (IN)
  YESTERDAY        0.0
  MONTH TO DATE    0.0
  SINCE SEP 1      0.0
  SNOW DEPTH       0

DEGREE DAYS
 HEATING
  YESTERDAY        0                         2     -2        0
  MONTH TO DATE    0                         6     -6        0
  SINCE SEP 1      0                         6     -6        0
  SINCE JUL 1     11                        36    -25       51

 COOLING
  YESTERDAY        8                         3      5        7
  MONTH TO DATE   29                        12     17       35
  SINCE SEP 1     29                        12     17       35
  SINCE JAN 1    570                       438    132      473
..................................................................


WIND (MPH)
  HIGHEST WIND SPEED    10   HIGHEST WIND DIRECTION    NW (320)
  HIGHEST GUST SPEED    14   HIGHEST GUST DIRECTION    NW (330)
  AVERAGE WIND SPEED     1.7


SKY COVER
  POSSIBLE SUNSHINE  MM
  AVERAGE SKY COVER 0.4


WEATHER CONDITIONS
 THE FOLLOWING WEATHER WAS RECORDED YESTERDAY.
  FOG
  FOG W/VISIBILITY <= 1/4 MILE
  HAZE


RELATIVE HUMIDITY (PERCENT)
 HIGHEST   100           200 AM
 LOWEST     51           100 PM
 AVERAGE    76

..........................................................


THE ELKINS WV CLIMATE NORMALS FOR TODAY
                         NORMAL    RECORD    YEAR
 MAXIMUM TEMPERATURE (F)   77        92      1954
 MINIMUM TEMPERATURE (F)   55        37      1997


SUNRISE AND SUNSET
SEPTEMBER  5 2015.....SUNRISE   652 AM EDT   SUNSET   744 PM EDT
SEPTEMBER  6 2015.....SUNRISE   653 AM EDT   SUNSET   742 PM EDT


-  INDICATES NEGATIVE NUMBERS.
R  INDICATES RECORD WAS SET OR TIED.
MM INDICATES DATA IS MISSING.
T  INDICATES TRACE AMOUNT.




$$
