000
CDUS41 KRLX 242233
CLIEKN


CLIMATE REPORT
NATIONAL WEATHER SERVICE CHARLESTON WV
533 PM EST FRI NOV 24 2017


...................................

...THE ELKINS WV CLIMATE SUMMARY FOR NOVEMBER 24 2017...
VALID TODAY AS OF 0500 PM LOCAL TIME.

CLIMATE NORMAL PERIOD 1981 TO 2010
CLIMATE RECORD PERIOD 1899 TO 2017


WEATHER ITEM   OBSERVED TIME   RECORD YEAR NORMAL DEPARTURE LAST
                VALUE   (LST)  VALUE       VALUE  FROM      YEAR
                                                  NORMAL
..................................................................
TEMPERATURE (F)
 TODAY
  MAXIMUM         62    256 PM  71    1973  50     12       51
  MINIMUM         19    720 AM   3    1956  29    -10       32
  AVERAGE         41                        39      2       42

PRECIPITATION (IN)
  TODAY            0.00          1.25 1980   0.11  -0.11     0.06
  MONTH TO DATE    2.57                      2.67  -0.10     1.23
  SINCE SEP 1      9.14                      9.15  -0.01     9.03
  SINCE JAN 1     43.58                     41.96   1.62    39.03

DEGREE DAYS
 HEATING
  TODAY           24                        26     -2       23
  MONTH TO DATE  517                       532    -15      509
  SINCE SEP 1    920                      1093   -173      812
  SINCE JUL 1    942                      1123   -181      812

 COOLING
  TODAY            0                         0      0        0
  MONTH TO DATE    0                         0      0        0
  SINCE SEP 1     82                        49     33      120
  SINCE JAN 1    544                       475     69      809
..................................................................


WIND (MPH)
  HIGHEST WIND SPEED     7   HIGHEST WIND DIRECTION    NW (300)
  HIGHEST GUST SPEED    10   HIGHEST GUST DIRECTION    NW (300)
  AVERAGE WIND SPEED     0.6


SKY COVER
  POSSIBLE SUNSHINE  MM
  AVERAGE SKY COVER 0.0


WEATHER CONDITIONS
 THE FOLLOWING WEATHER WAS RECORDED TODAY.
  NO SIGNIFICANT WEATHER WAS OBSERVED.


RELATIVE HUMIDITY (PERCENT)
 HIGHEST    92           800 AM
 LOWEST     16           100 PM
 AVERAGE    54

..........................................................


THE ELKINS WV CLIMATE NORMALS FOR TOMORROW
                         NORMAL    RECORD    YEAR
 MAXIMUM TEMPERATURE (F)   49        74      1908
 MINIMUM TEMPERATURE (F)   28         4      1950


SUNRISE AND SUNSET
NOVEMBER 24 2017......SUNRISE   712 AM EST   SUNSET   500 PM EST
NOVEMBER 25 2017......SUNRISE   713 AM EST   SUNSET   500 PM EST


-  INDICATES NEGATIVE NUMBERS.
R  INDICATES RECORD WAS SET OR TIED.
MM INDICATES DATA IS MISSING.
T  INDICATES TRACE AMOUNT.




$$
