000
CDUS41 KRLX 250735
CLIEKN


CLIMATE REPORT
NATIONAL WEATHER SERVICE CHARLESTON WV
335 AM EDT TUE JUL 25 2017


...................................

...THE ELKINS WV CLIMATE SUMMARY FOR JULY 24 2017...

CLIMATE NORMAL PERIOD 1981 TO 2010
CLIMATE RECORD PERIOD 1899 TO 2017


WEATHER ITEM   OBSERVED TIME   RECORD YEAR NORMAL DEPARTURE LAST
                VALUE   (LST)  VALUE       VALUE  FROM      YEAR
                                                  NORMAL
..................................................................
TEMPERATURE (F)
 YESTERDAY
  MAXIMUM         82    152 PM  95    1934  81      1       91
  MINIMUM         65    403 AM  39    1947  59      6       64
  AVERAGE         74                        70      4       78

PRECIPITATION (IN)
  YESTERDAY        0.10          3.97 1912   0.16  -0.06     0.00
  MONTH TO DATE    3.70                      4.23  -0.53     3.28
  SINCE JAN 1     28.10                     27.84   0.26    25.78

SNOWFALL (IN)
  YESTERDAY        0.0
  MONTH TO DATE    0.0
  SINCE SEP 1     44.5
  SNOW DEPTH       0

DEGREE DAYS
 HEATING
  YESTERDAY        0                         0      0        0
  MONTH TO DATE    0                         8     -8        0
  SINCE JUN 1     58                        63     -5       28
  SINCE JUL 1      0                         8     -8        0

 COOLING
  YESTERDAY        9                         5      4       13
  MONTH TO DATE  180                       122     58      175
  SINCE JUN 1    286                       214     72      296
  SINCE JAN 1    330                       237     93      325
..................................................................


WIND (MPH)
  HIGHEST WIND SPEED    22   HIGHEST WIND DIRECTION    NW (300)
  HIGHEST GUST SPEED    28   HIGHEST GUST DIRECTION    NW (300)
  AVERAGE WIND SPEED     4.5


SKY COVER
  POSSIBLE SUNSHINE  MM
  AVERAGE SKY COVER 0.7


WEATHER CONDITIONS
 THE FOLLOWING WEATHER WAS RECORDED YESTERDAY.
  RAIN
  LIGHT RAIN
  FOG
  HAZE


RELATIVE HUMIDITY (PERCENT)
 HIGHEST    93           300 AM
 LOWEST     51           200 PM
 AVERAGE    72

..........................................................


THE ELKINS WV CLIMATE NORMALS FOR TODAY
                         NORMAL    RECORD    YEAR
 MAXIMUM TEMPERATURE (F)   81        94      1934
 MINIMUM TEMPERATURE (F)   59        46      1947


SUNRISE AND SUNSET
JULY 25 2017..........SUNRISE   615 AM EDT   SUNSET   837 PM EDT
JULY 26 2017..........SUNRISE   615 AM EDT   SUNSET   836 PM EDT


-  INDICATES NEGATIVE NUMBERS.
R  INDICATES RECORD WAS SET OR TIED.
MM INDICATES DATA IS MISSING.
T  INDICATES TRACE AMOUNT.




$$
