000
CDUS41 KRLX 012125
CLIEKN


CLIMATE REPORT
NATIONAL WEATHER SERVICE CHARLESTON WV
524 PM EDT WED JUL 1 2015


...................................

...THE ELKINS WV CLIMATE SUMMARY FOR JULY 1 2015...
VALID TODAY AS OF 0500 PM LOCAL TIME.

CLIMATE NORMAL PERIOD 1981 TO 2010
CLIMATE RECORD PERIOD 1899 TO 2015


WEATHER ITEM   OBSERVED TIME   RECORD YEAR NORMAL DEPARTURE LAST
                VALUE   (LST)  VALUE       VALUE  FROM      YEAR
                                                  NORMAL
..................................................................
TEMPERATURE (F)
 TODAY
  MAXIMUM         76    359 PM  94    1913  81     -5       87
  MINIMUM         58    246 AM  32    1988  58      0       63
  AVERAGE         67                        69     -2       75

PRECIPITATION (IN)
  TODAY            T             1.23 1936   0.18  -0.18     0.00
  MONTH TO DATE    T                         0.18  -0.18     0.00
  SINCE JUN 1      8.52                      4.58   3.94     4.52
  SINCE JAN 1     30.37                     23.79   6.58    19.86

DEGREE DAYS
 HEATING
  TODAY            0                         1     -1        0
  MONTH TO DATE    0                         1     -1        0
  SINCE JUN 1     21                        56    -35       14
  SINCE JUL 1      0                         1     -1        0

 COOLING
  TODAY            2                         5     -3       10
  MONTH TO DATE    2                         5     -3       10
  SINCE JUN 1    155                        97     58      155
  SINCE JAN 1    220                       120    100      191
..................................................................


WIND (MPH)
  HIGHEST WIND SPEED    14   HIGHEST WIND DIRECTION     W (250)
  HIGHEST GUST SPEED    20   HIGHEST GUST DIRECTION     W (250)
  AVERAGE WIND SPEED     5.0


SKY COVER
  POSSIBLE SUNSHINE  MM
  AVERAGE SKY COVER 0.7


WEATHER CONDITIONS
 THE FOLLOWING WEATHER WAS RECORDED TODAY.
  FOG


RELATIVE HUMIDITY (PERCENT)
 HIGHEST    93           100 AM
 LOWEST     54           300 PM
 AVERAGE    74

..........................................................


THE ELKINS WV CLIMATE NORMALS FOR TOMORROW
                         NORMAL    RECORD    YEAR
 MAXIMUM TEMPERATURE (F)   81        93      1966
                                             1931
 MINIMUM TEMPERATURE (F)   58        34      1988


SUNRISE AND SUNSET
JULY  1 2015..........SUNRISE   558 AM EDT   SUNSET   849 PM EDT
JULY  2 2015..........SUNRISE   558 AM EDT   SUNSET   848 PM EDT


-  INDICATES NEGATIVE NUMBERS.
R  INDICATES RECORD WAS SET OR TIED.
MM INDICATES DATA IS MISSING.
T  INDICATES TRACE AMOUNT.




$$
