000
CDUS41 KRLX 222121
CLIEKN


CLIMATE REPORT
NATIONAL WEATHER SERVICE CHARLESTON WV
516 PM EDT TUE JUL 22 2014


...................................

...THE ELKINS WV CLIMATE SUMMARY FOR JULY 22 2014...
VALID TODAY AS OF 0500 PM LOCAL TIME.

CLIMATE NORMAL PERIOD 1981 TO 2010
CLIMATE RECORD PERIOD 1899 TO 2014


WEATHER ITEM   OBSERVED TIME   RECORD YEAR NORMAL DEPARTURE LAST
                VALUE   (LST)  VALUE       VALUE  FROM      YEAR
                                                  NORMAL
..................................................................
TEMPERATURE (F)
 TODAY
  MAXIMUM         87    334 PM  94    1926  81      6       83
  MINIMUM         64    622 AM  41    1966  59      5       66
  AVERAGE         76                        70      6       75

PRECIPITATION (IN)
  TODAY            0.00          1.34 1923   0.18  -0.18     1.00
  MONTH TO DATE    3.17                      3.90  -0.73     3.44
  SINCE JUN 1      7.69                      8.30  -0.61     7.61
  SINCE JAN 1     23.03                     27.51  -4.48    24.00

DEGREE DAYS
 HEATING
  TODAY            0                         0      0        0
  MONTH TO DATE   17                         8      9        0
  SINCE JUN 1     31                        63    -32       12
  SINCE JUL 1     17                         8      9        0

 COOLING
  TODAY           11                         5      6       10
  MONTH TO DATE  114                       112      2      195
  SINCE JUN 1    259                       204     55      292
  SINCE JAN 1    295                       227     68      317
..................................................................


WIND (MPH)
  HIGHEST WIND SPEED    10   HIGHEST WIND DIRECTION    NW (320)
  HIGHEST GUST SPEED    14   HIGHEST GUST DIRECTION    NW (320)
  AVERAGE WIND SPEED     1.9


SKY COVER
  POSSIBLE SUNSHINE  MM
  AVERAGE SKY COVER 0.4


WEATHER CONDITIONS
 THE FOLLOWING WEATHER WAS RECORDED TODAY.
  FOG
  FOG W/VISIBILITY <= 1/4 MILE


RELATIVE HUMIDITY (PERCENT)
 HIGHEST    93          1200 AM
 LOWEST     51           100 PM
 AVERAGE    72

..........................................................


THE ELKINS WV CLIMATE NORMALS FOR TOMORROW
                         NORMAL    RECORD    YEAR
 MAXIMUM TEMPERATURE (F)   81        94      1987
 MINIMUM TEMPERATURE (F)   59        41      1947


SUNRISE AND SUNSET
JULY 22 2014..........SUNRISE   612 AM EDT   SUNSET   839 PM EDT
JULY 23 2014..........SUNRISE   613 AM EDT   SUNSET   839 PM EDT


-  INDICATES NEGATIVE NUMBERS.
R  INDICATES RECORD WAS SET OR TIED.
MM INDICATES DATA IS MISSING.
T  INDICATES TRACE AMOUNT.




$$
