000
CDUS45 KLKN 260934
CLIEKO


CLIMATE REPORT
NATIONAL WEATHER SERVICE ELKO NV
230 AM PDT FRI AUG 26 2016


...................................

...THE ELKO AIRPORT NV CLIMATE SUMMARY FOR AUGUST 25 2016...

CLIMATE NORMAL PERIOD 1981 TO 2010
CLIMATE RECORD PERIOD 1888 TO 2016


WEATHER ITEM   OBSERVED TIME   RECORD YEAR NORMAL DEPARTURE LAST
                VALUE   (LST)  VALUE       VALUE  FROM      YEAR
                                                  NORMAL
..................................................................
TEMPERATURE (F)
 YESTERDAY
  MAXIMUM         83    409 PM  98    2011  86     -3       96
                                      1919
  MINIMUM         47   1235 AM  24    1992  46      1       52
  AVERAGE         65                        66     -1       74

PRECIPITATION (IN)
  YESTERDAY        0.00          0.30 1904   0.02  -0.02     0.00
  MONTH TO DATE    T                         0.30  -0.30     0.61
  SINCE OCT 1     12.18                      9.27   2.91     8.98
  SINCE JAN 1      7.64                      6.21   1.43     6.74

SNOWFALL (IN)
  YESTERDAY        0.0           0.0  1888   0.0    0.0      0.0
  MONTH TO DATE    0.0                       0.0    0.0      0.0
  SINCE JUN 1      T                         0.0    0.0      0.0
  SINCE JUL 1      0.0                       0.0    0.0      0.0
  SNOW DEPTH       0

DEGREE DAYS
 HEATING
  YESTERDAY        0                         2     -2        0
  MONTH TO DATE    1                        18    -17        1
  SINCE JUN 1     40                       168   -128       34
  SINCE JUL 1     10                        37    -27       10

 COOLING
  YESTERDAY        0                         3     -3        9
  MONTH TO DATE  154                       117     37      177
  SINCE JUN 1    519                       344    175      543
  SINCE JAN 1    519                       348    171      550
..................................................................


WIND (MPH)
  HIGHEST WIND SPEED    20   HIGHEST WIND DIRECTION     W (260)
  HIGHEST GUST SPEED    33   HIGHEST GUST DIRECTION     W (250)
  AVERAGE WIND SPEED     4.9



WEATHER CONDITIONS
 THE FOLLOWING WEATHER WAS RECORDED YESTERDAY.
  NO SIGNIFICANT WEATHER WAS OBSERVED.


RELATIVE HUMIDITY (PERCENT)
 HIGHEST    42           600 AM
 LOWEST      7           300 PM
 AVERAGE    25

..........................................................


THE ELKO AIRPORT NV CLIMATE NORMALS FOR TODAY
                         NORMAL    RECORD    YEAR
 MAXIMUM TEMPERATURE (F)   86        99      1924
 MINIMUM TEMPERATURE (F)   46        20      1992


SUNRISE AND SUNSET
AUGUST 26 2016........SUNRISE   605 AM PDT   SUNSET   724 PM PDT
AUGUST 27 2016........SUNRISE   606 AM PDT   SUNSET   722 PM PDT


-  INDICATES NEGATIVE NUMBERS.
R  INDICATES RECORD WAS SET OR TIED.
MM INDICATES DATA IS MISSING.
T  INDICATES TRACE AMOUNT.




$$
