496
CDUS45 KLKN 250930
CLIEKO


CLIMATE REPORT
NATIONAL WEATHER SERVICE ELKO NV
227 AM PDT SUN JUN 25 2017


...................................

...THE ELKO AIRPORT NV CLIMATE SUMMARY FOR JUNE 24 2017...

CLIMATE NORMAL PERIOD 1981 TO 2010
CLIMATE RECORD PERIOD 1888 TO 2017


WEATHER ITEM   OBSERVED TIME   RECORD YEAR NORMAL DEPARTURE LAST
                VALUE   (LST)  VALUE       VALUE  FROM      YEAR
                                                  NORMAL
..................................................................
TEMPERATURE (F)
 YESTERDAY
  MAXIMUM         92    443 PM 104    1981  84      8       84
  MINIMUM         47    438 AM  30    1946  46      1       53
                                      1888
  AVERAGE         70                        65      5       69

PRECIPITATION (IN)
  YESTERDAY        0.00          0.20 1952   0.01  -0.01     0.00
  MONTH TO DATE    0.61                      0.57   0.04     0.82
  SINCE OCT 1     13.46                      8.52   4.94    12.13
  SINCE JAN 1      7.83                      5.46   2.37     7.59

SNOWFALL (IN)
  YESTERDAY        0.0           T    1952   0.0    0.0      0.0
  MONTH TO DATE    T                         0.0    0.0       T
  SINCE JUN 1      T                         0.0    0.0       T
  SINCE JUL 1     53.3                      41.3   12.0     63.8
  SNOW DEPTH       0

DEGREE DAYS
 HEATING
  YESTERDAY        0                         2     -2        0
  MONTH TO DATE   62                       120    -58       29
  SINCE JUN 1     62                       120    -58       29
  SINCE JUL 1   6296                      7055   -759     6517

 COOLING
  YESTERDAY        5                         2      3        4
  MONTH TO DATE   85                        30     55       76
  SINCE JUN 1     85                        30     55       76
  SINCE JAN 1     89                        34     55       76
..................................................................


WIND (MPH)
  HIGHEST WIND SPEED    12   HIGHEST WIND DIRECTION    NE (40)
  HIGHEST GUST SPEED    16   HIGHEST GUST DIRECTION     E (70)
  AVERAGE WIND SPEED     4.0



WEATHER CONDITIONS
 THE FOLLOWING WEATHER WAS RECORDED YESTERDAY.
  NO SIGNIFICANT WEATHER WAS OBSERVED.


RELATIVE HUMIDITY (PERCENT)
 HIGHEST    65           400 AM
 LOWEST      7           400 PM
 AVERAGE    36

..........................................................


THE ELKO AIRPORT NV CLIMATE NORMALS FOR TODAY
                         NORMAL    RECORD    YEAR
 MAXIMUM TEMPERATURE (F)   84       102      1981
 MINIMUM TEMPERATURE (F)   47        27      1950


SUNRISE AND SUNSET
JUNE 25 2017..........SUNRISE   513 AM PDT   SUNSET   819 PM PDT
JUNE 26 2017..........SUNRISE   513 AM PDT   SUNSET   819 PM PDT


-  INDICATES NEGATIVE NUMBERS.
R  INDICATES RECORD WAS SET OR TIED.
MM INDICATES DATA IS MISSING.
T  INDICATES TRACE AMOUNT.




$$
