000
CDUS45 KLKN 210927
CLIEKO


CLIMATE REPORT
NATIONAL WEATHER SERVICE ELKO NV
226 AM PDT THU AUG 21 2014


...................................

...THE ELKO AIRPORT NV CLIMATE SUMMARY FOR AUGUST 20 2014...

CLIMATE NORMAL PERIOD 1981 TO 2010
CLIMATE RECORD PERIOD 1888 TO 2014


WEATHER ITEM   OBSERVED TIME   RECORD YEAR NORMAL DEPARTURE LAST
                VALUE   (LST)  VALUE       VALUE  FROM      YEAR
                                                  NORMAL
..................................................................
TEMPERATURE (F)
 YESTERDAY
  MAXIMUM         86   1220 PM 100    1919  88     -2       93
  MINIMUM         54    555 AM  31    1916  47      7       61
  AVERAGE         70                        68      2       77

PRECIPITATION (IN)
  YESTERDAY        T             0.99 1968   0.01  -0.01     0.13
  MONTH TO DATE    1.14                      0.24   0.90     0.14
  SINCE OCT 1      9.15                      9.21  -0.06     6.28
  SINCE JAN 1      7.54                      6.15   1.39     3.45

SNOWFALL (IN)
  YESTERDAY        0.0           0.0  1888   0.0    0.0      0.0
  MONTH TO DATE    0.0                       0.0    0.0      0.0
  SINCE JUN 1      0.0                       0.0    0.0      0.0
  SINCE JUL 1      0.0                       0.0    0.0      0.0
  SNOW DEPTH       0

DEGREE DAYS
 HEATING
  YESTERDAY        0                         1     -1        0
  MONTH TO DATE    1                        12    -11        0
  SINCE JUN 1     93                       162    -69       63
  SINCE JUL 1      1                        31    -30        0

 COOLING
  YESTERDAY        5                         4      1       12
  MONTH TO DATE  110                       101      9      139
  SINCE JUN 1    483                       328    155      635
  SINCE JAN 1    486                       332    154      639
..................................................................


WIND (MPH)
  HIGHEST WIND SPEED    31   HIGHEST WIND DIRECTION    SW (220)
  HIGHEST GUST SPEED    42   HIGHEST GUST DIRECTION    SW (220)
  AVERAGE WIND SPEED     8.1



WEATHER CONDITIONS
 THE FOLLOWING WEATHER WAS RECORDED YESTERDAY.
  HAZE


RELATIVE HUMIDITY (PERCENT)
 HIGHEST    83           500 AM
 LOWEST     17          1200 PM
 AVERAGE    50

..........................................................


THE ELKO AIRPORT NV CLIMATE NORMALS FOR TODAY
                         NORMAL    RECORD    YEAR
 MAXIMUM TEMPERATURE (F)   88       102      1917
                                             1913
 MINIMUM TEMPERATURE (F)   47        32      1916
                                             1911


SUNRISE AND SUNSET
AUGUST 21 2014........SUNRISE   559 AM PDT   SUNSET   732 PM PDT
AUGUST 22 2014........SUNRISE   600 AM PDT   SUNSET   731 PM PDT


-  INDICATES NEGATIVE NUMBERS.
R  INDICATES RECORD WAS SET OR TIED.
MM INDICATES DATA IS MISSING.
T  INDICATES TRACE AMOUNT.




$$
