000
CDUS45 KLKN 250926
CLIEKO


CLIMATE REPORT
NATIONAL WEATHER SERVICE ELKO NV
226 AM PDT SUN SEP 25 2016


...................................

...THE ELKO AIRPORT NV CLIMATE SUMMARY FOR SEPTEMBER 24 2016...

CLIMATE NORMAL PERIOD 1981 TO 2010
CLIMATE RECORD PERIOD 1888 TO 2016


WEATHER ITEM   OBSERVED TIME   RECORD YEAR NORMAL DEPARTURE LAST
                VALUE   (LST)  VALUE       VALUE  FROM      YEAR
                                                  NORMAL
..................................................................
TEMPERATURE (F)
 YESTERDAY
  MAXIMUM         69    244 PM  90    2015  75     -6       90
  MINIMUM         41   1159 PM   9    1891  36      5       39
  AVERAGE         55                        55      0       65

PRECIPITATION (IN)
  YESTERDAY        0.00          0.54 1904   0.02  -0.02     0.00
  MONTH TO DATE    1.08                      0.44   0.64     0.23
  SINCE OCT 1     13.26                      9.78   3.48     9.23
  SINCE JAN 1      8.72                      6.72   2.00     6.99

SNOWFALL (IN)
  YESTERDAY        0.0           0.2  1948   0.1   -0.1      0.0
  MONTH TO DATE    0.0                       0.1   -0.1      0.0
  SINCE SEP 1      0.0                       0.1   -0.1      0.0
  SINCE JUL 1      0.0                       0.1   -0.1      0.0
  SNOW DEPTH       0

DEGREE DAYS
 HEATING
  YESTERDAY       10                        10      0        0
  MONTH TO DATE  145                       141      4      102
  SINCE SEP 1    145                       141      4      102
  SINCE JUL 1    158                       192    -34      113

 COOLING
  YESTERDAY        0                         0      0        0
  MONTH TO DATE   11                        20     -9       29
  SINCE SEP 1     11                        20     -9       29
  SINCE JAN 1    555                       382    173      614
..................................................................


WIND (MPH)
  HIGHEST WIND SPEED    16   HIGHEST WIND DIRECTION     N (340)
  HIGHEST GUST SPEED    19   HIGHEST GUST DIRECTION    NW (330)
  AVERAGE WIND SPEED     5.8



WEATHER CONDITIONS
 THE FOLLOWING WEATHER WAS RECORDED YESTERDAY.
  NO SIGNIFICANT WEATHER WAS OBSERVED.


RELATIVE HUMIDITY (PERCENT)
 HIGHEST    70           600 AM
 LOWEST     17           400 PM
 AVERAGE    44

..........................................................


THE ELKO AIRPORT NV CLIMATE NORMALS FOR TODAY
                         NORMAL    RECORD    YEAR
 MAXIMUM TEMPERATURE (F)   75        92      2015
 MINIMUM TEMPERATURE (F)   36        12      1891


SUNRISE AND SUNSET
SEPTEMBER 25 2016.....SUNRISE   634 AM PDT   SUNSET   634 PM PDT
SEPTEMBER 26 2016.....SUNRISE   635 AM PDT   SUNSET   633 PM PDT


-  INDICATES NEGATIVE NUMBERS.
R  INDICATES RECORD WAS SET OR TIED.
MM INDICATES DATA IS MISSING.
T  INDICATES TRACE AMOUNT.




$$
