000
CDUS45 KLKN 230930
CLIEKO


CLIMATE REPORT
NATIONAL WEATHER SERVICE ELKO NV
227 AM PDT WED AUG 23 2017


...................................

...THE ELKO AIRPORT NV CLIMATE SUMMARY FOR AUGUST 22 2017...

CLIMATE NORMAL PERIOD 1981 TO 2010
CLIMATE RECORD PERIOD 1888 TO 2017


WEATHER ITEM   OBSERVED TIME   RECORD YEAR NORMAL DEPARTURE LAST
                VALUE   (LST)  VALUE       VALUE  FROM      YEAR
                                                  NORMAL
..................................................................
TEMPERATURE (F)
 YESTERDAY
  MAXIMUM         88    219 PM 101    1919  87      1       91
  MINIMUM         56    457 AM  30    1899  47      9       48
                                      1898
  AVERAGE         72                        67      5       70

PRECIPITATION (IN)
  YESTERDAY        T             0.42 1976   0.01  -0.01     0.00
  MONTH TO DATE    0.15                      0.26  -0.11      T
  SINCE OCT 1     13.63                      9.23   4.40    12.18
  SINCE JAN 1      8.00                      6.17   1.83     7.64

SNOWFALL (IN)
  YESTERDAY        0.0           0.0  1888   0.0    0.0      0.0
  MONTH TO DATE    0.0                       0.0    0.0      0.0
  SINCE JUN 1      T                         0.0    0.0       T
  SINCE JUL 1      0.0                       0.0    0.0      0.0
  SNOW DEPTH       0

DEGREE DAYS
 HEATING
  YESTERDAY        0                         1     -1        0
  MONTH TO DATE    4                        14    -10        0
  SINCE JUN 1     66                       164    -98       39
  SINCE JUL 1      4                        33    -29        9

 COOLING
  YESTERDAY        7                         3      4        5
  MONTH TO DATE  154                       108     46      149
  SINCE JUN 1    610                       335    275      514
  SINCE JAN 1    614                       339    275      514
..................................................................


WIND (MPH)
  HIGHEST WIND SPEED    25   HIGHEST WIND DIRECTION     E (110)
  HIGHEST GUST SPEED    36   HIGHEST GUST DIRECTION     E (100)
  AVERAGE WIND SPEED     6.8



WEATHER CONDITIONS
 THE FOLLOWING WEATHER WAS RECORDED YESTERDAY.
  THUNDERSTORM
  LIGHT RAIN


RELATIVE HUMIDITY (PERCENT)
 HIGHEST    65          1100 PM
 LOWEST     19           100 PM
 AVERAGE    42

..........................................................


THE ELKO AIRPORT NV CLIMATE NORMALS FOR TODAY
                         NORMAL    RECORD    YEAR
 MAXIMUM TEMPERATURE (F)   87       100      1967
                                             1919
 MINIMUM TEMPERATURE (F)   47        25      1960


SUNRISE AND SUNSET
AUGUST 23 2017........SUNRISE   601 AM PDT   SUNSET   729 PM PDT
AUGUST 24 2017........SUNRISE   602 AM PDT   SUNSET   728 PM PDT


-  INDICATES NEGATIVE NUMBERS.
R  INDICATES RECORD WAS SET OR TIED.
MM INDICATES DATA IS MISSING.
T  INDICATES TRACE AMOUNT.




$$
