000
CDUS45 KLKN 040932
CLIEKO


CLIMATE REPORT
NATIONAL WEATHER SERVICE ELKO NV
232 AM PDT WED MAY 4 2016


...................................

...THE ELKO AIRPORT NV CLIMATE SUMMARY FOR MAY 3 2016...

CLIMATE NORMAL PERIOD 1981 TO 2010
CLIMATE RECORD PERIOD 1888 TO 2016


WEATHER ITEM   OBSERVED TIME   RECORD YEAR NORMAL DEPARTURE LAST
                VALUE   (LST)  VALUE       VALUE  FROM      YEAR
                                                  NORMAL
..................................................................
TEMPERATURE (F)
 YESTERDAY
  MAXIMUM         72    331 PM  87    1947  65      7       78
  MINIMUM         38    238 AM  11    1964  35      3       43
  AVERAGE         55                        50      5       61

PRECIPITATION (IN)
  YESTERDAY        0.00          0.50 1895   0.03  -0.03      T
  MONTH TO DATE    0.00                      0.10  -0.10      T
  SINCE OCT 1      9.82                      7.09   2.73     3.62
  SINCE JAN 1      5.28                      4.03   1.25     1.38

SNOWFALL (IN)
  YESTERDAY        0.0           3.7  1975   0.0    0.0      0.0
  MONTH TO DATE    0.0                       0.1   -0.1      0.0
  SINCE MAR 1      7.5                       8.4   -0.9      2.9
  SINCE JUL 1     63.8                      40.9   22.9     12.3
  SNOW DEPTH       0

DEGREE DAYS
 HEATING
  YESTERDAY       10                        15     -5        4
  MONTH TO DATE   38                        47     -9       14
  SINCE MAR 1   1184                      1450   -266     1222
  SINCE JUL 1   6209                      6618   -409     5230

 COOLING
  YESTERDAY        0                         0      0        0
  MONTH TO DATE    0                         0      0        0
  SINCE MAR 1      0                         0      0        0
  SINCE JAN 1      0                         0      0        0
..................................................................


WIND (MPH)
  HIGHEST WIND SPEED    13   HIGHEST WIND DIRECTION     E (100)
  HIGHEST GUST SPEED    16   HIGHEST GUST DIRECTION     E (80)
  AVERAGE WIND SPEED     3.8



WEATHER CONDITIONS
 THE FOLLOWING WEATHER WAS RECORDED YESTERDAY.
  NO SIGNIFICANT WEATHER WAS OBSERVED.


RELATIVE HUMIDITY (PERCENT)
 HIGHEST    85           300 AM
 LOWEST     22           300 PM
 AVERAGE    54

..........................................................


THE ELKO AIRPORT NV CLIMATE NORMALS FOR TODAY
                         NORMAL    RECORD    YEAR
 MAXIMUM TEMPERATURE (F)   65        87      1918
 MINIMUM TEMPERATURE (F)   35        16      1899


SUNRISE AND SUNSET
MAY  4 2016...........SUNRISE   537 AM PDT   SUNSET   743 PM PDT
MAY  5 2016...........SUNRISE   536 AM PDT   SUNSET   744 PM PDT


-  INDICATES NEGATIVE NUMBERS.
R  INDICATES RECORD WAS SET OR TIED.
MM INDICATES DATA IS MISSING.
T  INDICATES TRACE AMOUNT.




$$
